CRAN Package Check Results for Package spd

Last updated on 2015-05-23 09:48:38.

Flavor Version Tinstall Tcheck Ttotal Status Flags
r-devel-linux-x86_64-debian-clang 2.0-0 0.69 13.29 13.98 NOTE
r-devel-linux-x86_64-debian-gcc 2.0-0 0.68 13.52 14.20 NOTE
r-devel-linux-x86_64-fedora-clang 2.0-0 27.04 NOTE
r-devel-linux-x86_64-fedora-gcc 2.0-0 26.75 NOTE
r-devel-osx-x86_64-clang 2.0-0 28.46 NOTE
r-devel-windows-ix86+x86_64 2.0-0 3.00 24.00 27.00 NOTE
r-patched-linux-x86_64 2.0-0 0.73 13.11 13.84 NOTE
r-patched-solaris-sparc 2.0-0 164.30 NOTE
r-patched-solaris-x86 2.0-0 38.20 NOTE
r-release-linux-x86_64 2.0-0 0.86 13.26 14.12 NOTE
r-release-osx-x86_64-mavericks 2.0-0 NOTE
r-release-osx-x86_64-snowleopard 2.0-0 NOTE
r-release-windows-ix86+x86_64 2.0-0 3.00 24.00 27.00 NOTE
r-oldrel-windows-ix86+x86_64 2.0-0 3.00 37.00 40.00 OK

Check Details

Version: 2.0-0
Check: DESCRIPTION meta-information
Result: NOTE
    Malformed Description field: should contain one or more complete sentences.
Flavors: r-devel-linux-x86_64-debian-clang, r-devel-linux-x86_64-debian-gcc, r-devel-linux-x86_64-fedora-clang, r-devel-linux-x86_64-fedora-gcc, r-devel-osx-x86_64-clang, r-devel-windows-ix86+x86_64, r-patched-linux-x86_64, r-patched-solaris-sparc, r-patched-solaris-x86, r-release-linux-x86_64, r-release-osx-x86_64-mavericks, r-release-osx-x86_64-snowleopard, r-release-windows-ix86+x86_64