CRAN Package Check Results for Package spd

Last updated on 2015-07-03 11:47:23.

Flavor Version Tinstall Tcheck Ttotal Status Flags
r-devel-linux-x86_64-debian-clang 2.0-0 0.66 11.66 12.32 NOTE
r-devel-linux-x86_64-debian-gcc 2.0-0 0.66 12.58 13.23 NOTE
r-devel-linux-x86_64-fedora-clang 2.0-1 15.40 OK
r-devel-linux-x86_64-fedora-gcc 2.0-1 14.28 OK
r-devel-osx-x86_64-clang 2.0-1 25.82 OK
r-devel-windows-ix86+x86_64 2.0-0 2.00 21.00 23.00 NOTE
r-patched-linux-x86_64 2.0-0 0.68 12.98 13.67 NOTE
r-patched-solaris-sparc 2.0-1 156.90 OK
r-patched-solaris-x86 2.0-1 33.30 OK
r-release-linux-x86_64 2.0-0 0.76 13.12 13.88 NOTE
r-release-osx-x86_64-mavericks 2.0-0 NOTE
r-release-windows-ix86+x86_64 2.0-0 3.00 23.00 26.00 NOTE
r-oldrel-windows-ix86+x86_64 2.0-0 3.00 25.00 28.00 OK

Check Details

Version: 2.0-0
Check: DESCRIPTION meta-information
Result: NOTE
    Malformed Description field: should contain one or more complete sentences.
Flavors: r-devel-linux-x86_64-debian-clang, r-devel-linux-x86_64-debian-gcc, r-devel-windows-ix86+x86_64, r-patched-linux-x86_64, r-release-linux-x86_64, r-release-osx-x86_64-mavericks, r-release-windows-ix86+x86_64

Version: 2.0-0
Check: R code for possible problems
Result: NOTE
    .dspdgpd: no visible global function definition for ‘uniroot’
    .dspdgpd: no visible global function definition for ‘approx’
    .gpdfit: no visible global function definition for ‘quantile’
    .gpdmleFit: no visible global function definition for ‘var’
    .gpdmleFit: no visible global function definition for ‘optim’
    .multgpdfitPlot: no visible global function definition for ‘menu’
    .multgpdtailsPlot: no visible global function definition for ‘menu’
    .plot.gpdfit.1: no visible global function definition for ‘ppoints’
    .plot.gpdfit.1: no visible global function definition for ‘lines’
    .plot.gpdfit.1: no visible global function definition for ‘mtext’
    .plot.gpdfit.1: no visible global function definition for ‘grid’
    .plot.gpdfit.2: no visible global function definition for ‘ppoints’
    .plot.gpdfit.2: no visible global function definition for ‘lines’
    .plot.gpdfit.2: no visible global function definition for ‘grid’
    .plot.gpdfit.2: no visible global function definition for ‘mtext’
    .plot.gpdfit.3: no visible global function definition for ‘lines’
    .plot.gpdfit.3: no visible global function definition for ‘lowess’
    .plot.gpdfit.3: no visible global function definition for ‘grid’
    .plot.gpdfit.3: no visible global function definition for ‘mtext’
    .plot.gpdfit.4: no visible global function definition for ‘qexp’
    .plot.gpdfit.4: no visible global function definition for ‘ppoints’
    .plot.gpdfit.4: no visible global function definition for ‘abline’
    .plot.gpdfit.4: no visible global function definition for ‘lsfit’
    .plot.gpdfit.4: no visible global function definition for ‘grid’
    .plot.gpdfit.4: no visible global function definition for ‘mtext’
    .plot.gpdtails.1: no visible global function definition for ‘ppoints’
    .plot.gpdtails.1: no visible global function definition for ‘lines’
    .plot.gpdtails.1: no visible global function definition for ‘legend’
    .plot.gpdtails.1: no visible global function definition for ‘mtext’
    .plot.gpdtails.1: no visible global function definition for ‘grid’
    .plot.gpdtails.1: no visible global function definition for ‘box’
    .plot.gpdtails.2: no visible global function definition for ‘density’
    .plot.gpdtails.2: no visible global function definition for ‘lines’
    .plot.gpdtails.2: no visible global function definition for ‘legend’
    .plot.gpdtails.2: no visible global function definition for ‘mtext’
    .plot.gpdtails.2: no visible global function definition for ‘grid’
    .plot.gpdtails.2: no visible global function definition for ‘box’
    .plot.gpdtails.3: no visible global function definition for ‘title’
    .plot.gpdtails.4: no visible global function definition for ‘title’
    .pspdgpd: no visible global function definition for ‘approx’
    .qspdgpd: no visible global function definition for ‘ppoints’
    .qspdgpd: no visible global function definition for ‘approx’
    .rgpd: no visible global function definition for ‘rexp’
    .rgpd: no visible global function definition for ‘runif’
    .rspd: no visible global function definition for ‘runif’
    gpdfit: no visible global function definition for ‘quantile’
    gpdfit,ANY: no visible global function definition for ‘quantile’
    rspd,vector-SPD-logical: no visible global function definition for
     ‘runif’
    rspd,vector-SPD-missing: no visible global function definition for
     ‘runif’
    Undefined global functions or variables:
     abline approx box density grid legend lines lowess lsfit menu mtext
     optim ppoints qexp quantile rexp runif title uniroot var
Flavors: r-devel-linux-x86_64-debian-clang, r-devel-linux-x86_64-debian-gcc, r-devel-windows-ix86+x86_64