CRAN Package Check Results for Package spd

Last updated on 2015-04-26 00:47:36.

Flavor Version Tinstall Tcheck Ttotal Status Flags
r-devel-linux-x86_64-debian-clang 2.0-0 0.75 13.30 14.04 NOTE
r-devel-linux-x86_64-debian-gcc 2.0-0 0.68 13.57 14.25 NOTE
r-devel-linux-x86_64-fedora-clang 2.0-0 28.01 NOTE
r-devel-linux-x86_64-fedora-gcc 2.0-0 25.67 NOTE
r-devel-osx-x86_64-clang 2.0-0 28.75 NOTE
r-devel-windows-ix86+x86_64 2.0-0 3.00 21.00 24.00 NOTE
r-patched-linux-x86_64 2.0-0 0.67 13.11 13.78 NOTE
r-patched-solaris-sparc 2.0-0 177.50 NOTE
r-patched-solaris-x86 2.0-0 38.60 NOTE
r-release-linux-x86_64 2.0-0 0.68 12.87 13.55 NOTE
r-release-osx-x86_64-mavericks 2.0-0 NOTE
r-release-osx-x86_64-snowleopard 2.0-0 NOTE
r-release-windows-ix86+x86_64 2.0-0 2.00 20.00 22.00 NOTE
r-oldrel-windows-ix86+x86_64 2.0-0 2.00 32.00 34.00 OK

Check Details

Version: 2.0-0
Check: DESCRIPTION meta-information
Result: NOTE
    Malformed Description field: should contain one or more complete sentences.
Flavors: r-devel-windows-ix86+x86_64, r-release-windows-ix86+x86_64