CRAN Package Check Results for Package spd

Last updated on 2015-03-31 23:49:45.

Flavor Version Tinstall Tcheck Ttotal Status Flags
r-devel-linux-x86_64-debian-clang 2.0-0 0.88 13.96 14.84 NOTE
r-devel-linux-x86_64-debian-gcc 2.0-0 0.70 12.84 13.54 NOTE
r-devel-linux-x86_64-fedora-clang 2.0-0 26.63 NOTE
r-devel-linux-x86_64-fedora-gcc 2.0-0 26.06 NOTE
r-devel-osx-x86_64-clang 2.0-0 31.39 NOTE
r-prerel-windows-ix86+x86_64 2.0-0 3.00 22.00 25.00 NOTE
r-prerel-linux-x86_64 2.0-0 0.70 12.84 13.53 NOTE
r-prerel-solaris-sparc 2.0-0 177.50 NOTE
r-prerel-solaris-x86 2.0-0 37.50 NOTE
r-release-linux-x86_64 2.0-0 1.11 14.46 15.57 OK
r-release-osx-x86_64-mavericks 2.0-0 OK
r-release-osx-x86_64-snowleopard 2.0-0 OK
r-release-windows-ix86+x86_64 2.0-0 3.00 22.00 25.00 OK
r-oldrel-windows-ix86+x86_64 2.0-0 3.00 23.00 26.00 OK

Check Details

Version: 2.0-0
Check: DESCRIPTION meta-information
Result: NOTE
    Malformed Description field: should contain one or more complete sentences.
Flavors: r-devel-linux-x86_64-debian-clang, r-devel-linux-x86_64-debian-gcc, r-devel-linux-x86_64-fedora-clang, r-devel-linux-x86_64-fedora-gcc, r-devel-osx-x86_64-clang, r-prerel-windows-ix86+x86_64, r-prerel-linux-x86_64, r-prerel-solaris-sparc, r-prerel-solaris-x86