CRAN Package Check Results for Package spd

Last updated on 2014-04-18 20:48:08.

Flavor Version Tinstall Tcheck Ttotal Status Flags
r-devel-linux-x86_64-debian-clang 1.9 0.83 14.60 15.43 NOTE
r-devel-linux-x86_64-debian-gcc NOTE
r-devel-linux-x86_64-fedora-clang 1.9 31.24 NOTE
r-devel-linux-x86_64-fedora-gcc 1.9 28.30 NOTE
r-devel-macosx-x86_64-clang 1.9 31.15 NOTE
r-devel-macosx-x86_64-gcc 1.9 NOTE
r-devel-windows-ix86+x86_64 1.9 3.00 21.00 24.00 NOTE
r-patched-linux-x86_64 1.9 0.82 14.72 15.54 NOTE
r-patched-solaris-sparc 1.9 170.30 NOTE
r-patched-solaris-x86 1.9 43.00 NOTE
r-release-linux-ix86 1.9 2.00 29.00 31.00 NOTE
r-release-linux-x86_64 1.9 0.88 14.63 15.50 NOTE
r-release-macosx-x86_64 1.9 NOTE
r-release-windows-ix86+x86_64 1.9 3.00 22.00 25.00 NOTE
r-oldrel-windows-ix86+x86_64 1.9 3.00 24.00 27.00 NOTE

Check Details

Version: 1.9
Check: dependencies in R code
Result: NOTE
    Package in Depends field not imported from: ‘methods’
     These packages need to be imported from (in the NAMESPACE file)
     for when this namespace is loaded but not attached.
    See the information on DESCRIPTION files in the chapter ‘Creating R
    packages’ of the ‘Writing R Extensions’ manual.
Flavors: r-devel-linux-x86_64-debian-clang, r-devel-linux-x86_64-debian-gcc, r-devel-linux-x86_64-fedora-clang, r-devel-linux-x86_64-fedora-gcc, r-devel-macosx-x86_64-clang, r-devel-macosx-x86_64-gcc, r-devel-windows-ix86+x86_64, r-patched-linux-x86_64, r-patched-solaris-sparc, r-patched-solaris-x86, r-release-linux-ix86, r-release-linux-x86_64, r-release-windows-ix86+x86_64, r-oldrel-windows-ix86+x86_64

Version: 1.9
Check: top-level files
Result: NOTE
    Non-standard file/directory found at top level:
     ‘COPYRIGHTS’
    Copyright information should be in file inst/COPYRIGHTS
Flavors: r-devel-linux-x86_64-fedora-clang, r-devel-linux-x86_64-fedora-gcc

Version: 1.9
Check: Rd line widths
Result: NOTE
    Rd file 'spdfit-methods.Rd':
     \usage lines wider than 90 characters:
     spdfit(data, upper = 0.9, lower = 0.1, tailfit="GPD", type = c("mle", "pwm"), kernelfit = c("normal", "box", "epanech", "biweight", "tr ... [TRUNCATED]
    
    These lines will be truncated in the PDF manual.
Flavors: r-devel-linux-x86_64-fedora-clang, r-devel-linux-x86_64-fedora-gcc

Version: 1.9
Check: dependencies in R code
Result: NOTE
    Package in Depends field not imported from: 'methods'
     These packages need to be imported from for the case when
     this namespace is loaded but not attached.
    See the information on DESCRIPTION files in the chapter 'Creating R
    packages' of the 'Writing R Extensions' manual.
Flavor: r-release-macosx-x86_64