CRAN Package Check Results for Package spdep

Last updated on 2017-01-19 12:49:27.

Flavor Version Tinstall Tcheck Ttotal Status Flags
r-devel-linux-x86_64-debian-clang 0.6-9 7.59 173.68 181.27 OK
r-devel-linux-x86_64-debian-gcc 0.6-9 7.20 175.75 182.95 OK
r-devel-linux-x86_64-fedora-clang 0.6-9 339.65 NOTE --no-stop-on-test-error
r-devel-linux-x86_64-fedora-gcc 0.6-9 346.71 NOTE --no-stop-on-test-error
r-devel-macos-x86_64-clang 0.6-9 250.84 NOTE --no-stop-on-test-error
r-devel-windows-ix86+x86_64 0.6-9 34.00 327.00 361.00 NOTE
r-patched-linux-x86_64 0.6-9 6.66 153.58 160.24 OK
r-patched-solaris-sparc 0.6-9 1680.90 NOTE
r-patched-solaris-x86 0.6-9 309.40 NOTE
r-release-linux-x86_64 0.6-9 7.23 155.93 163.16 OK
r-release-osx-x86_64-mavericks 0.6-9 NOTE
r-release-windows-ix86+x86_64 0.6-9 24.00 302.00 326.00 NOTE
r-oldrel-windows-ix86+x86_64 0.6-9 36.00 500.00 536.00 NOTE

Check Details

Version: 0.6-9
Flags: --no-stop-on-test-error
Check: installed package size
Result: NOTE
     installed size is 5.6Mb
     sub-directories of 1Mb or more:
     data 1.2Mb
     doc 1.5Mb
     etc 1.7Mb
Flavors: r-devel-linux-x86_64-fedora-clang, r-devel-linux-x86_64-fedora-gcc, r-devel-macos-x86_64-clang

Version: 0.6-9
Check: installed package size
Result: NOTE
     installed size is 5.4Mb
     sub-directories of 1Mb or more:
     data 1.1Mb
     doc 1.5Mb
     etc 1.7Mb
Flavors: r-devel-windows-ix86+x86_64, r-patched-solaris-sparc, r-patched-solaris-x86, r-release-osx-x86_64-mavericks, r-release-windows-ix86+x86_64, r-oldrel-windows-ix86+x86_64