CRAN Package Check Results for Package spdep

Last updated on 2015-06-30 12:47:36.

Flavor Version Tinstall Tcheck Ttotal Status Flags
r-devel-linux-x86_64-debian-clang 0.5-88 6.95 173.99 180.94 NOTE
r-devel-linux-x86_64-debian-gcc 0.5-88 7.15 165.58 172.73 NOTE
r-devel-linux-x86_64-fedora-clang 0.5-88 345.92 NOTE
r-devel-linux-x86_64-fedora-gcc 0.5-88 323.47 NOTE
r-devel-osx-x86_64-clang 0.5-88 272.70 NOTE
r-devel-windows-ix86+x86_64 0.5-88 59.00 300.00 359.00 NOTE
r-patched-linux-x86_64 0.5-88 7.08 170.36 177.45 NOTE
r-patched-solaris-sparc 0.5-88 1988.70 NOTE
r-patched-solaris-x86 0.5-88 419.30 NOTE
r-release-linux-x86_64 0.5-88 6.97 169.84 176.81 NOTE
r-release-osx-x86_64-mavericks 0.5-88 NOTE
r-release-windows-ix86+x86_64 0.5-88 55.00 303.00 358.00 NOTE
r-oldrel-windows-ix86+x86_64 0.5-88 40.00 353.00 393.00 NOTE

Check Details

Version: 0.5-88
Check: installed package size
Result: NOTE
     installed size is 5.4Mb
     sub-directories of 1Mb or more:
     data 1.1Mb
     doc 1.5Mb
     etc 1.7Mb
Flavors: r-devel-linux-x86_64-debian-clang, r-devel-linux-x86_64-debian-gcc, r-devel-linux-x86_64-fedora-clang, r-devel-linux-x86_64-fedora-gcc, r-devel-osx-x86_64-clang, r-devel-windows-ix86+x86_64, r-patched-linux-x86_64, r-patched-solaris-sparc, r-patched-solaris-x86, r-release-linux-x86_64, r-release-osx-x86_64-mavericks, r-release-windows-ix86+x86_64, r-oldrel-windows-ix86+x86_64

Version: 0.5-88
Check: R code for possible problems
Result: NOTE
    EBImoran.mc: no visible global function definition for ‘punif’
    GMerrorsar: no visible binding for global variable ‘na.fail’
    GMerrorsar: no visible global function definition for ‘as.formula’
    GMerrorsar: no visible global function definition for ‘terms’
    GMerrorsar: no visible global function definition for ‘lm’
    GMerrorsar: no visible global function definition for ‘model.extract’
    GMerrorsar: no visible global function definition for ‘coefficients’
    GMerrorsar: no visible global function definition for ‘residuals’
    GMerrorsar: no visible global function definition for ‘var’
    GMerrorsar: no visible global function definition for ‘deviance’
    H1_moments: no visible global function definition for ‘integrate’
    Hausman.test.gmsar: no visible global function definition for
     ‘summary.lm’
    Hausman.test.gmsar: no visible global function definition for ‘coef’
    Hausman.test.gmsar: no visible global function definition for ‘pchisq’
    Hausman.test.sarlm: no visible global function definition for ‘pchisq’
    LR.sarlm: no visible global function definition for ‘logLik’
    LR.sarlm: no visible global function definition for ‘pchisq’
    LR1.lagmess: no visible global function definition for ‘logLik’
    LR1.lagmess: no visible global function definition for ‘pchisq’
    LR1.sarlm: no visible global function definition for ‘logLik’
    LR1.sarlm: no visible global function definition for ‘pchisq’
    LR1.spautolm: no visible global function definition for ‘logLik’
    LR1.spautolm: no visible global function definition for ‘pchisq’
    ME: no visible binding for global variable ‘gaussian’
    ME : MIR_a: no visible global function definition for ‘var’
    ME : MIR_a: no visible global function definition for ‘pnorm’
    ME: no visible global function definition for ‘model.extract’
    ME: no visible global function definition for ‘model.weights’
    ME: no visible global function definition for ‘model.offset’
    ME: no visible global function definition for ‘glm.fit’
    NK.sarlm: no visible global function definition for ‘residuals’
    NK.sarlm: no visible global function definition for ‘logLik’
    Qmatrix: no visible global function definition for ‘sd’
    SE_classic_setup: no visible global function definition for ‘predict’
    SE_interp: no visible global function definition for ‘predict’
    SE_whichMin_setup: no visible global function definition for ‘predict’
    SpatialFiltering: no visible global function definition for
     ‘as.formula’
    SpatialFiltering: no visible global function definition for ‘terms’
    SpatialFiltering: no visible global function definition for ‘lm’
    SpatialFiltering: no visible global function definition for
     ‘model.extract’
    SpatialFiltering: no visible global function definition for
     ‘coefficients’
    SpatialFiltering : altfunc: no visible global function definition for
     ‘pnorm’
    Wald1.sarlm: no visible global function definition for ‘logLik’
    Wald1.sarlm: no visible global function definition for ‘pchisq’
    airdist: no visible global function definition for ‘par’
    airdist: no visible global function definition for ‘locator’
    airdist: no visible global function definition for ‘lines’
    airdist: no visible global function definition for ‘text’
    anova.sarlm : getResponseFormula: no visible global function definition
     for ‘formula’
    anova.sarlm: no visible global function definition for ‘anova’
    anova.sarlm : <anonymous>: no visible global function definition for
     ‘residuals’
    anova.sarlm: no visible global function definition for ‘pchisq’
    as.data.frame.localmoranex: no visible global function definition for
     ‘pnorm’
    as.data.frame.localmoransad: no visible global function definition for
     ‘pnorm’
    bptest.sarlm: no visible global function definition for ‘lm.fit’
    bptest.sarlm: no visible global function definition for ‘pchisq’
    choynowski: no visible global function definition for ‘ppois’
    coef.lagmess: no visible global function definition for ‘coef’
    deviance.gmsar: no visible global function definition for ‘deviance’
    deviance.lagmess: no visible global function definition for ‘deviance’
    edit.nb: no visible global function definition for ‘plot.new’
    edit.nb: no visible global function definition for ‘plot.window’
    edit.nb: no visible global function definition for ‘segments’
    edit.nb: no visible global function definition for ‘points’
    edit.nb: no visible global function definition for ‘par’
    edit.nb: no visible global function definition for ‘identify’
    edit.nb: no visible global function definition for ‘lines’
    errorsarlm: no visible global function definition for ‘as.formula’
    errorsarlm: no visible global function definition for ‘terms’
    errorsarlm: no visible global function definition for ‘lm’
    errorsarlm: no visible global function definition for ‘coefficients’
    errorsarlm: no visible global function definition for ‘logLik’
    errorsarlm: no visible global function definition for ‘residuals’
    errorsarlm: no visible global function definition for ‘deviance’
    errorsarlm: no visible global function definition for ‘summary.lm’
    errorsarlm: no visible global function definition for ‘model.frame’
    errorsarlm: no visible global function definition for ‘AIC’
    errorsarlm: no visible global function definition for ‘coef’
    exactMoran: no visible global function definition for ‘integrate’
    exactMoran: no visible global function definition for ‘qnorm’
    exactMoran: no visible global function definition for ‘pnorm’
    fitted.gmsar: no visible global function definition for ‘napredict’
    fitted.sarlm: no visible global function definition for ‘napredict’
    fitted.spautolm: no visible global function definition for ‘napredict’
    geary.mc: no visible global function definition for ‘punif’
    geary.test: no visible global function definition for ‘pnorm’
    getVcovmat: no visible global function definition for ‘nlm’
    getVcovmat: no visible global function definition for ‘optimHess’
    getVmate: no visible global function definition for ‘nlm’
    getVmate: no visible global function definition for ‘optimHess’
    getVmatl: no visible global function definition for ‘nlm’
    getVmatl: no visible global function definition for ‘optimHess’
    globalG.test: no visible global function definition for ‘pnorm’
    gstsls: no visible binding for global variable ‘na.fail’
    gstsls: no visible global function definition for ‘as.formula’
    gstsls: no visible global function definition for ‘terms’
    gstsls: no visible global function definition for ‘lm’
    gstsls: no visible global function definition for ‘model.extract’
    gstsls: no visible global function definition for ‘residuals’
    gstsls: no visible global function definition for ‘var’
    joincount.mc: no visible global function definition for ‘model.frame’
    joincount.mc: no visible global function definition for ‘punif’
    joincount.mc: no visible global function definition for ‘var’
    joincount.test: no visible global function definition for ‘model.frame’
    joincount.test: no visible global function definition for ‘pnorm’
    lagmess: no visible binding for global variable ‘na.fail’
    lagmess: no visible global function definition for ‘as.formula’
    lagmess: no visible global function definition for ‘terms’
    lagmess: no visible global function definition for ‘lm’
    lagmess: no visible global function definition for ‘model.extract’
    lagmess: no visible global function definition for ‘logLik’
    lagsarlm: no visible global function definition for ‘as.formula’
    lagsarlm: no visible global function definition for ‘terms’
    lagsarlm: no visible global function definition for ‘lm’
    lagsarlm: no visible global function definition for ‘model.extract’
    lagsarlm: no visible global function definition for ‘coefficients’
    lagsarlm: no visible global function definition for ‘logLik’
    lagsarlm: no visible global function definition for ‘AIC’
    lagsarlm: no visible global function definition for ‘lm.fit’
    lagsarlm: no visible global function definition for ‘residuals’
    lagsarlm: no visible global function definition for ‘model.frame’
    lagsarlm: no visible global function definition for ‘deviance’
    lee.mc: no visible binding for global variable ‘na.fail’
    lee.mc: no visible global function definition for ‘punif’
    lee.test: no visible binding for global variable ‘na.fail’
    lee.test: no visible global function definition for ‘pnorm’
    lm.LMErr: no visible global function definition for ‘resid’
    lm.LMErr: no visible global function definition for ‘pchisq’
    lm.LMtests: no visible global function definition for ‘resid’
    lm.LMtests: no visible global function definition for ‘model.frame’
    lm.LMtests: no visible global function definition for ‘terms’
    lm.LMtests: no visible global function definition for ‘fitted’
    lm.LMtests: no visible global function definition for ‘coefficients’
    lm.LMtests: no visible global function definition for ‘pchisq’
    lm.morantest: no visible binding for global variable
     ‘weighted.residuals’
    lm.morantest: no visible global function definition for ‘coefficients’
    lm.morantest: no visible global function definition for ‘terms’
    lm.morantest: no visible global function definition for ‘model.frame’
    lm.morantest: no visible global function definition for ‘weights’
    lm.morantest: no visible global function definition for ‘pnorm’
    lm.morantest.exact: no visible binding for global variable
     ‘weighted.residuals’
    lm.morantest.exact: no visible global function definition for
     ‘coefficients’
    lm.morantest.exact: no visible global function definition for ‘terms’
    lm.morantest.exact: no visible global function definition for
     ‘model.frame’
    lm.morantest.exact: no visible global function definition for ‘weights’
    lm.morantest.sad: no visible binding for global variable
     ‘weighted.residuals’
    lm.morantest.sad: no visible global function definition for
     ‘coefficients’
    lm.morantest.sad: no visible global function definition for ‘terms’
    lm.morantest.sad: no visible global function definition for
     ‘model.frame’
    lm.morantest.sad: no visible global function definition for ‘weights’
    lmSLX: no visible global function definition for ‘as.formula’
    lmSLX: no visible global function definition for ‘terms’
    lmSLX: no visible global function definition for ‘lm’
    lminC_2.1: no visible global function definition for ‘lm.fit’
    lminC_2.3: no visible global function definition for ‘lm.fit’
    lminS_3: no visible global function definition for ‘lm.fit’
    lminW_3: no visible global function definition for ‘lm.fit’
    localmoran: no visible binding for global variable ‘na.fail’
    localmoran: no visible global function definition for ‘pnorm’
    localmoran: no visible global function definition for ‘naresid’
    localmoran.exact: no visible binding for global variable
     ‘weighted.residuals’
    localmoran.exact: no visible global function definition for
     ‘coefficients’
    localmoran.exact: no visible global function definition for ‘terms’
    localmoran.exact: no visible global function definition for
     ‘model.frame’
    localmoran.exact: no visible global function definition for ‘weights’
    localmoran.exact.alt: no visible binding for global variable
     ‘weighted.residuals’
    localmoran.exact.alt: no visible global function definition for
     ‘coefficients’
    localmoran.exact.alt: no visible global function definition for ‘terms’
    localmoran.exact.alt: no visible global function definition for
     ‘model.frame’
    localmoran.exact.alt: no visible global function definition for
     ‘weights’
    localmoran.sad: no visible binding for global variable
     ‘weighted.residuals’
    localmoran.sad: no visible global function definition for
     ‘coefficients’
    localmoran.sad: no visible global function definition for ‘terms’
    localmoran.sad: no visible global function definition for ‘model.frame’
    localmoran.sad: no visible global function definition for ‘weights’
    logLik.lagmess: no visible global function definition for ‘logLik’
    logLik.lagmess: no visible global function definition for ‘residuals’
    logLik.sarlm: no visible global function definition for ‘residuals’
    mcdet_ldet: no visible global function definition for ‘sd’
    mcdet_setup: no visible global function definition for ‘rnorm’
    moran.mc: no visible binding for global variable ‘na.fail’
    moran.mc: no visible global function definition for ‘punif’
    moran.plot: no visible global function definition for ‘symbols’
    moran.plot: no visible global function definition for ‘lm’
    moran.plot: no visible global function definition for ‘abline’
    moran.plot: no visible global function definition for ‘points’
    moran.plot: no visible global function definition for ‘text’
    moran.test: no visible binding for global variable ‘na.fail’
    moran.test: no visible global function definition for ‘pnorm’
    moranExpect_H1: no visible global function definition for ‘integrate’
    moranExpect_rho_H1: no visible global function definition for
     ‘optimise’
    moranSad: no visible global function definition for ‘uniroot’
    moranSad: no visible global function definition for ‘pnorm’
    mymess: no visible global function definition for ‘lm’
    mymess: no visible global function definition for ‘logLik’
    nbcost: no visible global function definition for ‘mahalanobis’
    nbcost: no visible global function definition for ‘dist’
    p.adjustSP : <anonymous>: no visible global function definition for
     ‘p.adjust’
    plot.Gabriel: no visible global function definition for ‘par’
    plot.Gabriel: no visible global function definition for ‘segments’
    plot.Gabriel: no visible global function definition for ‘points’
    plot.mc.sim: no visible global function definition for ‘density’
    plot.mc.sim: no visible global function definition for ‘hist’
    plot.mc.sim: no visible global function definition for ‘abline’
    plot.mst: no visible global function definition for ‘symbols’
    plot.mst: no visible global function definition for ‘text’
    plot.mst: no visible global function definition for ‘segments’
    plot.nb: no visible global function definition for ‘plot.new’
    plot.nb: no visible global function definition for ‘plot.window’
    plot.nb: no visible global function definition for ‘segments’
    plot.relative: no visible global function definition for ‘par’
    plot.relative: no visible global function definition for ‘segments’
    plot.relative: no visible global function definition for ‘points’
    plot.skater: no visible global function definition for ‘rainbow’
    plot.skater: no visible global function definition for ‘symbols’
    plot.skater: no visible global function definition for ‘segments’
    plot.skater: no visible global function definition for ‘text’
    plot.spcor: no visible global function definition for ‘arrows’
    plot.spcor: no visible global function definition for ‘axis’
    plot.spcor: no visible global function definition for ‘abline’
    poly2nb: no visible global function definition for ‘object.size’
    predict.sarlm: no visible global function definition for
     ‘fitted.values’
    predict.sarlm: no visible global function definition for ‘formula’
    predict.sarlm: no visible global function definition for
     ‘delete.response’
    predict.sarlm: no visible global function definition for ‘terms’
    predict.sarlm: no visible global function definition for ‘model.frame’
    print.LMtestlist.summary: no visible global function definition for
     ‘printCoefmat’
    print.gmsar: no visible global function definition for ‘coef’
    print.jcmulti: no visible global function definition for ‘printCoefmat’
    print.sarlm: no visible global function definition for ‘coef’
    print.sarlm: no visible global function definition for ‘logLik’
    print.spautolm: no visible global function definition for ‘coef’
    print.spautolm: no visible global function definition for ‘logLik’
    print.spcor: no visible global function definition for ‘p.adjust’
    print.spcor: no visible global function definition for ‘pnorm’
    print.spcor: no visible global function definition for ‘printCoefmat’
    print.stsls: no visible global function definition for ‘coef’
    print.summary.gmsar: no visible global function definition for
     ‘residuals’
    print.summary.gmsar: no visible binding for global variable ‘quantile’
    print.summary.gmsar: no visible global function definition for
     ‘quantile’
    print.summary.gmsar: no visible global function definition for
     ‘printCoefmat’
    print.summary.lagmess: no visible global function definition for
     ‘pnorm’
    print.summary.sarlm: no visible global function definition for
     ‘residuals’
    print.summary.sarlm: no visible binding for global variable ‘quantile’
    print.summary.sarlm: no visible global function definition for
     ‘quantile’
    print.summary.sarlm: no visible global function definition for
     ‘printCoefmat’
    print.summary.sarlm: no visible global function definition for ‘pnorm’
    print.summary.sarlm: no visible global function definition for ‘logLik’
    print.summary.sarlm: no visible global function definition for ‘AIC’
    print.summary.sarlm: no visible global function definition for ‘pchisq’
    print.summary.spautolm: no visible global function definition for
     ‘residuals’
    print.summary.spautolm: no visible binding for global variable
     ‘quantile’
    print.summary.spautolm: no visible global function definition for
     ‘quantile’
    print.summary.spautolm: no visible global function definition for
     ‘printCoefmat’
    print.summary.spautolm: no visible global function definition for
     ‘logLik’
    print.summary.spautolm: no visible global function definition for ‘AIC’
    print.summary.stsls: no visible global function definition for
     ‘residuals’
    print.summary.stsls: no visible binding for global variable ‘quantile’
    print.summary.stsls: no visible global function definition for
     ‘quantile’
    print.summary.stsls: no visible global function definition for
     ‘printCoefmat’
    probmap: no visible global function definition for ‘ppois’
    queencell: no visible global function definition for ‘na.omit’
    read.dat2listw: no visible global function definition for ‘read.table’
    read.geoda: no visible global function definition for ‘read.csv’
    read.gwt2nb: no visible global function definition for ‘read.table’
    residuals.gmsar: no visible global function definition for ‘napredict’
    residuals.sarlm: no visible global function definition for ‘napredict’
    residuals.spautolm: no visible global function definition for
     ‘napredict’
    residuals.stsls: no visible global function definition for ‘napredict’
    rookcell: no visible global function definition for ‘na.omit’
    sacsarlm: no visible global function definition for ‘as.formula’
    sacsarlm: no visible global function definition for ‘terms’
    sacsarlm: no visible global function definition for ‘lm’
    sacsarlm: no visible global function definition for ‘coefficients’
    sacsarlm: no visible global function definition for ‘logLik’
    sacsarlm: no visible global function definition for ‘residuals’
    sacsarlm: no visible global function definition for ‘deviance’
    sacsarlm: no visible global function definition for ‘model.frame’
    sacsarlm: no visible global function definition for ‘AIC’
    sadLocalMoran: no visible global function definition for ‘pnorm’
    sadLocalMoranAlt: no visible global function definition for ‘uniroot’
    sadLocalMoranAlt: no visible global function definition for ‘pnorm’
    sp.correlogram: no visible global function definition for ‘cor’
    sp.mantel.mc: no visible global function definition for ‘punif’
    sp.mantel.mc: no visible global function definition for ‘sd’
    spautolm: no visible global function definition for ‘model.extract’
    spautolm: no visible global function definition for ‘lm’
    spautolm: no visible global function definition for ‘coefficients’
    spautolm: no visible global function definition for ‘logLik’
    spdep: no visible global function definition for ‘packageDescription’
    ssw: no visible global function definition for ‘mahalanobis’
    ssw: no visible global function definition for ‘dist’
    stsls: no visible binding for global variable ‘na.fail’
    stsls: no visible global function definition for ‘as.formula’
    stsls: no visible global function definition for ‘terms’
    stsls: no visible global function definition for ‘lm’
    stsls: no visible global function definition for ‘model.extract’
    summary.LMtestlist: no visible global function definition for
     ‘p.adjust’
    summary.gmsar: no visible global function definition for ‘pnorm’
    summary.lagImpact: no visible global function definition for ‘pnorm’
    summary.lagImpact : <anonymous>: no visible global function definition
     for ‘pnorm’
    summary.nb: no visible global function definition for ‘stem’
    summary.sarlm: no visible global function definition for ‘residuals’
    summary.sarlm: no visible global function definition for ‘pnorm’
    summary.spautolm: no visible global function definition for ‘pnorm’
    summary.stsls: no visible global function definition for ‘pnorm’
    tolerance.nb: no visible global function definition for ‘dist’
    trW: no visible global function definition for ‘rnorm’
    trW: no visible global function definition for ‘sd’
    write.sn2Arc: no visible global function definition for ‘write.table’
    write.sn2dat: no visible global function definition for ‘write.table’
    write.sn2gwt: no visible global function definition for ‘write.table’
Flavors: r-devel-linux-x86_64-debian-clang, r-devel-linux-x86_64-debian-gcc

Version: 0.5-88
Check: R code for possible problems
Result: NOTE
    EBImoran.mc: no visible global function definition for 'punif'
    GMerrorsar: no visible binding for global variable 'na.fail'
    GMerrorsar: no visible global function definition for 'as.formula'
    GMerrorsar: no visible global function definition for 'terms'
    GMerrorsar: no visible global function definition for 'lm'
    GMerrorsar: no visible global function definition for 'model.extract'
    GMerrorsar: no visible global function definition for 'coefficients'
    GMerrorsar: no visible global function definition for 'residuals'
    GMerrorsar: no visible global function definition for 'var'
    GMerrorsar: no visible global function definition for 'deviance'
    H1_moments: no visible global function definition for 'integrate'
    Hausman.test.gmsar: no visible global function definition for
     'summary.lm'
    Hausman.test.gmsar: no visible global function definition for 'coef'
    Hausman.test.gmsar: no visible global function definition for 'pchisq'
    Hausman.test.sarlm: no visible global function definition for 'pchisq'
    LR.sarlm: no visible global function definition for 'logLik'
    LR.sarlm: no visible global function definition for 'pchisq'
    LR1.lagmess: no visible global function definition for 'logLik'
    LR1.lagmess: no visible global function definition for 'pchisq'
    LR1.sarlm: no visible global function definition for 'logLik'
    LR1.sarlm: no visible global function definition for 'pchisq'
    LR1.spautolm: no visible global function definition for 'logLik'
    LR1.spautolm: no visible global function definition for 'pchisq'
    ME: no visible binding for global variable 'gaussian'
    ME : MIR_a: no visible global function definition for 'var'
    ME : MIR_a: no visible global function definition for 'pnorm'
    ME: no visible global function definition for 'model.extract'
    ME: no visible global function definition for 'model.weights'
    ME: no visible global function definition for 'model.offset'
    ME: no visible global function definition for 'glm.fit'
    NK.sarlm: no visible global function definition for 'residuals'
    NK.sarlm: no visible global function definition for 'logLik'
    Qmatrix: no visible global function definition for 'sd'
    SE_classic_setup: no visible global function definition for 'predict'
    SE_interp: no visible global function definition for 'predict'
    SE_whichMin_setup: no visible global function definition for 'predict'
    SpatialFiltering: no visible global function definition for
     'as.formula'
    SpatialFiltering: no visible global function definition for 'terms'
    SpatialFiltering: no visible global function definition for 'lm'
    SpatialFiltering: no visible global function definition for
     'model.extract'
    SpatialFiltering: no visible global function definition for
     'coefficients'
    SpatialFiltering : altfunc: no visible global function definition for
     'pnorm'
    Wald1.sarlm: no visible global function definition for 'logLik'
    Wald1.sarlm: no visible global function definition for 'pchisq'
    airdist: no visible global function definition for 'par'
    airdist: no visible global function definition for 'locator'
    airdist: no visible global function definition for 'lines'
    airdist: no visible global function definition for 'text'
    airdist: no visible global function definition for 'bringToTop'
    anova.sarlm : getResponseFormula: no visible global function definition
     for 'formula'
    anova.sarlm: no visible global function definition for 'anova'
    anova.sarlm : <anonymous>: no visible global function definition for
     'residuals'
    anova.sarlm: no visible global function definition for 'pchisq'
    as.data.frame.localmoranex: no visible global function definition for
     'pnorm'
    as.data.frame.localmoransad: no visible global function definition for
     'pnorm'
    bptest.sarlm: no visible global function definition for 'lm.fit'
    bptest.sarlm: no visible global function definition for 'pchisq'
    choynowski: no visible global function definition for 'ppois'
    coef.lagmess: no visible global function definition for 'coef'
    deviance.gmsar: no visible global function definition for 'deviance'
    deviance.lagmess: no visible global function definition for 'deviance'
    edit.nb: no visible global function definition for 'plot.new'
    edit.nb: no visible global function definition for 'plot.window'
    edit.nb: no visible global function definition for 'segments'
    edit.nb: no visible global function definition for 'points'
    edit.nb: no visible global function definition for 'par'
    edit.nb: no visible global function definition for 'identify'
    edit.nb: no visible global function definition for 'lines'
    edit.nb: no visible global function definition for 'bringToTop'
    errorsarlm: no visible global function definition for 'as.formula'
    errorsarlm: no visible global function definition for 'terms'
    errorsarlm: no visible global function definition for 'lm'
    errorsarlm: no visible global function definition for 'coefficients'
    errorsarlm: no visible global function definition for 'logLik'
    errorsarlm: no visible global function definition for 'residuals'
    errorsarlm: no visible global function definition for 'deviance'
    errorsarlm: no visible global function definition for 'summary.lm'
    errorsarlm: no visible global function definition for 'model.frame'
    errorsarlm: no visible global function definition for 'AIC'
    errorsarlm: no visible global function definition for 'coef'
    exactMoran: no visible global function definition for 'integrate'
    exactMoran: no visible global function definition for 'qnorm'
    exactMoran: no visible global function definition for 'pnorm'
    fitted.gmsar: no visible global function definition for 'napredict'
    fitted.sarlm: no visible global function definition for 'napredict'
    fitted.spautolm: no visible global function definition for 'napredict'
    geary.mc: no visible global function definition for 'punif'
    geary.test: no visible global function definition for 'pnorm'
    getVcovmat: no visible global function definition for 'nlm'
    getVcovmat: no visible global function definition for 'optimHess'
    getVmate: no visible global function definition for 'nlm'
    getVmate: no visible global function definition for 'optimHess'
    getVmatl: no visible global function definition for 'nlm'
    getVmatl: no visible global function definition for 'optimHess'
    globalG.test: no visible global function definition for 'pnorm'
    gstsls: no visible binding for global variable 'na.fail'
    gstsls: no visible global function definition for 'as.formula'
    gstsls: no visible global function definition for 'terms'
    gstsls: no visible global function definition for 'lm'
    gstsls: no visible global function definition for 'model.extract'
    gstsls: no visible global function definition for 'residuals'
    gstsls: no visible global function definition for 'var'
    joincount.mc: no visible global function definition for 'model.frame'
    joincount.mc: no visible global function definition for 'punif'
    joincount.mc: no visible global function definition for 'var'
    joincount.test: no visible global function definition for 'model.frame'
    joincount.test: no visible global function definition for 'pnorm'
    lagmess: no visible binding for global variable 'na.fail'
    lagmess: no visible global function definition for 'as.formula'
    lagmess: no visible global function definition for 'terms'
    lagmess: no visible global function definition for 'lm'
    lagmess: no visible global function definition for 'model.extract'
    lagmess: no visible global function definition for 'logLik'
    lagsarlm: no visible global function definition for 'as.formula'
    lagsarlm: no visible global function definition for 'terms'
    lagsarlm: no visible global function definition for 'lm'
    lagsarlm: no visible global function definition for 'model.extract'
    lagsarlm: no visible global function definition for 'coefficients'
    lagsarlm: no visible global function definition for 'logLik'
    lagsarlm: no visible global function definition for 'AIC'
    lagsarlm: no visible global function definition for 'lm.fit'
    lagsarlm: no visible global function definition for 'residuals'
    lagsarlm: no visible global function definition for 'model.frame'
    lagsarlm: no visible global function definition for 'deviance'
    lee.mc: no visible binding for global variable 'na.fail'
    lee.mc: no visible global function definition for 'punif'
    lee.test: no visible binding for global variable 'na.fail'
    lee.test: no visible global function definition for 'pnorm'
    lm.LMErr: no visible global function definition for 'resid'
    lm.LMErr: no visible global function definition for 'pchisq'
    lm.LMtests: no visible global function definition for 'resid'
    lm.LMtests: no visible global function definition for 'model.frame'
    lm.LMtests: no visible global function definition for 'terms'
    lm.LMtests: no visible global function definition for 'fitted'
    lm.LMtests: no visible global function definition for 'coefficients'
    lm.LMtests: no visible global function definition for 'pchisq'
    lm.morantest: no visible binding for global variable
     'weighted.residuals'
    lm.morantest: no visible global function definition for 'coefficients'
    lm.morantest: no visible global function definition for 'terms'
    lm.morantest: no visible global function definition for 'model.frame'
    lm.morantest: no visible global function definition for 'weights'
    lm.morantest: no visible global function definition for 'pnorm'
    lm.morantest.exact: no visible binding for global variable
     'weighted.residuals'
    lm.morantest.exact: no visible global function definition for
     'coefficients'
    lm.morantest.exact: no visible global function definition for 'terms'
    lm.morantest.exact: no visible global function definition for
     'model.frame'
    lm.morantest.exact: no visible global function definition for 'weights'
    lm.morantest.sad: no visible binding for global variable
     'weighted.residuals'
    lm.morantest.sad: no visible global function definition for
     'coefficients'
    lm.morantest.sad: no visible global function definition for 'terms'
    lm.morantest.sad: no visible global function definition for
     'model.frame'
    lm.morantest.sad: no visible global function definition for 'weights'
    lmSLX: no visible global function definition for 'as.formula'
    lmSLX: no visible global function definition for 'terms'
    lmSLX: no visible global function definition for 'lm'
    lminC_2.1: no visible global function definition for 'lm.fit'
    lminC_2.3: no visible global function definition for 'lm.fit'
    lminS_3: no visible global function definition for 'lm.fit'
    lminW_3: no visible global function definition for 'lm.fit'
    localmoran: no visible binding for global variable 'na.fail'
    localmoran: no visible global function definition for 'pnorm'
    localmoran: no visible global function definition for 'naresid'
    localmoran.exact: no visible binding for global variable
     'weighted.residuals'
    localmoran.exact: no visible global function definition for
     'coefficients'
    localmoran.exact: no visible global function definition for 'terms'
    localmoran.exact: no visible global function definition for
     'model.frame'
    localmoran.exact: no visible global function definition for 'weights'
    localmoran.exact.alt: no visible binding for global variable
     'weighted.residuals'
    localmoran.exact.alt: no visible global function definition for
     'coefficients'
    localmoran.exact.alt: no visible global function definition for 'terms'
    localmoran.exact.alt: no visible global function definition for
     'model.frame'
    localmoran.exact.alt: no visible global function definition for
     'weights'
    localmoran.sad: no visible binding for global variable
     'weighted.residuals'
    localmoran.sad: no visible global function definition for
     'coefficients'
    localmoran.sad: no visible global function definition for 'terms'
    localmoran.sad: no visible global function definition for 'model.frame'
    localmoran.sad: no visible global function definition for 'weights'
    logLik.lagmess: no visible global function definition for 'logLik'
    logLik.lagmess: no visible global function definition for 'residuals'
    logLik.sarlm: no visible global function definition for 'residuals'
    mcdet_ldet: no visible global function definition for 'sd'
    mcdet_setup: no visible global function definition for 'rnorm'
    moran.mc: no visible binding for global variable 'na.fail'
    moran.mc: no visible global function definition for 'punif'
    moran.plot: no visible global function definition for 'symbols'
    moran.plot: no visible global function definition for 'lm'
    moran.plot: no visible global function definition for 'abline'
    moran.plot: no visible global function definition for 'points'
    moran.plot: no visible global function definition for 'text'
    moran.test: no visible binding for global variable 'na.fail'
    moran.test: no visible global function definition for 'pnorm'
    moranExpect_H1: no visible global function definition for 'integrate'
    moranExpect_rho_H1: no visible global function definition for
     'optimise'
    moranSad: no visible global function definition for 'uniroot'
    moranSad: no visible global function definition for 'pnorm'
    mymess: no visible global function definition for 'lm'
    mymess: no visible global function definition for 'logLik'
    nbcost: no visible global function definition for 'mahalanobis'
    nbcost: no visible global function definition for 'dist'
    p.adjustSP : <anonymous>: no visible global function definition for
     'p.adjust'
    plot.Gabriel: no visible global function definition for 'par'
    plot.Gabriel: no visible global function definition for 'segments'
    plot.Gabriel: no visible global function definition for 'points'
    plot.mc.sim: no visible global function definition for 'density'
    plot.mc.sim: no visible global function definition for 'hist'
    plot.mc.sim: no visible global function definition for 'abline'
    plot.mst: no visible global function definition for 'symbols'
    plot.mst: no visible global function definition for 'text'
    plot.mst: no visible global function definition for 'segments'
    plot.nb: no visible global function definition for 'plot.new'
    plot.nb: no visible global function definition for 'plot.window'
    plot.nb: no visible global function definition for 'segments'
    plot.relative: no visible global function definition for 'par'
    plot.relative: no visible global function definition for 'segments'
    plot.relative: no visible global function definition for 'points'
    plot.skater: no visible global function definition for 'rainbow'
    plot.skater: no visible global function definition for 'symbols'
    plot.skater: no visible global function definition for 'segments'
    plot.skater: no visible global function definition for 'text'
    plot.spcor: no visible global function definition for 'arrows'
    plot.spcor: no visible global function definition for 'axis'
    plot.spcor: no visible global function definition for 'abline'
    poly2nb: no visible global function definition for 'object.size'
    predict.sarlm: no visible global function definition for
     'fitted.values'
    predict.sarlm: no visible global function definition for 'formula'
    predict.sarlm: no visible global function definition for
     'delete.response'
    predict.sarlm: no visible global function definition for 'terms'
    predict.sarlm: no visible global function definition for 'model.frame'
    print.LMtestlist.summary: no visible global function definition for
     'printCoefmat'
    print.gmsar: no visible global function definition for 'coef'
    print.jcmulti: no visible global function definition for 'printCoefmat'
    print.sarlm: no visible global function definition for 'coef'
    print.sarlm: no visible global function definition for 'logLik'
    print.spautolm: no visible global function definition for 'coef'
    print.spautolm: no visible global function definition for 'logLik'
    print.spcor: no visible global function definition for 'p.adjust'
    print.spcor: no visible global function definition for 'pnorm'
    print.spcor: no visible global function definition for 'printCoefmat'
    print.stsls: no visible global function definition for 'coef'
    print.summary.gmsar: no visible global function definition for
     'residuals'
    print.summary.gmsar: no visible binding for global variable 'quantile'
    print.summary.gmsar: no visible global function definition for
     'quantile'
    print.summary.gmsar: no visible global function definition for
     'printCoefmat'
    print.summary.lagmess: no visible global function definition for
     'pnorm'
    print.summary.sarlm: no visible global function definition for
     'residuals'
    print.summary.sarlm: no visible binding for global variable 'quantile'
    print.summary.sarlm: no visible global function definition for
     'quantile'
    print.summary.sarlm: no visible global function definition for
     'printCoefmat'
    print.summary.sarlm: no visible global function definition for 'pnorm'
    print.summary.sarlm: no visible global function definition for 'logLik'
    print.summary.sarlm: no visible global function definition for 'AIC'
    print.summary.sarlm: no visible global function definition for 'pchisq'
    print.summary.spautolm: no visible global function definition for
     'residuals'
    print.summary.spautolm: no visible binding for global variable
     'quantile'
    print.summary.spautolm: no visible global function definition for
     'quantile'
    print.summary.spautolm: no visible global function definition for
     'printCoefmat'
    print.summary.spautolm: no visible global function definition for
     'logLik'
    print.summary.spautolm: no visible global function definition for 'AIC'
    print.summary.stsls: no visible global function definition for
     'residuals'
    print.summary.stsls: no visible binding for global variable 'quantile'
    print.summary.stsls: no visible global function definition for
     'quantile'
    print.summary.stsls: no visible global function definition for
     'printCoefmat'
    probmap: no visible global function definition for 'ppois'
    queencell: no visible global function definition for 'na.omit'
    read.dat2listw: no visible global function definition for 'read.table'
    read.geoda: no visible global function definition for 'read.csv'
    read.gwt2nb: no visible global function definition for 'read.table'
    residuals.gmsar: no visible global function definition for 'napredict'
    residuals.sarlm: no visible global function definition for 'napredict'
    residuals.spautolm: no visible global function definition for
     'napredict'
    residuals.stsls: no visible global function definition for 'napredict'
    rookcell: no visible global function definition for 'na.omit'
    sacsarlm: no visible global function definition for 'as.formula'
    sacsarlm: no visible global function definition for 'terms'
    sacsarlm: no visible global function definition for 'lm'
    sacsarlm: no visible global function definition for 'coefficients'
    sacsarlm: no visible global function definition for 'logLik'
    sacsarlm: no visible global function definition for 'residuals'
    sacsarlm: no visible global function definition for 'deviance'
    sacsarlm: no visible global function definition for 'model.frame'
    sacsarlm: no visible global function definition for 'AIC'
    sadLocalMoran: no visible global function definition for 'pnorm'
    sadLocalMoranAlt: no visible global function definition for 'uniroot'
    sadLocalMoranAlt: no visible global function definition for 'pnorm'
    sp.correlogram: no visible global function definition for 'cor'
    sp.mantel.mc: no visible global function definition for 'punif'
    sp.mantel.mc: no visible global function definition for 'sd'
    spautolm: no visible global function definition for 'model.extract'
    spautolm: no visible global function definition for 'lm'
    spautolm: no visible global function definition for 'coefficients'
    spautolm: no visible global function definition for 'logLik'
    spdep: no visible global function definition for 'packageDescription'
    ssw: no visible global function definition for 'mahalanobis'
    ssw: no visible global function definition for 'dist'
    stsls: no visible binding for global variable 'na.fail'
    stsls: no visible global function definition for 'as.formula'
    stsls: no visible global function definition for 'terms'
    stsls: no visible global function definition for 'lm'
    stsls: no visible global function definition for 'model.extract'
    summary.LMtestlist: no visible global function definition for
     'p.adjust'
    summary.gmsar: no visible global function definition for 'pnorm'
    summary.lagImpact: no visible global function definition for 'pnorm'
    summary.lagImpact : <anonymous>: no visible global function definition
     for 'pnorm'
    summary.nb: no visible global function definition for 'stem'
    summary.sarlm: no visible global function definition for 'residuals'
    summary.sarlm: no visible global function definition for 'pnorm'
    summary.spautolm: no visible global function definition for 'pnorm'
    summary.stsls: no visible global function definition for 'pnorm'
    tolerance.nb: no visible global function definition for 'dist'
    trW: no visible global function definition for 'rnorm'
    trW: no visible global function definition for 'sd'
    write.sn2Arc: no visible global function definition for 'write.table'
    write.sn2dat: no visible global function definition for 'write.table'
    write.sn2gwt: no visible global function definition for 'write.table'
Flavor: r-devel-windows-ix86+x86_64