CRAN Package Check Results for Package spdep

Last updated on 2017-10-18 03:48:37.

Flavor Version Tinstall Tcheck Ttotal Status Flags
r-devel-linux-x86_64-debian-clang 0.6-15 7.89 179.61 187.50 OK
r-devel-linux-x86_64-debian-gcc 0.6-15 8.64 176.44 185.08 OK
r-devel-linux-x86_64-fedora-clang 0.6-15 352.95 NOTE
r-devel-linux-x86_64-fedora-gcc 0.6-15 357.64 NOTE
r-devel-windows-ix86+x86_64 0.6-15 33.00 493.00 526.00 NOTE
r-patched-linux-x86_64 0.6-15 7.02 171.40 178.42 OK
r-patched-solaris-x86 0.6-15 419.70 NOTE
r-release-linux-x86_64 0.6-15 7.55 172.08 179.63 OK
r-release-windows-ix86+x86_64 0.6-15 55.00 446.00 501.00 NOTE
r-release-osx-x86_64 0.6-15 NOTE
r-oldrel-windows-ix86+x86_64 0.6-15 44.00 396.00 440.00 NOTE
r-oldrel-osx-x86_64 0.6-15 NOTE

Check Details

Version: 0.6-15
Check: installed package size
Result: NOTE
     installed size is 5.6Mb
     sub-directories of 1Mb or more:
     data 1.2Mb
     doc 1.5Mb
     etc 1.7Mb
Flavors: r-devel-linux-x86_64-fedora-clang, r-devel-linux-x86_64-fedora-gcc, r-devel-windows-ix86+x86_64, r-patched-solaris-x86, r-release-windows-ix86+x86_64, r-release-osx-x86_64, r-oldrel-windows-ix86+x86_64, r-oldrel-osx-x86_64