CRAN Package Check Results for Package spdep

Last updated on 2015-05-27 15:47:10.

Flavor Version Tinstall Tcheck Ttotal Status Flags
r-devel-linux-x86_64-debian-clang 0.5-88 7.12 168.28 175.40 NOTE
r-devel-linux-x86_64-debian-gcc 0.5-88 7.22 169.05 176.27 NOTE
r-devel-linux-x86_64-fedora-clang 0.5-88 349.19 NOTE
r-devel-linux-x86_64-fedora-gcc 0.5-88 334.17 NOTE
r-devel-osx-x86_64-clang 0.5-88 287.99 NOTE
r-devel-windows-ix86+x86_64 0.5-88 46.00 306.00 352.00 NOTE
r-patched-linux-x86_64 0.5-88 6.88 168.73 175.62 NOTE
r-patched-solaris-sparc 0.5-88 1988.70 NOTE
r-patched-solaris-x86 0.5-88 412.90 NOTE
r-release-linux-x86_64 0.5-88 7.34 167.06 174.40 NOTE
r-release-osx-x86_64-mavericks 0.5-88 NOTE
r-release-osx-x86_64-snowleopard 0.5-88 ERROR
r-release-windows-ix86+x86_64 0.5-88 41.00 301.00 342.00 NOTE
r-oldrel-windows-ix86+x86_64 0.5-88 41.00 339.00 380.00 NOTE

Check Details

Version: 0.5-88
Check: installed package size
Result: NOTE
     installed size is 5.4Mb
     sub-directories of 1Mb or more:
     data 1.1Mb
     doc 1.5Mb
     etc 1.7Mb
Flavors: r-devel-linux-x86_64-debian-clang, r-devel-linux-x86_64-debian-gcc, r-devel-linux-x86_64-fedora-clang, r-devel-linux-x86_64-fedora-gcc, r-devel-osx-x86_64-clang, r-devel-windows-ix86+x86_64, r-patched-linux-x86_64, r-patched-solaris-sparc, r-patched-solaris-x86, r-release-linux-x86_64, r-release-osx-x86_64-mavericks, r-release-windows-ix86+x86_64, r-oldrel-windows-ix86+x86_64

Version: 0.5-88
Check: package dependencies
Result: ERROR
    Packages suggested but not available for checking: ‘spam’ ‘igraph’ ‘knitr’
    
    VignetteBuilder package required for checking but not installed: ‘knitr’
    
    See section ‘The DESCRIPTION file’ in the ‘Writing R Extensions’
    manual.
Flavor: r-release-osx-x86_64-snowleopard