CRAN Package Check Results for Package spdep

Last updated on 2017-05-25 06:48:17.

Flavor Version Tinstall Tcheck Ttotal Status Flags
r-devel-linux-x86_64-debian-clang 0.6-13 8.19 173.72 181.91 OK
r-devel-linux-x86_64-debian-gcc 0.6-13 7.50 176.64 184.14 OK
r-devel-linux-x86_64-fedora-clang 0.6-13 368.70 NOTE --no-stop-on-test-error
r-devel-linux-x86_64-fedora-gcc 0.6-13 339.97 NOTE --no-stop-on-test-error
r-devel-windows-ix86+x86_64 0.6-13 34.00 345.00 379.00 NOTE
r-patched-linux-x86_64 0.6-13 7.35 170.06 177.41 OK
r-patched-solaris-sparc 0.6-13 1837.80 NOTE
r-patched-solaris-x86 0.6-13 440.30 NOTE
r-release-linux-x86_64 0.6-13 7.05 171.23 178.28 OK
r-release-windows-ix86+x86_64 0.6-13 55.00 558.00 613.00 NOTE
r-release-osx-x86_64 0.6-13 NOTE
r-oldrel-windows-ix86+x86_64 0.6-13 44.00 409.00 453.00 NOTE
r-oldrel-osx-x86_64 0.6-13 NOTE

Check Details

Version: 0.6-13
Flags: --no-stop-on-test-error
Check: installed package size
Result: NOTE
     installed size is 5.6Mb
     sub-directories of 1Mb or more:
     data 1.2Mb
     doc 1.5Mb
     etc 1.7Mb
Flavors: r-devel-linux-x86_64-fedora-clang, r-devel-linux-x86_64-fedora-gcc

Version: 0.6-13
Check: installed package size
Result: NOTE
     installed size is 5.5Mb
     sub-directories of 1Mb or more:
     data 1.1Mb
     doc 1.5Mb
     etc 1.7Mb
Flavors: r-devel-windows-ix86+x86_64, r-patched-solaris-sparc, r-patched-solaris-x86, r-release-windows-ix86+x86_64, r-release-osx-x86_64, r-oldrel-windows-ix86+x86_64, r-oldrel-osx-x86_64