CRAN Package Check Results for Package spdep

Last updated on 2014-08-31 11:47:18.

Flavor Version Tinstall Tcheck Ttotal Status Flags
r-devel-linux-x86_64-debian-clang 0.5-74 7.87 174.78 182.65 NOTE
r-devel-linux-x86_64-debian-gcc 0.5-74 8.04 166.94 174.98 NOTE
r-devel-linux-x86_64-fedora-clang 0.5-74 407.72 NOTE
r-devel-linux-x86_64-fedora-gcc 0.5-74 385.41 NOTE
r-devel-osx-x86_64-clang 0.5-74 302.20 NOTE
r-devel-windows-ix86+x86_64 0.5-74 35.00 309.00 344.00 NOTE
r-patched-linux-x86_64 0.5-74 7.89 192.51 200.40 NOTE
r-patched-solaris-sparc 0.5-74 2283.10 NOTE
r-patched-solaris-x86 0.5-74 468.30 NOTE
r-release-linux-ix86 0.5-74 10.20 217.49 227.69 NOTE
r-release-linux-x86_64 0.5-74 8.39 184.19 192.58 NOTE
r-release-osx-x86_64-mavericks 0.5-74 NOTE
r-release-osx-x86_64-snowleopard 0.5-74 NOTE
r-release-windows-ix86+x86_64 0.5-74 34.00 329.00 363.00 NOTE
r-oldrel-windows-ix86+x86_64 0.5-74 38.00 310.00 348.00 NOTE

Check Details

Version: 0.5-74
Check: installed package size
Result: NOTE
     installed size is 5.2Mb
     sub-directories of 1Mb or more:
     data 1.1Mb
     doc 1.4Mb
     etc 1.7Mb
Flavors: r-devel-linux-x86_64-debian-clang, r-devel-linux-x86_64-debian-gcc, r-devel-linux-x86_64-fedora-clang, r-devel-linux-x86_64-fedora-gcc, r-devel-osx-x86_64-clang, r-devel-windows-ix86+x86_64, r-patched-linux-x86_64, r-patched-solaris-sparc, r-patched-solaris-x86, r-release-linux-ix86, r-release-linux-x86_64, r-release-osx-x86_64-mavericks, r-release-osx-x86_64-snowleopard, r-release-windows-ix86+x86_64, r-oldrel-windows-ix86+x86_64

Version: 0.5-74
Check: R code for possible problems
Result: NOTE
    as.spam.listw: no visible global function definition for
     ‘validspamobject’
    boot_wrapper_in: no visible global function definition for
     ‘clusterSetRNGStream’
    boot_wrapper_in: no visible global function definition for
     ‘clusterEvalQ’
    knearneigh: no visible global function definition for ‘nn2’
    mom_calc: no visible global function definition for ‘splitIndices’
    mom_calc: no visible global function definition for ‘parLapply’
    mom_calc: no visible global function definition for ‘mclapply’
    nbcosts: no visible global function definition for ‘splitIndices’
    nbcosts: no visible global function definition for ‘clusterExport’
    nbcosts: no visible global function definition for ‘clusterApply’
    nbcosts: no visible global function definition for ‘mclapply’
    prunecost: no visible global function definition for ‘splitIndices’
    prunecost: no visible global function definition for ‘parLapply’
    prunecost: no visible global function definition for ‘mclapply’
    similar.listw_spam: no visible global function definition for
     ‘diag.spam’
    spam_setup: no visible global function definition for ‘diag.spam’
    spam_update_setup: no visible global function definition for
     ‘diag.spam’
Flavors: r-devel-linux-x86_64-debian-clang, r-devel-linux-x86_64-debian-gcc, r-devel-linux-x86_64-fedora-clang, r-devel-linux-x86_64-fedora-gcc, r-devel-osx-x86_64-clang, r-devel-windows-ix86+x86_64