CRAN Package Check Results for Package spdep

Last updated on 2017-06-24 09:56:03.

Flavor Version Tinstall Tcheck Ttotal Status Flags
r-devel-linux-x86_64-debian-clang 0.6-13 8.03 179.09 187.12 OK
r-devel-linux-x86_64-debian-gcc 0.6-13 7.45 173.77 181.23 OK
r-devel-linux-x86_64-fedora-clang 0.6-13 350.64 NOTE
r-devel-linux-x86_64-fedora-gcc 0.6-13 345.16 NOTE
r-devel-windows-ix86+x86_64 0.6-13 49.00 472.00 521.00 NOTE
r-patched-linux-x86_64 0.6-13 6.90 171.66 178.56 OK
r-patched-solaris-sparc 0.6-13 1837.80 NOTE
r-patched-solaris-x86 0.6-13 428.00 NOTE
r-release-linux-x86_64 0.6-13 7.82 178.33 186.15 OK
r-release-windows-ix86+x86_64 0.6-13 51.00 478.00 529.00 NOTE
r-release-osx-x86_64 0.6-13 NOTE
r-oldrel-windows-ix86+x86_64 0.6-13 60.00 404.00 464.00 NOTE
r-oldrel-osx-x86_64 0.6-13 NOTE

Check Details

Version: 0.6-13
Check: installed package size
Result: NOTE
     installed size is 5.6Mb
     sub-directories of 1Mb or more:
     data 1.2Mb
     doc 1.5Mb
     etc 1.7Mb
Flavors: r-devel-linux-x86_64-fedora-clang, r-devel-linux-x86_64-fedora-gcc, r-devel-windows-ix86+x86_64, r-patched-solaris-sparc, r-patched-solaris-x86, r-release-windows-ix86+x86_64, r-release-osx-x86_64, r-oldrel-windows-ix86+x86_64, r-oldrel-osx-x86_64