CRAN Package Check Results for Package spdep

Last updated on 2014-04-23 07:55:09.

Flavor Version Tinstall Tcheck Ttotal Status Flags
r-devel-linux-x86_64-debian-clang 0.5-71 8.74 190.47 199.21 NOTE
r-devel-linux-x86_64-debian-gcc 0.5-71 8.32 191.54 199.86 NOTE
r-devel-linux-x86_64-fedora-clang 0.5-71 436.06 NOTE
r-devel-linux-x86_64-fedora-gcc 0.5-71 420.88 NOTE
r-devel-osx-x86_64-clang 0.5-71 332.81 OK
r-devel-osx-x86_64-gcc 0.5-71 ERROR
r-devel-windows-ix86+x86_64 0.5-71 38.00 315.00 353.00 OK
r-patched-linux-x86_64 0.5-71 8.16 193.46 201.62 NOTE
r-patched-solaris-sparc 0.5-71 2248.40 NOTE
r-patched-solaris-x86 0.5-71 489.20 NOTE
r-release-linux-ix86 0.5-71 13.00 273.00 286.00 NOTE
r-release-linux-x86_64 0.5-71 8.32 188.42 196.74 NOTE
r-release-osx-x86_64-mavericks 0.5-71 ERROR
r-release-osx-x86_64-snowleopard 0.5-71 OK
r-release-windows-ix86+x86_64 0.5-71 32.00 326.00 358.00 OK
r-oldrel-windows-ix86+x86_64 0.5-71 36.00 319.00 355.00 OK

Check Details

Version: 0.5-71
Check: installed package size
Result: NOTE
     installed size is 5.0Mb
     sub-directories of 1Mb or more:
     data 1.1Mb
     doc 1.2Mb
     etc 1.7Mb
Flavors: r-devel-linux-x86_64-debian-clang, r-devel-linux-x86_64-debian-gcc, r-devel-linux-x86_64-fedora-clang, r-devel-linux-x86_64-fedora-gcc, r-patched-linux-x86_64, r-patched-solaris-sparc, r-patched-solaris-x86, r-release-linux-ix86, r-release-linux-x86_64, r-release-osx-x86_64-mavericks

Version: 0.5-71
Check: package dependencies
Result: NOTE
    Packages suggested but not available for checking: ‘spam’ ‘maptools’
Flavor: r-devel-osx-x86_64-gcc

Version: 0.5-71
Check: R code for possible problems
Result: NOTE
    as.spam.listw: no visible global function definition for
     ‘validspamobject’
    similar.listw_spam: no visible global function definition for
     ‘diag.spam’
    spam_setup: no visible global function definition for ‘diag.spam’
    spam_update_setup: no visible global function definition for
     ‘diag.spam’
Flavor: r-devel-osx-x86_64-gcc

Version: 0.5-71
Check: Rd cross-references
Result: NOTE
    Package unavailable to check Rd xrefs: ‘maptools’
Flavors: r-devel-osx-x86_64-gcc, r-release-osx-x86_64-mavericks

Version: 0.5-71
Check: examples
Result: ERROR
    Running examples in ‘spdep-Ex.R’ failed
    The error most likely occurred in:
    
    > ### Name: EBImoran.mc
    > ### Title: Permutation test for empirical Bayes index
    > ### Aliases: EBImoran.mc EBImoran
    > ### Keywords: spatial
    >
    > ### ** Examples
    >
    > example(nc.sids)
    
    nc.sds> require(maptools)
    Loading required package: maptools
    Warning in library(package, lib.loc = lib.loc, character.only = TRUE, logical.return = TRUE, :
     there is no package called ‘maptools’
    
    nc.sds> nc.sids <- readShapePoly(system.file("etc/shapes/sids.shp", package="spdep")[1],
    nc.sds+ ID="FIPSNO", proj4string=CRS("+proj=longlat +ellps=clrk66"))
    Error in eval(expr, envir, enclos) :
     could not find function "readShapePoly"
    Calls: example -> source -> withVisible -> eval -> eval
    Execution halted
Flavors: r-devel-osx-x86_64-gcc, r-release-osx-x86_64-mavericks

Version: 0.5-71
Check: package dependencies
Result: NOTE
    Package suggested but not available for checking: ‘maptools’
Flavor: r-release-osx-x86_64-mavericks