CRAN Package Check Results for Package spdep

Last updated on 2014-09-20 08:51:55.

Flavor Version Tinstall Tcheck Ttotal Status Flags
r-devel-linux-x86_64-debian-clang 0.5-74 8.04 172.64 180.68 NOTE
r-devel-linux-x86_64-debian-gcc 0.5-77 7.86 174.34 182.19 NOTE
r-devel-linux-x86_64-fedora-clang 0.5-77 230.67 NOTE
r-devel-linux-x86_64-fedora-gcc 0.5-77 194.68 NOTE
r-devel-osx-x86_64-clang 0.5-77 161.76 NOTE
r-devel-windows-ix86+x86_64 0.5-74 36.00 278.00 314.00 NOTE
r-patched-linux-x86_64 0.5-74 10.27 190.36 200.62 NOTE
r-patched-solaris-sparc 0.5-77 2121.00 NOTE
r-patched-solaris-x86 0.5-77 403.40 NOTE
r-release-linux-ix86 0.5-74 10.23 221.10 231.34 NOTE
r-release-linux-x86_64 0.5-74 8.35 193.03 201.38 NOTE
r-release-osx-x86_64-mavericks 0.5-74 NOTE
r-release-osx-x86_64-snowleopard 0.5-74 NOTE
r-release-windows-ix86+x86_64 0.5-77 32.00 291.00 323.00 NOTE
r-oldrel-windows-ix86+x86_64 0.5-74 37.00 318.00 355.00 NOTE

Check Details

Version: 0.5-74
Check: installed package size
Result: NOTE
     installed size is 5.2Mb
     sub-directories of 1Mb or more:
     data 1.1Mb
     doc 1.4Mb
     etc 1.7Mb
Flavors: r-devel-linux-x86_64-debian-clang, r-devel-windows-ix86+x86_64, r-patched-linux-x86_64, r-release-linux-ix86, r-release-linux-x86_64, r-release-osx-x86_64-mavericks, r-release-osx-x86_64-snowleopard, r-oldrel-windows-ix86+x86_64

Version: 0.5-74
Check: R code for possible problems
Result: NOTE
    as.spam.listw: no visible global function definition for
     ‘validspamobject’
    boot_wrapper_in: no visible global function definition for
     ‘clusterSetRNGStream’
    boot_wrapper_in: no visible global function definition for
     ‘clusterEvalQ’
    knearneigh: no visible global function definition for ‘nn2’
    mom_calc: no visible global function definition for ‘splitIndices’
    mom_calc: no visible global function definition for ‘parLapply’
    mom_calc: no visible global function definition for ‘mclapply’
    nbcosts: no visible global function definition for ‘splitIndices’
    nbcosts: no visible global function definition for ‘clusterExport’
    nbcosts: no visible global function definition for ‘clusterApply’
    nbcosts: no visible global function definition for ‘mclapply’
    prunecost: no visible global function definition for ‘splitIndices’
    prunecost: no visible global function definition for ‘parLapply’
    prunecost: no visible global function definition for ‘mclapply’
    similar.listw_spam: no visible global function definition for
     ‘diag.spam’
    spam_setup: no visible global function definition for ‘diag.spam’
    spam_update_setup: no visible global function definition for
     ‘diag.spam’
Flavors: r-devel-linux-x86_64-debian-clang, r-devel-windows-ix86+x86_64

Version: 0.5-77
Check: installed package size
Result: NOTE
     installed size is 5.2Mb
     sub-directories of 1Mb or more:
     data 1.1Mb
     doc 1.4Mb
     etc 1.7Mb
Flavors: r-devel-linux-x86_64-debian-gcc, r-devel-linux-x86_64-fedora-clang, r-devel-linux-x86_64-fedora-gcc, r-devel-osx-x86_64-clang, r-patched-solaris-sparc, r-patched-solaris-x86, r-release-windows-ix86+x86_64