CRAN Package Check Results for Package spdep

Last updated on 2016-05-28 23:47:55.

Flavor Version Tinstall Tcheck Ttotal Status Flags
r-devel-linux-x86_64-debian-gcc 0.6-4 7.18 148.68 155.87 NOTE
r-devel-linux-x86_64-fedora-clang 0.6-4 286.08 NOTE
r-devel-linux-x86_64-fedora-gcc 0.6-4 275.27 NOTE
r-devel-osx-x86_64-clang 0.6-4 307.42 NOTE
r-devel-windows-ix86+x86_64 0.6-4 29.00 322.00 351.00 NOTE
r-patched-linux-x86_64 0.6-4 7.19 143.32 150.51 NOTE
r-patched-solaris-sparc 0.6-4 1725.00 NOTE
r-patched-solaris-x86 0.6-4 343.70 NOTE
r-release-linux-x86_64 0.6-4 7.71 145.04 152.75 NOTE
r-release-osx-x86_64-mavericks 0.6-4 NOTE
r-release-windows-ix86+x86_64 0.6-4 53.00 340.00 393.00 NOTE
r-oldrel-windows-ix86+x86_64 0.6-4 37.00 358.00 395.00 NOTE

Check Details

Version: 0.6-4
Check: installed package size
Result: NOTE
     installed size is 5.5Mb
     sub-directories of 1Mb or more:
     data 1.1Mb
     doc 1.5Mb
     etc 1.7Mb
Flavors: r-devel-linux-x86_64-debian-gcc, r-devel-linux-x86_64-fedora-clang, r-devel-linux-x86_64-fedora-gcc, r-devel-osx-x86_64-clang, r-devel-windows-ix86+x86_64, r-patched-linux-x86_64, r-patched-solaris-sparc, r-patched-solaris-x86, r-release-linux-x86_64, r-release-osx-x86_64-mavericks, r-release-windows-ix86+x86_64, r-oldrel-windows-ix86+x86_64