CRAN Package Check Results for Package spdep

Last updated on 2014-12-20 16:49:11.

Flavor Version Tinstall Tcheck Ttotal Status Flags
r-devel-linux-x86_64-debian-clang 0.5-77 7.96 180.95 188.90 NOTE
r-devel-linux-x86_64-debian-gcc 0.5-77 7.76 170.08 177.84 NOTE
r-devel-linux-x86_64-fedora-clang 0.5-77 391.99 NOTE
r-devel-linux-x86_64-fedora-gcc 0.5-77 350.41 NOTE
r-devel-osx-x86_64-clang 0.5-77 324.90 NOTE
r-devel-windows-ix86+x86_64 0.5-77 40.00 298.00 338.00 NOTE
r-patched-linux-x86_64 0.5-77 8.02 183.73 191.74 NOTE
r-patched-solaris-sparc 0.5-77 2121.00 NOTE
r-patched-solaris-x86 0.5-77 484.30 NOTE
r-release-linux-ix86 0.5-77 9.90 207.33 217.22 NOTE
r-release-linux-x86_64 0.5-77 7.95 188.92 196.88 NOTE
r-release-osx-x86_64-mavericks 0.5-77 NOTE
r-release-osx-x86_64-snowleopard 0.5-77 NOTE
r-release-windows-ix86+x86_64 0.5-77 43.00 327.00 370.00 NOTE
r-oldrel-windows-ix86+x86_64 0.5-77 37.00 332.00 369.00 NOTE

Memtest notes: valgrind

Check Details

Version: 0.5-77
Check: installed package size
Result: NOTE
     installed size is 5.2Mb
     sub-directories of 1Mb or more:
     data 1.1Mb
     doc 1.4Mb
     etc 1.7Mb
Flavors: r-devel-linux-x86_64-debian-clang, r-devel-linux-x86_64-debian-gcc, r-devel-linux-x86_64-fedora-clang, r-devel-linux-x86_64-fedora-gcc, r-devel-osx-x86_64-clang, r-devel-windows-ix86+x86_64, r-patched-linux-x86_64, r-patched-solaris-sparc, r-patched-solaris-x86, r-release-linux-ix86, r-release-linux-x86_64, r-release-osx-x86_64-mavericks, r-release-osx-x86_64-snowleopard, r-release-windows-ix86+x86_64, r-oldrel-windows-ix86+x86_64