CRAN Package Check Results for Package spdep

Last updated on 2014-07-30 09:47:58.

Flavor Version Tinstall Tcheck Ttotal Status Flags
r-devel-linux-x86_64-debian-clang 0.5-74 7.90 180.61 188.51 NOTE
r-devel-linux-x86_64-debian-gcc 0.5-74 8.18 175.80 183.98 NOTE
r-devel-linux-x86_64-fedora-clang 0.5-74 423.86 NOTE
r-devel-linux-x86_64-fedora-gcc 0.5-74 405.57 NOTE
r-devel-osx-x86_64-clang 0.5-74 326.18 NOTE
r-devel-windows-ix86+x86_64 0.5-74 39.00 310.00 349.00 NOTE
r-patched-linux-x86_64 0.5-74 8.82 191.64 200.46 NOTE
r-patched-solaris-sparc 0.5-74 2094.80 NOTE
r-patched-solaris-x86 0.5-74 499.50 NOTE
r-release-linux-ix86 0.5-74 10.04 214.69 224.73 NOTE
r-release-linux-x86_64 0.5-74 8.46 184.17 192.63 NOTE
r-release-osx-x86_64-mavericks 0.5-74 NOTE
r-release-osx-x86_64-snowleopard 0.5-74 NOTE
r-release-windows-ix86+x86_64 0.5-74 33.00 330.00 363.00 NOTE
r-oldrel-windows-ix86+x86_64 0.5-74 39.00 333.00 372.00 NOTE

Check Details

Version: 0.5-74
Check: installed package size
Result: NOTE
     installed size is 5.2Mb
     sub-directories of 1Mb or more:
     data 1.1Mb
     doc 1.4Mb
     etc 1.7Mb
Flavors: r-devel-linux-x86_64-debian-clang, r-devel-linux-x86_64-debian-gcc, r-devel-linux-x86_64-fedora-clang, r-devel-linux-x86_64-fedora-gcc, r-devel-osx-x86_64-clang, r-devel-windows-ix86+x86_64, r-patched-linux-x86_64, r-patched-solaris-sparc, r-patched-solaris-x86, r-release-linux-ix86, r-release-linux-x86_64, r-release-osx-x86_64-mavericks, r-release-osx-x86_64-snowleopard, r-release-windows-ix86+x86_64, r-oldrel-windows-ix86+x86_64