CRAN Package Check Results for Package spdep

Last updated on 2014-10-31 19:48:04.

Flavor Version Tinstall Tcheck Ttotal Status Flags
r-devel-linux-x86_64-debian-clang 0.5-77 7.82 173.40 181.21 NOTE
r-devel-linux-x86_64-debian-gcc 0.5-77 7.59 176.24 183.83 NOTE
r-devel-linux-x86_64-fedora-clang 0.5-77 397.71 NOTE
r-devel-linux-x86_64-fedora-gcc 0.5-77 381.96 NOTE
r-devel-osx-x86_64-clang 0.5-77 327.57 NOTE
r-devel-windows-ix86+x86_64 0.5-77 33.00 300.00 333.00 NOTE
r-patched-linux-x86_64 0.5-77 8.80 188.72 197.52 NOTE
r-patched-solaris-sparc 0.5-77 2121.00 NOTE
r-patched-solaris-x86 0.5-77 501.40 NOTE
r-release-linux-ix86 0.5-77 10.31 232.28 242.59 NOTE
r-release-linux-x86_64 0.5-77 10.18 192.82 203.00 NOTE
r-release-osx-x86_64-mavericks 0.5-77 NOTE
r-release-osx-x86_64-snowleopard 0.5-77 NOTE
r-release-windows-ix86+x86_64 0.5-77 33.00 323.00 356.00 NOTE
r-oldrel-windows-ix86+x86_64 0.5-77 36.00 339.00 375.00 NOTE

Check Details

Version: 0.5-77
Check: installed package size
Result: NOTE
     installed size is 5.2Mb
     sub-directories of 1Mb or more:
     data 1.1Mb
     doc 1.4Mb
     etc 1.7Mb
Flavors: r-devel-linux-x86_64-debian-clang, r-devel-linux-x86_64-debian-gcc, r-devel-linux-x86_64-fedora-clang, r-devel-linux-x86_64-fedora-gcc, r-devel-osx-x86_64-clang, r-devel-windows-ix86+x86_64, r-patched-linux-x86_64, r-patched-solaris-sparc, r-patched-solaris-x86, r-release-linux-ix86, r-release-linux-x86_64, r-release-osx-x86_64-mavericks, r-release-osx-x86_64-snowleopard, r-release-windows-ix86+x86_64, r-oldrel-windows-ix86+x86_64