CRAN Package Check Results for Package spdep

Last updated on 2017-12-15 08:49:06 CET.

Flavor Version Tinstall Tcheck Ttotal Status Flags
r-devel-linux-x86_64-debian-clang 0.7-4 9.76 110.34 120.10 FAIL
r-devel-linux-x86_64-debian-gcc 0.7-4 8.23 330.29 338.52 OK
r-devel-linux-x86_64-fedora-clang 0.7-4 487.39 OK
r-devel-linux-x86_64-fedora-gcc 0.7-4 498.93 OK
r-devel-windows-ix86+x86_64 0.7-4 48.00 494.00 542.00 OK
r-patched-linux-x86_64 0.7-4 9.56 426.17 435.73 OK
r-patched-solaris-x86 0.7-4 656.10 OK
r-release-linux-x86_64 0.7-4 10.08 422.80 432.88 OK
r-release-windows-ix86+x86_64 0.7-4 36.00 488.00 524.00 OK
r-release-osx-x86_64 0.7-4 OK
r-oldrel-windows-ix86+x86_64 0.7-4 33.00 595.00 628.00 OK
r-oldrel-osx-x86_64 0.7-4 OK

Check Details

Version: 0.7-4
Check: pragmas in C/C++ headers and code
Result: FAIL
    
Flavor: r-devel-linux-x86_64-debian-clang