CRAN Package Check Results for Package spdep

Last updated on 2016-07-26 13:49:15.

Flavor Version Tinstall Tcheck Ttotal Status Flags
r-devel-linux-x86_64-debian-clang 0.6-5 9.35 175.60 184.96 NOTE
r-devel-linux-x86_64-debian-gcc 0.6-5 9.20 175.00 184.21 NOTE
r-devel-linux-x86_64-fedora-clang 0.6-5 295.88 NOTE
r-devel-linux-x86_64-fedora-gcc 0.6-5 276.17 NOTE
r-devel-osx-x86_64-clang 0.6-5 226.91 NOTE
r-devel-windows-ix86+x86_64 0.6-5 47.00 351.00 398.00 NOTE
r-patched-linux-x86_64 0.6-5 8.75 168.92 177.67 NOTE
r-patched-solaris-sparc 0.6-5 1705.00 NOTE
r-patched-solaris-x86 0.6-5 351.30 NOTE
r-release-linux-x86_64 0.6-5 9.05 168.70 177.75 NOTE
r-release-osx-x86_64-mavericks 0.6-5 NOTE
r-release-windows-ix86+x86_64 0.6-5 49.00 300.00 349.00 NOTE
r-oldrel-windows-ix86+x86_64 0.6-5 51.00 380.00 431.00 NOTE

Check Details

Version: 0.6-5
Check: installed package size
Result: NOTE
     installed size is 5.4Mb
     sub-directories of 1Mb or more:
     data 1.1Mb
     doc 1.5Mb
     etc 1.7Mb
Flavors: r-devel-linux-x86_64-debian-clang, r-devel-linux-x86_64-debian-gcc, r-devel-linux-x86_64-fedora-clang, r-devel-linux-x86_64-fedora-gcc, r-devel-osx-x86_64-clang, r-devel-windows-ix86+x86_64, r-patched-linux-x86_64, r-patched-solaris-sparc, r-patched-solaris-x86, r-release-linux-x86_64, r-release-osx-x86_64-mavericks, r-release-windows-ix86+x86_64, r-oldrel-windows-ix86+x86_64