CRAN Package Check Results for Package spdep

Last updated on 2016-02-14 10:47:00.

Flavor Version Tinstall Tcheck Ttotal Status Flags
r-devel-linux-x86_64-debian-gcc 0.5-92 7.11 142.37 149.48 NOTE
r-devel-linux-x86_64-fedora-clang 0.5-92 285.12 NOTE
r-devel-linux-x86_64-fedora-gcc 0.5-92 270.53 NOTE
r-devel-osx-x86_64-clang 0.5-92 299.61 NOTE
r-devel-windows-ix86+x86_64 0.5-92 55.00 365.00 420.00 NOTE
r-patched-linux-x86_64 0.5-92 7.67 174.36 182.03 NOTE
r-patched-solaris-sparc 0.5-92 2029.70 NOTE
r-patched-solaris-x86 0.5-92 419.70 NOTE
r-release-linux-x86_64 0.5-92 7.68 172.69 180.37 NOTE
r-release-osx-x86_64-mavericks 0.5-92 NOTE
r-release-windows-ix86+x86_64 0.5-92 47.00 397.00 444.00 NOTE
r-oldrel-windows-ix86+x86_64 0.5-92 53.00 544.00 597.00 NOTE

Check Details

Version: 0.5-92
Check: installed package size
Result: NOTE
     installed size is 5.5Mb
     sub-directories of 1Mb or more:
     data 1.1Mb
     doc 1.5Mb
     etc 1.7Mb
Flavors: r-devel-linux-x86_64-debian-gcc, r-devel-linux-x86_64-fedora-clang, r-devel-linux-x86_64-fedora-gcc, r-devel-osx-x86_64-clang, r-devel-windows-ix86+x86_64, r-patched-linux-x86_64, r-patched-solaris-sparc, r-patched-solaris-x86, r-release-linux-x86_64, r-release-osx-x86_64-mavericks, r-release-windows-ix86+x86_64, r-oldrel-windows-ix86+x86_64

Version: 0.5-92
Check: R code for possible problems
Result: NOTE
    airdist: no visible global function definition for 'bringToTop'
    edit.nb: no visible global function definition for 'bringToTop'
    Undefined global functions or variables:
     bringToTop
    Consider adding
     importFrom("grDevices", "bringToTop")
    to your NAMESPACE file.
Flavor: r-devel-windows-ix86+x86_64