CRAN Package Check Results for Package spdep

Last updated on 2017-02-22 23:54:24.

Flavor Version Tinstall Tcheck Ttotal Status Flags
r-devel-linux-x86_64-debian-clang 0.6-10 8.05 178.31 186.37 OK
r-devel-linux-x86_64-debian-gcc 0.6-10 7.30 177.73 185.03 OK
r-devel-linux-x86_64-fedora-clang 0.6-10 347.29 NOTE --no-stop-on-test-error
r-devel-linux-x86_64-fedora-gcc 0.6-10 330.97 NOTE --no-stop-on-test-error
r-devel-macos-x86_64-clang 0.6-10 137.43 NOTE --no-stop-on-test-error
r-devel-windows-ix86+x86_64 0.6-10 79.00 519.00 598.00 NOTE
r-patched-linux-x86_64 0.6-9 6.65 159.53 166.17 OK
r-patched-solaris-sparc 0.6-10 1692.50 NOTE
r-patched-solaris-x86 0.6-10 290.00 NOTE
r-release-linux-x86_64 0.6-10 6.81 158.35 165.16 OK
r-release-osx-x86_64-mavericks 0.6-10 NOTE
r-release-windows-ix86+x86_64 0.6-10 41.00 371.00 412.00 NOTE
r-oldrel-windows-ix86+x86_64 0.6-10 34.00 2.00 36.00 ERROR

Check Details

Version: 0.6-10
Flags: --no-stop-on-test-error
Check: installed package size
Result: NOTE
     installed size is 5.6Mb
     sub-directories of 1Mb or more:
     data 1.2Mb
     doc 1.5Mb
     etc 1.7Mb
Flavors: r-devel-linux-x86_64-fedora-clang, r-devel-linux-x86_64-fedora-gcc, r-devel-macos-x86_64-clang

Version: 0.6-10
Check: installed package size
Result: NOTE
     installed size is 5.5Mb
     sub-directories of 1Mb or more:
     data 1.1Mb
     doc 1.5Mb
     etc 1.7Mb
Flavors: r-devel-windows-ix86+x86_64, r-patched-solaris-sparc, r-patched-solaris-x86, r-release-osx-x86_64-mavericks, r-release-windows-ix86+x86_64

Version: 0.6-10
Check: package dependencies
Result: ERROR
    Namespace dependency not required: 'c("expm")'
    
    See section 'The DESCRIPTION file' in the 'Writing R Extensions'
    manual.
Flavor: r-oldrel-windows-ix86+x86_64