CRAN Package Check Results for Package spectral

Last updated on 2017-12-18 07:47:28 CET.

Flavor Version Tinstall Tcheck Ttotal Status Flags
r-devel-linux-x86_64-debian-clang 1.0.1 10.29 25.40 35.69 NOTE
r-devel-linux-x86_64-debian-gcc NOTE
r-devel-linux-x86_64-fedora-clang 1.0.1 48.70 NOTE
r-devel-linux-x86_64-fedora-gcc 1.0.1 45.44 NOTE
r-devel-windows-ix86+x86_64 1.0.1 28.00 49.00 77.00 OK
r-patched-linux-x86_64 1.0.1 9.79 25.63 35.42 NOTE
r-patched-solaris-x86 1.0.1 54.60 OK
r-release-linux-x86_64 1.0.1 9.34 25.83 35.17 NOTE
r-release-windows-ix86+x86_64 1.0.1 29.00 51.00 80.00 OK
r-release-osx-x86_64 1.0.1 OK
r-oldrel-windows-ix86+x86_64 1.0.1 36.00 64.00 100.00 OK
r-oldrel-osx-x86_64 1.0.1 OK

Check Details

Version: 1.0.1
Check: compiled code
Result: NOTE
    File ‘spectral/libs/spectral.so’:
     Found no calls to: ‘R_registerRoutines’, ‘R_useDynamicSymbols’
    
    It is good practice to register native routines and to disable symbol
    search.
    
    See ‘Writing portable packages’ in the ‘Writing R Extensions’ manual.
Flavors: r-devel-linux-x86_64-debian-clang, r-devel-linux-x86_64-debian-gcc, r-devel-linux-x86_64-fedora-clang, r-devel-linux-x86_64-fedora-gcc, r-patched-linux-x86_64, r-release-linux-x86_64