CRAN Package Check Results for Package spectral

Last updated on 2018-10-17 09:49:41 CEST.

Flavor Version Tinstall Tcheck Ttotal Status Flags
r-devel-linux-x86_64-debian-clang 1.0.1 14.81 28.27 43.08 OK
r-devel-linux-x86_64-debian-gcc 1.0.1 11.82 22.78 34.60 OK
r-devel-linux-x86_64-fedora-clang 1.0.1 55.38 NOTE
r-devel-linux-x86_64-fedora-gcc 1.0.1 50.93 NOTE
r-devel-windows-ix86+x86_64 1.0.1 44.00 57.00 101.00 OK
r-patched-linux-x86_64 1.0.1 15.97 25.27 41.24 OK
r-patched-solaris-x86 1.0.1 59.40 OK
r-release-linux-x86_64 1.0.1 12.20 25.55 37.75 OK
r-release-windows-ix86+x86_64 1.0.1 29.00 79.00 108.00 OK
r-release-osx-x86_64 1.0.1 OK
r-oldrel-windows-ix86+x86_64 1.0.1 39.00 55.00 94.00 OK
r-oldrel-osx-x86_64 1.0.1 OK

Check Details

Version: 1.0.1
Check: compiled code
Result: NOTE
    File ‘spectral/libs/spectral.so’:
     Found no calls to: ‘R_registerRoutines’, ‘R_useDynamicSymbols’
    
    It is good practice to register native routines and to disable symbol
    search.
    
    See ‘Writing portable packages’ in the ‘Writing R Extensions’ manual.
Flavors: r-devel-linux-x86_64-fedora-clang, r-devel-linux-x86_64-fedora-gcc