CRAN Package Check Results for Package spectral

Last updated on 2018-07-18 15:48:33 CEST.

Flavor Version Tinstall Tcheck Ttotal Status Flags
r-devel-linux-x86_64-debian-clang 1.0.1 14.06 28.00 42.06 NOTE
r-devel-linux-x86_64-debian-gcc 1.0.1 10.92 22.16 33.08 NOTE
r-devel-linux-x86_64-fedora-clang 1.0.1 52.90 NOTE
r-devel-linux-x86_64-fedora-gcc 1.0.1 48.93 NOTE
r-devel-windows-ix86+x86_64 1.0.1 44.00 77.00 121.00 OK
r-patched-linux-x86_64 1.0.1 13.74 26.55 40.29 NOTE
r-patched-solaris-x86 1.0.1 62.00 OK
r-release-linux-x86_64 1.0.1 13.50 27.03 40.53 NOTE
r-release-windows-ix86+x86_64 1.0.1 41.00 73.00 114.00 OK
r-release-osx-x86_64 1.0.1 OK
r-oldrel-windows-ix86+x86_64 1.0.1 41.00 55.00 96.00 OK
r-oldrel-osx-x86_64 1.0.1 OK

Check Details

Version: 1.0.1
Check: compiled code
Result: NOTE
    File ‘spectral/libs/spectral.so’:
     Found no calls to: ‘R_registerRoutines’, ‘R_useDynamicSymbols’
    
    It is good practice to register native routines and to disable symbol
    search.
    
    See ‘Writing portable packages’ in the ‘Writing R Extensions’ manual.
Flavors: r-devel-linux-x86_64-debian-clang, r-devel-linux-x86_64-debian-gcc, r-devel-linux-x86_64-fedora-clang, r-devel-linux-x86_64-fedora-gcc, r-patched-linux-x86_64, r-release-linux-x86_64