CRAN Package Check Results for Package spectral.methods

Last updated on 2014-11-24 00:47:55.

Flavor Version Tinstall Tcheck Ttotal Status Flags
r-devel-linux-x86_64-debian-clang 0.7.2.125 5.60 64.90 70.50 OK
r-devel-linux-x86_64-debian-gcc 0.7.2.125 4.94 66.20 71.14 OK
r-devel-linux-x86_64-fedora-clang 0.7.2.125 156.19 OK
r-devel-linux-x86_64-fedora-gcc 0.7.2.125 147.65 OK
r-devel-osx-x86_64-clang 0.7.2.125 131.75 OK
r-devel-windows-ix86+x86_64 0.7.2.125 16.00 95.00 111.00 OK
r-patched-linux-x86_64 0.7.2.125 5.19 67.44 72.64 OK
r-patched-solaris-sparc 0.7.2.125 855.90 OK
r-patched-solaris-x86 0.7.2.125 197.70 OK
r-release-linux-ix86 0.7.2.125 6.27 78.96 85.23 OK
r-release-linux-x86_64 0.7.2.125 5.13 66.19 71.32 OK
r-release-osx-x86_64-mavericks 0.7.2.125 ERROR
r-release-osx-x86_64-snowleopard 0.7.2.125 OK
r-release-windows-ix86+x86_64 0.7.2.125 20.00 109.00 129.00 OK
r-oldrel-windows-ix86+x86_64 0.7.2.125 17.00 106.00 123.00 OK

Check Details

Version: 0.7.2.125
Check: package dependencies
Result: ERROR
    Package required but not available: ‘Rssa’
    
    See the information on DESCRIPTION files in the chapter ‘Creating R
    packages’ of the ‘Writing R Extensions’ manual.
Flavor: r-release-osx-x86_64-mavericks