CRAN Package Check Results for Package spectral.methods

Last updated on 2014-08-29 21:47:51.

Flavor Version Tinstall Tcheck Ttotal Status Flags
r-devel-linux-x86_64-debian-clang 0.7.2.125 4.99 64.90 69.89 OK
r-devel-linux-x86_64-debian-gcc 0.7.2.125 6.49 62.54 69.03 OK
r-devel-linux-x86_64-fedora-clang 0.7.2.125 157.09 OK
r-devel-linux-x86_64-fedora-gcc 0.7.2.125 149.55 OK
r-devel-osx-x86_64-clang 0.7.2.125 122.46 OK
r-devel-windows-ix86+x86_64 0.7.2.125 21.00 101.00 122.00 OK
r-patched-linux-x86_64 0.7.2.125 5.01 65.52 70.52 OK
r-patched-solaris-sparc 0.7.2.125 855.90 OK
r-patched-solaris-x86 0.7.2.125 193.20 OK
r-release-linux-ix86 0.7.2.125 6.10 80.88 86.99 OK
r-release-linux-x86_64 0.7.2.125 5.10 65.96 71.06 OK
r-release-osx-x86_64-mavericks 0.7.2.125 ERROR
r-release-osx-x86_64-snowleopard 0.7.2.125 OK
r-release-windows-ix86+x86_64 0.7.2.125 18.00 107.00 125.00 OK
r-oldrel-windows-ix86+x86_64 0.7.2.125 19.00 109.00 128.00 OK

Check Details

Version: 0.7.2.125
Check: package dependencies
Result: ERROR
    Package required but not available: ‘Rssa’
    
    See the information on DESCRIPTION files in the chapter ‘Creating R
    packages’ of the ‘Writing R Extensions’ manual.
Flavor: r-release-osx-x86_64-mavericks