CRAN Package Check Results for Package spectral.methods

Last updated on 2014-07-30 16:47:04.

Flavor Version Tinstall Tcheck Ttotal Status Flags
r-devel-linux-x86_64-debian-clang 0.7.2.125 4.99 66.02 71.01 OK
r-devel-linux-x86_64-debian-gcc 0.7.2.125 4.92 65.07 69.99 OK
r-devel-linux-x86_64-fedora-clang 0.7.2.125 157.46 OK
r-devel-linux-x86_64-fedora-gcc 0.7.2.125 149.37 OK
r-devel-osx-x86_64-clang 0.7.2.125 128.05 OK
r-devel-windows-ix86+x86_64 0.7.2.125 17.00 99.00 116.00 OK
r-patched-linux-x86_64 0.7.2.125 5.07 66.22 71.29 OK
r-patched-solaris-sparc 0.7.2.125 855.90 OK
r-patched-solaris-x86 0.7.2.125 192.90 OK
r-release-linux-ix86 0.7.2.125 6.12 79.70 85.82 OK
r-release-linux-x86_64 0.7.2.125 5.11 66.80 71.91 OK
r-release-osx-x86_64-mavericks 0.7.2.125 ERROR
r-release-osx-x86_64-snowleopard 0.7.2.125 OK
r-release-windows-ix86+x86_64 0.7.2.125 17.00 109.00 126.00 OK
r-oldrel-windows-ix86+x86_64 0.7.2.125 19.00 109.00 128.00 OK

Check Details

Version: 0.7.2.125
Check: package dependencies
Result: ERROR
    Package required but not available: Rssa
    
    See the information on DESCRIPTION files in the chapter Creating R
    packages of the Writing R Extensions manual.
Flavor: r-release-osx-x86_64-mavericks