CRAN Package Check Results for Package spectral.methods

Last updated on 2015-01-30 11:49:24.

Flavor Version Tinstall Tcheck Ttotal Status Flags
r-devel-linux-x86_64-debian-clang 0.7.2.125 4.60 48.92 53.52 OK
r-devel-linux-x86_64-debian-gcc 0.7.2.125 3.81 48.21 52.02 OK
r-devel-linux-x86_64-fedora-clang 0.7.2.125 134.02 OK
r-devel-linux-x86_64-fedora-gcc 0.7.2.125 124.78 OK
r-devel-osx-x86_64-clang 0.7.2.125 126.33 OK
r-devel-windows-ix86+x86_64 0.7.2.125 15.00 77.00 92.00 OK
r-patched-linux-x86_64 0.7.2.125 5.24 67.84 73.07 OK
r-patched-solaris-sparc 0.7.2.125 834.40 OK
r-patched-solaris-x86 0.7.2.125 192.30 OK
r-release-linux-ix86 0.7.2.125 6.04 78.59 84.63 OK
r-release-linux-x86_64 0.7.2.125 5.20 67.75 72.95 OK
r-release-osx-x86_64-mavericks 0.7.2.125 ERROR
r-release-osx-x86_64-snowleopard 0.7.2.125 OK
r-release-windows-ix86+x86_64 0.7.2.125 20.00 118.00 138.00 OK
r-oldrel-windows-ix86+x86_64 0.7.2.125 19.00 119.00 138.00 OK

Check Details

Version: 0.7.2.125
Check: package dependencies
Result: ERROR
    Package required but not available: ‘Rssa’
    
    See the information on DESCRIPTION files in the chapter ‘Creating R
    packages’ of the ‘Writing R Extensions’ manual.
Flavor: r-release-osx-x86_64-mavericks