CRAN Package Check Results for Package spectral.methods

Last updated on 2014-12-20 14:48:05.

Flavor Version Tinstall Tcheck Ttotal Status Flags
r-devel-linux-x86_64-debian-clang 0.7.2.125 5.03 65.18 70.20 OK
r-devel-linux-x86_64-debian-gcc 0.7.2.125 4.78 65.72 70.50 OK
r-devel-linux-x86_64-fedora-clang 0.7.2.125 159.68 OK
r-devel-linux-x86_64-fedora-gcc 0.7.2.125 148.54 OK
r-devel-osx-x86_64-clang 0.7.2.125 129.15 OK
r-devel-windows-ix86+x86_64 0.7.2.125 20.00 98.00 118.00 OK
r-patched-linux-x86_64 0.7.2.125 5.31 67.82 73.13 OK
r-patched-solaris-sparc 0.7.2.125 855.90 OK
r-patched-solaris-x86 0.7.2.125 194.80 OK
r-release-linux-ix86 0.7.2.125 6.08 79.16 85.23 OK
r-release-linux-x86_64 0.7.2.125 5.59 66.20 71.78 OK
r-release-osx-x86_64-mavericks 0.7.2.125 ERROR
r-release-osx-x86_64-snowleopard 0.7.2.125 OK
r-release-windows-ix86+x86_64 0.7.2.125 20.00 111.00 131.00 OK
r-oldrel-windows-ix86+x86_64 0.7.2.125 20.00 124.00 144.00 OK

Check Details

Version: 0.7.2.125
Check: package dependencies
Result: ERROR
    Package required but not available: ‘Rssa’
    
    See the information on DESCRIPTION files in the chapter ‘Creating R
    packages’ of the ‘Writing R Extensions’ manual.
Flavor: r-release-osx-x86_64-mavericks