CRAN Package Check Results for Package spectralAnalysis

Last updated on 2022-01-24 20:49:48 CET.

Flavor Version Tinstall Tcheck Ttotal Status Flags
r-devel-linux-x86_64-debian-clang 3.12.0 16.25 141.71 157.96 NOTE
r-devel-linux-x86_64-debian-gcc 3.12.0 14.41 105.32 119.73 NOTE
r-devel-linux-x86_64-fedora-clang 3.12.0 191.98 NOTE
r-devel-linux-x86_64-fedora-gcc 3.12.0 180.91 NOTE
r-devel-windows-x86_64-new-UL 3.12.0 440.00 162.00 602.00 NOTE
r-devel-windows-x86_64-new-TK 3.12.0 NOTE
r-patched-linux-x86_64 3.12.0 16.25 132.06 148.31 NOTE
r-release-linux-x86_64 3.12.0 11.76 133.25 145.01 NOTE
r-release-macos-arm64 3.12.0 NOTE
r-release-macos-x86_64 3.12.0 NOTE
r-release-windows-ix86+x86_64 3.12.0 38.00 158.00 196.00 NOTE
r-oldrel-macos-x86_64 3.12.0 OK
r-oldrel-windows-ix86+x86_64 3.12.0 37.00 153.00 190.00 OK

Check Details

Version: 3.12.0
Check: LazyData
Result: NOTE
     'LazyData' is specified without a 'data' directory
Flavors: r-devel-linux-x86_64-debian-clang, r-devel-linux-x86_64-debian-gcc, r-devel-linux-x86_64-fedora-clang, r-devel-linux-x86_64-fedora-gcc, r-devel-windows-x86_64-new-UL, r-devel-windows-x86_64-new-TK, r-patched-linux-x86_64, r-release-linux-x86_64, r-release-macos-arm64, r-release-macos-x86_64, r-release-windows-ix86+x86_64