CRAN Package Check Results for Package spectralR

Last updated on 2022-10-05 06:51:35 CEST.

Flavor Version Tinstall Tcheck Ttotal Status Flags
r-devel-linux-x86_64-debian-clang 0.1.2 17.25 157.29 174.54 OK
r-devel-linux-x86_64-debian-gcc 0.1.2 13.33 115.13 128.46 OK
r-devel-linux-x86_64-fedora-clang 0.1.2 220.34 OK
r-devel-linux-x86_64-fedora-gcc 0.1.2 203.11 OK
r-devel-windows-x86_64 0.1.2 34.00 195.00 229.00 OK
r-patched-linux-x86_64 0.1.2 14.13 142.62 156.75 OK
r-release-linux-x86_64 0.1.2 14.82 140.67 155.49 OK
r-release-macos-arm64 0.1.2 64.00 OK
r-release-macos-x86_64 0.1.2 82.00 OK
r-release-windows-x86_64 0.1.2 34.00 192.00 226.00 OK
r-oldrel-macos-arm64 0.1.2 68.00 WARN
r-oldrel-macos-x86_64 0.1.2 88.00 WARN
r-oldrel-windows-ix86+x86_64 0.1.2 49.00 205.00 254.00 OK

Check Details

Version: 0.1.2
Check: for executable files
Result: WARN
    Found the following executable files:
     inst/extdata/SouthernBuh-habitats_shapefile.dbf
     inst/extdata/test_shapefile.dbf
    Source packages should not contain undeclared executable files.
    See section ‘Package structure’ in the ‘Writing R Extensions’ manual.
Flavors: r-oldrel-macos-arm64, r-oldrel-macos-x86_64