CRAN Package Check Results for Package speedRlibTF

Last updated on 2014-04-24 07:52:38.

Flavor Version Tinstall Tcheck Ttotal Status Flags
r-devel-linux-x86_64-debian-clang 0.3-39 0.50 7.51 8.00 OK
r-devel-linux-x86_64-debian-gcc 0.3-39 0.50 7.59 8.09 OK
r-devel-linux-x86_64-fedora-clang 0.3-39 15.68 OK
r-devel-linux-x86_64-fedora-gcc 0.3-39 15.17 OK
r-devel-osx-x86_64-clang 0.3-39 19.85 OK
r-devel-osx-x86_64-gcc 0.3-39 OK
r-devel-windows-ix86+x86_64 0.3-39 2.00 12.00 14.00 OK
r-patched-linux-x86_64 0.3-39 0.51 7.42 7.93 OK
r-patched-solaris-sparc 0.3-39 91.60 OK
r-patched-solaris-x86 0.3-39 25.10 OK
r-release-linux-ix86 0.3-39 1.00 19.00 20.00 OK
r-release-linux-x86_64 0.3-39 0.51 7.51 8.02 OK
r-release-osx-x86_64-mavericks 0.3-39 WARN
r-release-windows-ix86+x86_64 0.3-39 4.00 12.00 16.00 OK
r-oldrel-windows-ix86+x86_64 0.3-39 2.00 13.00 15.00 OK

Check Details

Version: 0.3-39
Check: PDF version of manual
Result: WARNING
    LaTeX errors when creating PDF version.
    This typically indicates Rd problems.
    LaTeX errors found:
    ! LaTeX Error: File `upquote.sty' not found.
    
    Type X to quit or <RETURN> to proceed,
    or enter new name. (Default extension: sty)
    
    b2c141c/Rd2.tex:8: ==> Fatal error occurred, no output PDF file produced!
Flavor: r-release-osx-x86_64-mavericks