CRAN Package Check Results for Package speedRlibs

Last updated on 2014-04-24 19:54:09.

Flavor Version Tinstall Tcheck Ttotal Status Flags
r-devel-linux-x86_64-debian-clang 1.1-36 1.78 7.71 9.50 NOTE
r-devel-linux-x86_64-debian-gcc 1.1-36 1.74 7.68 9.42 NOTE
r-devel-linux-x86_64-fedora-clang 1.1-36 16.10 NOTE
r-devel-linux-x86_64-fedora-gcc 1.1-36 15.65 NOTE
r-devel-osx-x86_64-clang 1.1-36 20.49 NOTE
r-devel-osx-x86_64-gcc 1.1-36 NOTE
r-devel-windows-ix86+x86_64 1.1-36 5.00 12.00 17.00 NOTE
r-patched-linux-x86_64 1.1-36 1.76 7.60 9.36 NOTE
r-patched-solaris-sparc 1.1-36 106.00 NOTE
r-patched-solaris-x86 1.1-36 28.40 NOTE
r-release-linux-ix86 1.1-36 3.00 19.00 22.00 NOTE
r-release-linux-x86_64 1.1-36 1.72 7.53 9.25 NOTE
r-release-osx-x86_64-mavericks 1.1-36 WARN
r-release-windows-ix86+x86_64 1.1-36 8.00 12.00 20.00 NOTE
r-oldrel-windows-ix86+x86_64 1.1-36 3.00 13.00 16.00 NOTE

Check Details

Version: 1.1-36
Check: installed package size
Result: NOTE
     installed size is 20.8Mb
     sub-directories of 1Mb or more:
     java 20.7Mb
Flavors: r-devel-linux-x86_64-debian-clang, r-devel-linux-x86_64-debian-gcc, r-devel-linux-x86_64-fedora-clang, r-devel-linux-x86_64-fedora-gcc, r-devel-osx-x86_64-clang, r-devel-osx-x86_64-gcc, r-devel-windows-ix86+x86_64, r-patched-linux-x86_64, r-patched-solaris-sparc, r-patched-solaris-x86, r-release-linux-ix86, r-release-linux-x86_64, r-release-osx-x86_64-mavericks, r-release-windows-ix86+x86_64, r-oldrel-windows-ix86+x86_64

Version: 1.1-36
Check: PDF version of manual
Result: WARNING
    LaTeX errors when creating PDF version.
    This typically indicates Rd problems.
    LaTeX errors found:
    ! LaTeX Error: File `upquote.sty' not found.
    
    Type X to quit or <RETURN> to proceed,
    or enter new name. (Default extension: sty)
    
    4bc6991/Rd2.tex:8: ==> Fatal error occurred, no output PDF file produced!
Flavor: r-release-osx-x86_64-mavericks