CRAN Package Check Results for Package speedRlibs

Last updated on 2014-08-02 08:48:44.

Flavor Version Tinstall Tcheck Ttotal Status Flags
r-devel-linux-x86_64-debian-clang 1.1-36 1.61 7.34 8.94 NOTE
r-devel-linux-x86_64-debian-gcc 1.1-36 1.48 7.82 9.30 NOTE
r-devel-linux-x86_64-fedora-clang 1.1-36 16.66 NOTE
r-devel-linux-x86_64-fedora-gcc 1.1-36 15.17 NOTE
r-devel-osx-x86_64-clang 1.1-36 19.52 NOTE
r-devel-windows-ix86+x86_64 1.1-36 5.00 13.00 18.00 NOTE
r-patched-linux-x86_64 1.1-36 1.56 7.52 9.09 NOTE
r-patched-solaris-sparc 1.1-36 104.40 NOTE
r-patched-solaris-x86 1.1-36 27.30 NOTE
r-release-linux-ix86 1.1-36 2.26 12.55 14.80 NOTE
r-release-linux-x86_64 1.1-36 1.60 7.58 9.18 NOTE
r-release-osx-x86_64-mavericks 1.1-36 NOTE
r-release-windows-ix86+x86_64 1.1-36 6.00 18.00 24.00 NOTE
r-oldrel-windows-ix86+x86_64 1.1-36 3.00 13.00 16.00 NOTE

Check Details

Version: 1.1-36
Check: installed package size
Result: NOTE
     installed size is 20.8Mb
     sub-directories of 1Mb or more:
     java 20.7Mb
Flavors: r-devel-linux-x86_64-debian-clang, r-devel-linux-x86_64-debian-gcc, r-devel-linux-x86_64-fedora-clang, r-devel-linux-x86_64-fedora-gcc, r-devel-osx-x86_64-clang, r-devel-windows-ix86+x86_64, r-patched-linux-x86_64, r-patched-solaris-sparc, r-patched-solaris-x86, r-release-linux-ix86, r-release-linux-x86_64, r-release-osx-x86_64-mavericks, r-release-windows-ix86+x86_64, r-oldrel-windows-ix86+x86_64