CRAN Package Check Results for Package speedRlibs

Last updated on 2014-09-01 08:47:19.

Flavor Version Tinstall Tcheck Ttotal Status Flags
r-release-linux-ix86 1.1-36 2.19 13.04 15.23 NOTE
r-release-linux-x86_64 1.1-36 1.67 7.56 9.23 NOTE

Check Details

Version: 1.1-36
Check: installed package size
Result: NOTE
     installed size is 20.9Mb
     sub-directories of 1Mb or more:
     java 20.8Mb
Flavors: r-release-linux-ix86, r-release-linux-x86_64