CRAN Package Check Results for Package speedglm

Last updated on 2015-04-20 02:48:48.

Flavor Version Tinstall Tcheck Ttotal Status Flags
r-devel-linux-x86_64-debian-clang 0.2-1.0 2.62 32.68 35.31 NOTE --no-examples
r-devel-linux-x86_64-debian-gcc 0.2-1.0 2.56 32.24 34.80 NOTE --no-examples
r-devel-linux-x86_64-fedora-clang 0.2-1.0 80.99 NOTE
r-devel-linux-x86_64-fedora-gcc 0.2-1.0 75.75 NOTE
r-devel-osx-x86_64-clang 0.2-1.0 67.96 NOTE
r-devel-windows-ix86+x86_64 0.2-1.0 10.00 54.00 64.00 NOTE
r-patched-linux-x86_64 0.2-1.0 2.57 31.38 33.95 NOTE --no-examples
r-patched-solaris-sparc 0.2-1.0 433.10 NOTE --no-examples
r-patched-solaris-x86 0.2-1.0 110.20 NOTE
r-release-linux-x86_64 0.2-1.0 2.57 28.22 30.79 NOTE --no-examples
r-release-osx-x86_64-mavericks 0.2-1.0 NOTE
r-release-osx-x86_64-snowleopard 0.2-1.0 NOTE
r-release-windows-ix86+x86_64 0.2-1.0 5.00 51.00 56.00 NOTE
r-oldrel-windows-ix86+x86_64 0.2-1.0 8.00 75.00 83.00 OK

Check Details

Version: 0.2-1.0
Flags: --no-examples
Check: DESCRIPTION meta-information
Result: NOTE
    Malformed Title field: should not end in a period.
Flavors: r-devel-linux-x86_64-debian-clang, r-devel-linux-x86_64-debian-gcc, r-patched-linux-x86_64, r-patched-solaris-sparc, r-release-linux-x86_64

Version: 0.2-1.0
Check: DESCRIPTION meta-information
Result: NOTE
    Malformed Title field: should not end in a period.
Flavors: r-devel-linux-x86_64-fedora-clang, r-devel-linux-x86_64-fedora-gcc, r-devel-osx-x86_64-clang, r-devel-windows-ix86+x86_64, r-patched-solaris-x86, r-release-osx-x86_64-mavericks, r-release-osx-x86_64-snowleopard, r-release-windows-ix86+x86_64