CRAN Package Check Results for Package speedglm

Last updated on 2015-07-05 06:46:52.

Flavor Version Tinstall Tcheck Ttotal Status Flags
r-devel-linux-x86_64-debian-clang 0.3 2.75 32.82 35.58 NOTE --no-examples
r-devel-linux-x86_64-debian-gcc 0.3 2.57 31.56 34.13 NOTE --no-examples
r-devel-linux-x86_64-fedora-clang 0.3 82.41 NOTE
r-devel-linux-x86_64-fedora-gcc 0.3 77.73 NOTE
r-devel-osx-x86_64-clang 0.3 62.61 OK
r-devel-windows-ix86+x86_64 0.3 8.00 60.00 68.00 NOTE
r-patched-linux-x86_64 0.3 2.60 32.29 34.89 OK --no-examples
r-patched-solaris-sparc 0.3 395.60 OK --no-examples
r-patched-solaris-x86 0.3 118.40 OK
r-release-linux-x86_64 0.3 2.61 33.35 35.96 OK --no-examples
r-release-osx-x86_64-mavericks 0.3 OK
r-release-windows-ix86+x86_64 0.3 9.00 60.00 69.00 OK
r-oldrel-windows-ix86+x86_64 0.3 9.00 96.00 105.00 OK

Check Details

Version: 0.3
Flags: --no-examples
Check: R code for possible problems
Result: NOTE
    add1.speedlm: no visible global function definition for ‘add.scope’
    add1.speedlm: no visible global function definition for
     ‘update.formula’
    add1.speedlm: no visible global function definition for ‘terms’
    add1.speedlm: no visible global function definition for ‘model.frame’
    add1.speedlm: no visible global function definition for ‘model.matrix’
    add1.speedlm: no visible global function definition for ‘model.offset’
    add1.speedlm: no visible global function definition for ‘model.weights’
    add1.speedlm: no visible global function definition for
     ‘model.response’
    add1.speedlm: no visible global function definition for ‘formula’
    aic.Gamma: no visible global function definition for ‘dgamma’
    aic.binomial: no visible global function definition for ‘dbinom’
    aic.poisson: no visible global function definition for ‘dpois’
    cp: no visible global function definition for ‘as’
    drop1.speedlm: no visible global function definition for ‘model.matrix’
    drop1.speedlm: no visible global function definition for ‘model.offset’
    drop1.speedlm: no visible global function definition for ‘model.frame’
    drop1.speedlm: no visible global function definition for ‘drop.scope’
    drop1.speedlm: no visible global function definition for ‘terms’
    drop1.speedlm: no visible global function definition for
     ‘update.formula’
    drop1.speedlm: no visible global function definition for ‘formula’
    predict.speedglm: no visible binding for global variable ‘na.pass’
    predict.speedglm: no visible global function definition for ‘fitted’
    predict.speedglm: no visible global function definition for ‘napredict’
    predict.speedlm: no visible binding for global variable ‘na.pass’
    predict.speedlm: no visible global function definition for ‘terms’
    predict.speedlm: no visible global function definition for
     ‘delete.response’
    predict.speedlm: no visible global function definition for
     ‘model.frame’
    predict.speedlm: no visible global function definition for
     ‘.checkMFClasses’
    predict.speedlm: no visible global function definition for
     ‘model.matrix’
    predict.speedlm: no visible global function definition for ‘napredict’
    print.summary.speedlm: no visible global function definition for
     ‘na.omit’
    safe_pchisq: no visible global function definition for ‘pchisq’
    safe_pf: no visible global function definition for ‘pf’
    shglm: Error while checking: invalid ‘envir’ argument
    speedglm: Error while checking: invalid ‘envir’ argument
    speedglm.wfit: Error while checking: invalid ‘envir’ argument
    speedlm: no visible global function definition for ‘terms’
    speedlm: no visible global function definition for ‘model.frame’
    speedlm: no visible global function definition for ‘model.matrix’
    speedlm: no visible global function definition for ‘model.offset’
    speedlm.fit: no visible global function definition for ‘as’
    speedlm.wfit: no visible global function definition for ‘as’
    summary.speedglm: no visible global function definition for ‘pnorm’
    summary.speedglm: no visible global function definition for ‘pt’
    summary.speedglm: no visible global function definition for ‘na.omit’
    summary.speedlm: no visible global function definition for ‘pt’
    summary.speedlm: no visible global function definition for ‘as’
    summary.speedlm: no visible global function definition for ‘pf’
    update.speedlm: no visible global function definition for
     ‘update.default’
    updateWithMoreData: no visible global function definition for ‘getCall’
    updateWithMoreData: no visible global function definition for
     ‘model.frame’
    updateWithMoreData: no visible global function definition for
     ‘model.matrix’
    updateWithMoreData: no visible global function definition for
     ‘model.offset’
    updateWithMoreData: no visible global function definition for ‘as’
    Undefined global functions or variables:
     .checkMFClasses add.scope as dbinom delete.response dgamma dpois
     drop.scope fitted formula getCall model.frame model.matrix
     model.offset model.response model.weights na.omit na.pass napredict
     pchisq pf pnorm pt terms update.default update.formula
Flavors: r-devel-linux-x86_64-debian-clang, r-devel-linux-x86_64-debian-gcc

Version: 0.3
Check: R code for possible problems
Result: NOTE
    add1.speedlm: no visible global function definition for ‘add.scope’
    add1.speedlm: no visible global function definition for
     ‘update.formula’
    add1.speedlm: no visible global function definition for ‘terms’
    add1.speedlm: no visible global function definition for ‘model.frame’
    add1.speedlm: no visible global function definition for ‘model.matrix’
    add1.speedlm: no visible global function definition for ‘model.offset’
    add1.speedlm: no visible global function definition for ‘model.weights’
    add1.speedlm: no visible global function definition for
     ‘model.response’
    add1.speedlm: no visible global function definition for ‘formula’
    aic.Gamma: no visible global function definition for ‘dgamma’
    aic.binomial: no visible global function definition for ‘dbinom’
    aic.poisson: no visible global function definition for ‘dpois’
    cp: no visible global function definition for ‘as’
    drop1.speedlm: no visible global function definition for ‘model.matrix’
    drop1.speedlm: no visible global function definition for ‘model.offset’
    drop1.speedlm: no visible global function definition for ‘model.frame’
    drop1.speedlm: no visible global function definition for ‘drop.scope’
    drop1.speedlm: no visible global function definition for ‘terms’
    drop1.speedlm: no visible global function definition for
     ‘update.formula’
    drop1.speedlm: no visible global function definition for ‘formula’
    predict.speedglm: no visible binding for global variable ‘na.pass’
    predict.speedglm: no visible global function definition for ‘fitted’
    predict.speedglm: no visible global function definition for ‘napredict’
    predict.speedlm: no visible binding for global variable ‘na.pass’
    predict.speedlm: no visible global function definition for ‘terms’
    predict.speedlm: no visible global function definition for
     ‘delete.response’
    predict.speedlm: no visible global function definition for
     ‘model.frame’
    predict.speedlm: no visible global function definition for
     ‘.checkMFClasses’
    predict.speedlm: no visible global function definition for
     ‘model.matrix’
    predict.speedlm: no visible global function definition for ‘napredict’
    print.summary.speedlm: no visible global function definition for
     ‘na.omit’
    safe_pchisq: no visible global function definition for ‘pchisq’
    safe_pf: no visible global function definition for ‘pf’
    shglm: Error while checking: invalid 'envir' argument
    speedglm: Error while checking: invalid 'envir' argument
    speedglm.wfit: Error while checking: invalid 'envir' argument
    speedlm: no visible global function definition for ‘terms’
    speedlm: no visible global function definition for ‘model.frame’
    speedlm: no visible global function definition for ‘model.matrix’
    speedlm: no visible global function definition for ‘model.offset’
    speedlm.fit: no visible global function definition for ‘as’
    speedlm.wfit: no visible global function definition for ‘as’
    summary.speedglm: no visible global function definition for ‘pnorm’
    summary.speedglm: no visible global function definition for ‘pt’
    summary.speedglm: no visible global function definition for ‘na.omit’
    summary.speedlm: no visible global function definition for ‘pt’
    summary.speedlm: no visible global function definition for ‘as’
    summary.speedlm: no visible global function definition for ‘pf’
    update.speedlm: no visible global function definition for
     ‘update.default’
    updateWithMoreData: no visible global function definition for ‘getCall’
    updateWithMoreData: no visible global function definition for
     ‘model.frame’
    updateWithMoreData: no visible global function definition for
     ‘model.matrix’
    updateWithMoreData: no visible global function definition for
     ‘model.offset’
    updateWithMoreData: no visible global function definition for ‘as’
    Undefined global functions or variables:
     .checkMFClasses add.scope as dbinom delete.response dgamma dpois
     drop.scope fitted formula getCall model.frame model.matrix
     model.offset model.response model.weights na.omit na.pass napredict
     pchisq pf pnorm pt terms update.default update.formula
Flavors: r-devel-linux-x86_64-fedora-clang, r-devel-linux-x86_64-fedora-gcc

Version: 0.3
Check: R code for possible problems
Result: NOTE
    add1.speedlm: no visible global function definition for 'add.scope'
    add1.speedlm: no visible global function definition for
     'update.formula'
    add1.speedlm: no visible global function definition for 'terms'
    add1.speedlm: no visible global function definition for 'model.frame'
    add1.speedlm: no visible global function definition for 'model.matrix'
    add1.speedlm: no visible global function definition for 'model.offset'
    add1.speedlm: no visible global function definition for 'model.weights'
    add1.speedlm: no visible global function definition for
     'model.response'
    add1.speedlm: no visible global function definition for 'formula'
    aic.Gamma: no visible global function definition for 'dgamma'
    aic.binomial: no visible global function definition for 'dbinom'
    aic.poisson: no visible global function definition for 'dpois'
    cp: no visible global function definition for 'as'
    drop1.speedlm: no visible global function definition for 'model.matrix'
    drop1.speedlm: no visible global function definition for 'model.offset'
    drop1.speedlm: no visible global function definition for 'model.frame'
    drop1.speedlm: no visible global function definition for 'drop.scope'
    drop1.speedlm: no visible global function definition for 'terms'
    drop1.speedlm: no visible global function definition for
     'update.formula'
    drop1.speedlm: no visible global function definition for 'formula'
    predict.speedglm: no visible binding for global variable 'na.pass'
    predict.speedglm: no visible global function definition for 'fitted'
    predict.speedglm: no visible global function definition for 'napredict'
    predict.speedlm: no visible binding for global variable 'na.pass'
    predict.speedlm: no visible global function definition for 'terms'
    predict.speedlm: no visible global function definition for
     'delete.response'
    predict.speedlm: no visible global function definition for
     'model.frame'
    predict.speedlm: no visible global function definition for
     '.checkMFClasses'
    predict.speedlm: no visible global function definition for
     'model.matrix'
    predict.speedlm: no visible global function definition for 'napredict'
    print.summary.speedlm: no visible global function definition for
     'na.omit'
    safe_pchisq: no visible global function definition for 'pchisq'
    safe_pf: no visible global function definition for 'pf'
    shglm: no visible global function definition for 'gaussian'
    shglm: no visible global function definition for 'terms'
    shglm: no visible global function definition for 'model.frame'
    shglm: no visible global function definition for 'model.matrix'
    shglm: no visible global function definition for 'model.offset'
    shglm: no visible global function definition for 'as'
    speedglm: no visible global function definition for 'gaussian'
    speedglm: no visible global function definition for 'terms'
    speedglm: no visible global function definition for 'model.frame'
    speedglm: no visible global function definition for 'model.matrix'
    speedglm: no visible global function definition for 'model.offset'
    speedglm.wfit: no visible global function definition for 'gaussian'
    speedglm.wfit: no visible global function definition for 'as'
    speedlm: no visible global function definition for 'terms'
    speedlm: no visible global function definition for 'model.frame'
    speedlm: no visible global function definition for 'model.matrix'
    speedlm: no visible global function definition for 'model.offset'
    speedlm.fit: no visible global function definition for 'as'
    speedlm.wfit: no visible global function definition for 'as'
    summary.speedglm: no visible global function definition for 'pnorm'
    summary.speedglm: no visible global function definition for 'pt'
    summary.speedglm: no visible global function definition for 'na.omit'
    summary.speedlm: no visible global function definition for 'pt'
    summary.speedlm: no visible global function definition for 'as'
    summary.speedlm: no visible global function definition for 'pf'
    update.speedlm: no visible global function definition for
     'update.default'
    updateWithMoreData: no visible global function definition for 'getCall'
    updateWithMoreData: no visible global function definition for
     'model.frame'
    updateWithMoreData: no visible global function definition for
     'model.matrix'
    updateWithMoreData: no visible global function definition for
     'model.offset'
    updateWithMoreData: no visible global function definition for 'as'
    Undefined global functions or variables:
     .checkMFClasses add.scope as dbinom delete.response dgamma dpois
     drop.scope fitted formula gaussian getCall model.frame model.matrix
     model.offset model.response model.weights na.omit na.pass napredict
     pchisq pf pnorm pt terms update.default update.formula
Flavor: r-devel-windows-ix86+x86_64