CRAN Package Check Results for Package speedglm

Last updated on 2015-05-30 08:48:57.

Flavor Version Tinstall Tcheck Ttotal Status Flags
r-devel-linux-x86_64-debian-clang 0.3 2.79 34.77 37.56 OK --no-examples
r-devel-linux-x86_64-debian-gcc 0.3 2.62 32.86 35.47 OK --no-examples
r-devel-linux-x86_64-fedora-clang 0.3 85.38 OK
r-devel-linux-x86_64-fedora-gcc 0.3 79.10 OK
r-devel-osx-x86_64-clang 0.3 71.68 OK
r-devel-windows-ix86+x86_64 0.3 8.00 61.00 69.00 OK
r-patched-linux-x86_64 0.3 2.61 33.12 35.74 OK --no-examples
r-patched-solaris-sparc 0.3 395.60 OK --no-examples
r-patched-solaris-x86 0.3 119.00 OK
r-release-linux-x86_64 0.3 2.61 34.20 36.82 OK --no-examples
r-release-osx-x86_64-mavericks 0.3 OK
r-release-osx-x86_64-snowleopard 0.2-1.0 NOTE
r-release-windows-ix86+x86_64 0.3 8.00 56.00 64.00 OK
r-oldrel-windows-ix86+x86_64 0.3 11.00 68.00 79.00 OK

Check Details

Version: 0.2-1.0
Check: DESCRIPTION meta-information
Result: NOTE
    Malformed Title field: should not end in a period.
Flavor: r-release-osx-x86_64-snowleopard