CRAN Package Check Results for Package speedglm

Last updated on 2015-03-30 12:47:56.

Flavor Version Tinstall Tcheck Ttotal Status Flags
r-devel-linux-x86_64-debian-clang 0.2-1.0 2.45 31.41 33.86 NOTE --no-examples
r-devel-linux-x86_64-debian-gcc 0.2-1.0 2.43 31.16 33.59 NOTE --no-examples
r-devel-linux-x86_64-fedora-clang 0.2-1.0 79.13 NOTE
r-devel-linux-x86_64-fedora-gcc 0.2-1.0 81.33 NOTE
r-devel-osx-x86_64-clang 0.2-1.0 73.46 NOTE
r-prerel-windows-ix86+x86_64 0.2-1.0 7.00 58.00 65.00 NOTE
r-prerel-linux-x86_64 0.2-1.0 2.45 31.28 33.73 NOTE --no-examples
r-prerel-solaris-sparc 0.2-1.0 433.10 NOTE --no-examples
r-prerel-solaris-x86 0.2-1.0 109.40 NOTE
r-release-linux-x86_64 0.2-1.0 3.24 36.58 39.83 OK --no-examples
r-release-osx-x86_64-mavericks 0.2-1.0 OK
r-release-osx-x86_64-snowleopard 0.2-1.0 OK
r-release-windows-ix86+x86_64 0.2-1.0 9.00 64.00 73.00 OK
r-oldrel-windows-ix86+x86_64 0.2-1.0 9.00 65.00 74.00 OK

Check Details

Version: 0.2-1.0
Flags: --no-examples
Check: DESCRIPTION meta-information
Result: NOTE
    Malformed Title field: should not end in a period.
Flavors: r-devel-linux-x86_64-debian-clang, r-devel-linux-x86_64-debian-gcc, r-prerel-linux-x86_64, r-prerel-solaris-sparc

Version: 0.2-1.0
Check: DESCRIPTION meta-information
Result: NOTE
    Malformed Title field: should not end in a period.
Flavors: r-devel-linux-x86_64-fedora-clang, r-devel-linux-x86_64-fedora-gcc, r-devel-osx-x86_64-clang, r-prerel-windows-ix86+x86_64, r-prerel-solaris-x86