CRAN Package Check Results for Package speff2trial

Last updated on 2015-05-27 05:47:53.

Flavor Version Tinstall Tcheck Ttotal Status Flags
r-devel-linux-x86_64-debian-clang 1.0.4 0.67 12.66 13.33 NOTE
r-devel-linux-x86_64-debian-gcc 1.0.4 0.68 13.09 13.76 NOTE
r-devel-linux-x86_64-fedora-clang 1.0.4 26.35 NOTE
r-devel-linux-x86_64-fedora-gcc 1.0.4 26.41 NOTE
r-devel-osx-x86_64-clang 1.0.4 28.16 NOTE
r-devel-windows-ix86+x86_64 1.0.4 4.00 21.00 25.00 NOTE
r-patched-linux-x86_64 1.0.4 0.67 12.64 13.31 NOTE
r-patched-solaris-sparc 1.0.4 135.60 NOTE --no-examples
r-patched-solaris-x86 1.0.4 36.30 NOTE
r-release-linux-x86_64 1.0.4 0.69 12.71 13.40 NOTE
r-release-osx-x86_64-mavericks 1.0.4 NOTE
r-release-osx-x86_64-snowleopard 1.0.4 NOTE
r-release-windows-ix86+x86_64 1.0.4 2.00 24.00 26.00 NOTE
r-oldrel-windows-ix86+x86_64 1.0.4 3.00 40.00 43.00 NOTE

Check Details

Version: 1.0.4
Check: dependencies in R code
Result: NOTE
    'library' or 'require' call to ‘leaps’ which was already attached by Depends.
     Please remove these calls from your code.
Flavors: r-devel-linux-x86_64-debian-clang, r-devel-linux-x86_64-debian-gcc, r-devel-linux-x86_64-fedora-clang, r-devel-linux-x86_64-fedora-gcc, r-devel-osx-x86_64-clang, r-devel-windows-ix86+x86_64, r-patched-linux-x86_64, r-patched-solaris-x86, r-release-linux-x86_64, r-release-osx-x86_64-mavericks, r-release-osx-x86_64-snowleopard, r-release-windows-ix86+x86_64, r-oldrel-windows-ix86+x86_64

Version: 1.0.4
Flags: --no-examples
Check: dependencies in R code
Result: NOTE
    'library' or 'require' call to ‘leaps’ which was already attached by Depends.
     Please remove these calls from your code.
Flavor: r-patched-solaris-sparc