CRAN Package Check Results for Package speff2trial

Last updated on 2014-04-24 11:48:56.

Flavor Version Tinstall Tcheck Ttotal Status Flags
r-devel-linux-x86_64-debian-clang 1.0.4 0.81 14.42 15.22 NOTE
r-devel-linux-x86_64-debian-gcc 1.0.4 0.80 14.41 15.21 NOTE
r-devel-linux-x86_64-fedora-clang 1.0.4 30.11 NOTE
r-devel-linux-x86_64-fedora-gcc 1.0.4 29.25 NOTE
r-devel-osx-x86_64-clang 1.0.4 31.64 NOTE
r-devel-osx-x86_64-gcc 1.0.4 NOTE
r-devel-windows-ix86+x86_64 1.0.4 3.00 23.00 26.00 NOTE
r-patched-linux-x86_64 1.0.4 0.79 14.70 15.50 NOTE
r-patched-solaris-sparc 1.0.4 142.20 NOTE --no-examples
r-patched-solaris-x86 1.0.4 42.90 NOTE
r-release-linux-ix86 1.0.4 2.00 30.00 32.00 NOTE
r-release-linux-x86_64 1.0.4 0.87 14.58 15.45 NOTE
r-release-osx-x86_64-mavericks 1.0.4 WARN
r-release-osx-x86_64-snowleopard 1.0.4 NOTE
r-release-windows-ix86+x86_64 1.0.4 6.00 23.00 29.00 NOTE
r-oldrel-windows-ix86+x86_64 1.0.4 3.00 24.00 27.00 NOTE

Check Details

Version: 1.0.4
Check: dependencies in R code
Result: NOTE
    'library' or 'require' call to ‘leaps’ which was already attached by Depends.
     Please remove these calls from your code.
    See the information on DESCRIPTION files in the chapter ‘Creating R
    packages’ of the ‘Writing R Extensions’ manual.
Flavors: r-devel-linux-x86_64-debian-clang, r-devel-linux-x86_64-debian-gcc, r-devel-linux-x86_64-fedora-clang, r-devel-linux-x86_64-fedora-gcc, r-devel-osx-x86_64-clang, r-devel-osx-x86_64-gcc, r-devel-windows-ix86+x86_64, r-patched-linux-x86_64, r-patched-solaris-x86, r-release-linux-ix86, r-release-linux-x86_64, r-release-osx-x86_64-mavericks, r-release-osx-x86_64-snowleopard, r-release-windows-ix86+x86_64, r-oldrel-windows-ix86+x86_64

Version: 1.0.4
Flags: --no-examples
Check: dependencies in R code
Result: NOTE
    'library' or 'require' call to ‘leaps’ which was already attached by Depends.
     Please remove these calls from your code.
    See the information on DESCRIPTION files in the chapter ‘Creating R
    packages’ of the ‘Writing R Extensions’ manual.
Flavor: r-patched-solaris-sparc

Version: 1.0.4
Check: PDF version of manual
Result: WARNING
    LaTeX errors when creating PDF version.
    This typically indicates Rd problems.
    LaTeX errors found:
    ! LaTeX Error: File `upquote.sty' not found.
    
    Type X to quit or <RETURN> to proceed,
    or enter new name. (Default extension: sty)
    
    6b977a/Rd2.tex:8: ==> Fatal error occurred, no output PDF file produced!
Flavor: r-release-osx-x86_64-mavericks