CRAN Package Check Results for Package speff2trial

Last updated on 2014-09-23 17:47:56.

Flavor Version Tinstall Tcheck Ttotal Status Flags
r-devel-linux-x86_64-debian-clang 1.0.4 0.74 14.00 14.74 NOTE
r-devel-linux-x86_64-debian-gcc 1.0.4 0.93 13.91 14.84 NOTE
r-devel-linux-x86_64-fedora-clang 1.0.4 29.36 NOTE
r-devel-linux-x86_64-fedora-gcc 1.0.4 27.90 NOTE
r-devel-osx-x86_64-clang 1.0.4 31.33 NOTE
r-devel-windows-ix86+x86_64 1.0.4 3.00 23.00 26.00 NOTE
r-patched-linux-x86_64 1.0.4 0.76 15.10 15.86 NOTE
r-patched-solaris-sparc 1.0.4 144.00 NOTE --no-examples
r-patched-solaris-x86 1.0.4 41.50 NOTE
r-release-linux-ix86 1.0.4 1.14 21.45 22.59 NOTE
r-release-linux-x86_64 1.0.4 0.82 15.02 15.84 NOTE
r-release-osx-x86_64-mavericks 1.0.4 NOTE
r-release-osx-x86_64-snowleopard 1.0.4 NOTE
r-release-windows-ix86+x86_64 1.0.4 4.00 22.00 26.00 NOTE
r-oldrel-windows-ix86+x86_64 1.0.4 4.00 26.00 30.00 NOTE

Check Details

Version: 1.0.4
Check: dependencies in R code
Result: NOTE
    'library' or 'require' call to ‘leaps’ which was already attached by Depends.
     Please remove these calls from your code.
    See the information on DESCRIPTION files in the chapter ‘Creating R
    packages’ of the ‘Writing R Extensions’ manual.
Flavors: r-devel-linux-x86_64-debian-clang, r-devel-linux-x86_64-debian-gcc, r-devel-linux-x86_64-fedora-clang, r-devel-linux-x86_64-fedora-gcc, r-devel-osx-x86_64-clang, r-devel-windows-ix86+x86_64, r-patched-linux-x86_64, r-patched-solaris-x86, r-release-linux-ix86, r-release-linux-x86_64, r-release-osx-x86_64-mavericks, r-release-osx-x86_64-snowleopard, r-release-windows-ix86+x86_64, r-oldrel-windows-ix86+x86_64

Version: 1.0.4
Flags: --no-examples
Check: dependencies in R code
Result: NOTE
    'library' or 'require' call to ‘leaps’ which was already attached by Depends.
     Please remove these calls from your code.
    See the information on DESCRIPTION files in the chapter ‘Creating R
    packages’ of the ‘Writing R Extensions’ manual.
Flavor: r-patched-solaris-sparc