CRAN Package Check Results for Package speff2trial

Last updated on 2014-10-22 10:47:31.

Flavor Version Tinstall Tcheck Ttotal Status Flags
r-devel-linux-x86_64-debian-clang 1.0.4 1.02 14.23 15.26 NOTE
r-devel-linux-x86_64-debian-gcc 1.0.4 1.02 14.35 15.38 NOTE
r-devel-linux-x86_64-fedora-clang 1.0.4 29.97 NOTE
r-devel-linux-x86_64-fedora-gcc 1.0.4 28.72 NOTE
r-devel-osx-x86_64-clang 1.0.4 31.89 NOTE
r-devel-windows-ix86+x86_64 1.0.4 3.00 23.00 26.00 NOTE
r-patched-linux-x86_64 1.0.4 0.80 14.62 15.42 NOTE
r-patched-solaris-sparc 1.0.4 144.00 NOTE --no-examples
r-patched-solaris-x86 1.0.4 42.90 NOTE
r-release-linux-ix86 1.0.4 1.16 21.42 22.58 NOTE
r-release-linux-x86_64 1.0.4 0.79 14.26 15.05 NOTE
r-release-osx-x86_64-mavericks 1.0.4 NOTE
r-release-osx-x86_64-snowleopard 1.0.4 NOTE
r-release-windows-ix86+x86_64 1.0.4 3.00 24.00 27.00 NOTE
r-oldrel-windows-ix86+x86_64 1.0.4 4.00 23.00 27.00 NOTE

Check Details

Version: 1.0.4
Check: dependencies in R code
Result: NOTE
    'library' or 'require' call to ‘leaps’ which was already attached by Depends.
     Please remove these calls from your code.
    See the information on DESCRIPTION files in the chapter ‘Creating R
    packages’ of the ‘Writing R Extensions’ manual.
Flavors: r-devel-linux-x86_64-debian-clang, r-devel-linux-x86_64-debian-gcc, r-devel-linux-x86_64-fedora-clang, r-devel-linux-x86_64-fedora-gcc, r-devel-osx-x86_64-clang, r-devel-windows-ix86+x86_64, r-patched-linux-x86_64, r-patched-solaris-x86, r-release-linux-ix86, r-release-linux-x86_64, r-release-osx-x86_64-mavericks, r-release-osx-x86_64-snowleopard, r-release-windows-ix86+x86_64, r-oldrel-windows-ix86+x86_64

Version: 1.0.4
Flags: --no-examples
Check: dependencies in R code
Result: NOTE
    'library' or 'require' call to ‘leaps’ which was already attached by Depends.
     Please remove these calls from your code.
    See the information on DESCRIPTION files in the chapter ‘Creating R
    packages’ of the ‘Writing R Extensions’ manual.
Flavor: r-patched-solaris-sparc