CRAN Package Check Results for Package speff2trial

Last updated on 2015-04-01 08:50:17.

Flavor Version Tinstall Tcheck Ttotal Status Flags
r-devel-linux-x86_64-debian-clang 1.0.4 0.67 13.52 14.19 NOTE
r-devel-linux-x86_64-debian-gcc 1.0.4 0.68 12.57 13.24 NOTE
r-devel-linux-x86_64-fedora-clang 1.0.4 26.65 NOTE
r-devel-linux-x86_64-fedora-gcc 1.0.4 26.02 NOTE
r-devel-osx-x86_64-clang 1.0.4 31.53 NOTE
r-prerel-windows-ix86+x86_64 1.0.4 2.00 20.00 22.00 NOTE
r-prerel-linux-x86_64 1.0.4 0.68 12.54 13.22 NOTE
r-prerel-solaris-sparc 1.0.4 140.70 NOTE --no-examples
r-prerel-solaris-x86 1.0.4 36.20 NOTE
r-release-linux-x86_64 1.0.4 1.02 14.18 15.20 NOTE
r-release-osx-x86_64-mavericks 1.0.4 NOTE
r-release-osx-x86_64-snowleopard 1.0.4 NOTE
r-release-windows-ix86+x86_64 1.0.4 4.00 26.00 30.00 NOTE
r-oldrel-windows-ix86+x86_64 1.0.4 4.00 23.00 27.00 NOTE

Check Details

Version: 1.0.4
Check: dependencies in R code
Result: NOTE
    'library' or 'require' call to ‘leaps’ which was already attached by Depends.
     Please remove these calls from your code.
Flavors: r-devel-linux-x86_64-debian-clang, r-devel-linux-x86_64-debian-gcc, r-devel-linux-x86_64-fedora-clang, r-devel-linux-x86_64-fedora-gcc, r-devel-osx-x86_64-clang, r-prerel-windows-ix86+x86_64, r-prerel-linux-x86_64, r-prerel-solaris-x86, r-release-linux-x86_64, r-release-windows-ix86+x86_64

Version: 1.0.4
Flags: --no-examples
Check: dependencies in R code
Result: NOTE
    'library' or 'require' call to ‘leaps’ which was already attached by Depends.
     Please remove these calls from your code.
Flavor: r-prerel-solaris-sparc

Version: 1.0.4
Check: dependencies in R code
Result: NOTE
    'library' or 'require' call to ‘leaps’ which was already attached by Depends.
     Please remove these calls from your code.
    See the information on DESCRIPTION files in the chapter ‘Creating R
    packages’ of the ‘Writing R Extensions’ manual.
Flavors: r-release-osx-x86_64-mavericks, r-release-osx-x86_64-snowleopard, r-oldrel-windows-ix86+x86_64