CRAN Package Check Results for Package speff2trial

Last updated on 2015-07-30 22:50:10.

Flavor Version Tinstall Tcheck Ttotal Status Flags
r-devel-linux-x86_64-debian-clang 1.0.4 0.65 17.90 18.55 NOTE
r-devel-linux-x86_64-debian-gcc 1.0.4 0.65 12.83 13.48 NOTE
r-devel-linux-x86_64-fedora-clang 1.0.4 27.00 NOTE
r-devel-linux-x86_64-fedora-gcc 1.0.4 25.46 NOTE
r-devel-osx-x86_64-clang 1.0.4 23.48 NOTE
r-devel-windows-ix86+x86_64 1.0.4 5.00 34.00 39.00 NOTE
r-patched-linux-x86_64 1.0.4 0.69 13.54 14.23 NOTE
r-patched-solaris-sparc 1.0.4 151.70 NOTE --no-examples
r-patched-solaris-x86 1.0.4 39.20 NOTE
r-release-linux-x86_64 1.0.4 0.69 13.60 14.29 NOTE
r-release-osx-x86_64-mavericks 1.0.4 NOTE
r-release-windows-ix86+x86_64 1.0.4 4.00 39.00 43.00 NOTE
r-oldrel-windows-ix86+x86_64 1.0.4 5.00 27.00 32.00 NOTE

Check Details

Version: 1.0.4
Check: dependencies in R code
Result: NOTE
    'library' or 'require' call to ‘leaps’ which was already attached by Depends.
     Please remove these calls from your code.
Flavors: r-devel-linux-x86_64-debian-clang, r-devel-linux-x86_64-debian-gcc, r-devel-linux-x86_64-fedora-clang, r-devel-linux-x86_64-fedora-gcc, r-devel-osx-x86_64-clang, r-devel-windows-ix86+x86_64, r-patched-linux-x86_64, r-patched-solaris-x86, r-release-linux-x86_64, r-release-osx-x86_64-mavericks, r-release-windows-ix86+x86_64, r-oldrel-windows-ix86+x86_64

Version: 1.0.4
Check: R code for possible problems
Result: NOTE
    modSearch: no visible global function definition for ‘glm’
    modSearch: no visible binding for global variable ‘binomial’
    modSearch: no visible global function definition for ‘na.omit’
    modSearch: no visible global function definition for ‘as.formula’
    speff: no visible binding for global variable ‘na.pass’
    speff: no visible global function definition for ‘model.matrix’
    speff: no visible global function definition for ‘terms’
    speff: no visible global function definition for ‘model.response’
    speff: no visible global function definition for ‘as.formula’
    speff: no visible global function definition for ‘predict’
    speff: no visible global function definition for ‘na.omit’
    speff: no visible global function definition for ‘glm’
    speff: no visible binding for global variable ‘na.omit’
    speffSurv: no visible global function definition for ‘model.matrix’
    speffSurv: no visible global function definition for ‘terms’
    speffSurv: no visible global function definition for ‘model.response’
    speffSurv: no visible global function definition for ‘as.formula’
    speffSurv: no visible global function definition for ‘uniroot’
    summary.speff: no visible global function definition for ‘qnorm’
    summary.speff: no visible global function definition for ‘pnorm’
    summary.speffSurv: no visible global function definition for ‘qnorm’
    summary.speffSurv: no visible global function definition for ‘pnorm’
    Undefined global functions or variables:
     as.formula binomial glm model.matrix model.response na.omit na.pass
     pnorm predict qnorm terms uniroot
    Consider adding
     importFrom("stats", "as.formula", "binomial", "glm", "model.matrix",
     "model.response", "na.omit", "na.pass", "pnorm", "predict",
     "qnorm", "terms", "uniroot")
    to your NAMESPACE.
Flavors: r-devel-linux-x86_64-debian-clang, r-devel-linux-x86_64-debian-gcc, r-devel-linux-x86_64-fedora-clang, r-devel-linux-x86_64-fedora-gcc, r-devel-windows-ix86+x86_64

Version: 1.0.4
Flags: --no-examples
Check: dependencies in R code
Result: NOTE
    'library' or 'require' call to ‘leaps’ which was already attached by Depends.
     Please remove these calls from your code.
Flavor: r-patched-solaris-sparc