CRAN Package Check Results for Package sperich

Last updated on 2015-07-04 11:50:04.

Flavor Version Tinstall Tcheck Ttotal Status Flags
r-devel-linux-x86_64-debian-clang 1.5-5 0.73 20.75 21.48 NOTE
r-devel-linux-x86_64-debian-gcc 1.5-5 0.67 20.19 20.86 NOTE
r-devel-linux-x86_64-fedora-clang 1.5-5 41.10 NOTE
r-devel-linux-x86_64-fedora-gcc 1.5-5 38.99 NOTE
r-devel-osx-x86_64-clang 1.5-5 35.20 NOTE
r-devel-windows-ix86+x86_64 1.5-5 5.00 53.00 58.00 NOTE
r-patched-linux-x86_64 1.5-5 0.71 20.15 20.86 NOTE
r-patched-solaris-sparc 1.5-5 282.30 NOTE
r-patched-solaris-x86 1.5-5 57.90 NOTE
r-release-linux-x86_64 1.5-5 0.71 20.30 21.01 NOTE
r-release-osx-x86_64-mavericks 1.5-5 NOTE
r-release-windows-ix86+x86_64 1.5-5 5.00 33.00 38.00 NOTE
r-oldrel-windows-ix86+x86_64 1.5-5 5.00 39.00 44.00 NOTE

Check Details

Version: 1.5-5
Check: DESCRIPTION meta-information
Result: NOTE
    Malformed Description field: should contain one or more complete sentences.
Flavors: r-devel-linux-x86_64-debian-clang, r-devel-linux-x86_64-debian-gcc, r-devel-linux-x86_64-fedora-clang, r-devel-linux-x86_64-fedora-gcc, r-devel-osx-x86_64-clang, r-devel-windows-ix86+x86_64, r-patched-linux-x86_64, r-patched-solaris-sparc, r-patched-solaris-x86, r-release-linux-x86_64, r-release-osx-x86_64-mavericks, r-release-windows-ix86+x86_64

Version: 1.5-5
Check: top-level files
Result: NOTE
    Non-standard file/directory found at top level:
     ‘index’
Flavors: r-devel-linux-x86_64-debian-clang, r-devel-linux-x86_64-debian-gcc, r-devel-linux-x86_64-fedora-clang, r-devel-linux-x86_64-fedora-gcc, r-patched-linux-x86_64, r-release-linux-x86_64

Version: 1.5-5
Check: dependencies in R code
Result: NOTE
    'library' or 'require' calls in package code:
     ‘RColorBrewer’ ‘SDMTools’ ‘foreach’ ‘lattice’ ‘rgdal’
     Please use :: or requireNamespace() instead.
     See section 'Suggested packages' in the 'Writing R Extensions' manual.
    ':::' calls which should be '::':
     ‘foreach:::getDoParRegistered’ ‘foreach:::registerDoSEQ’
     See the note in ?`:::` about the use of this operator.
Flavors: r-devel-linux-x86_64-debian-clang, r-devel-linux-x86_64-debian-gcc, r-devel-linux-x86_64-fedora-clang, r-devel-linux-x86_64-fedora-gcc, r-devel-osx-x86_64-clang, r-devel-windows-ix86+x86_64, r-patched-linux-x86_64, r-patched-solaris-sparc, r-patched-solaris-x86, r-release-linux-x86_64, r-release-osx-x86_64-mavericks, r-release-windows-ix86+x86_64, r-oldrel-windows-ix86+x86_64

Version: 1.5-5
Check: R code for possible problems
Result: NOTE
    createImage: no visible global function definition for ‘brewer.pal’
    createImage: no visible global function definition for ‘rainbow’
    createImage: no visible global function definition for ‘png’
    createImage: no visible global function definition for
     ‘trellis.par.set’
    createImage: no visible global function definition for ‘levelplot’
    createImage: no visible global function definition for ‘dev.off’
    evaluate: no visible global function definition for ‘png’
    evaluate: no visible global function definition for ‘hist’
    evaluate: no visible global function definition for ‘gray’
    evaluate: no visible global function definition for ‘text’
    evaluate: no visible global function definition for ‘dev.off’
    evaluate: no visible global function definition for ‘layout’
    exportAsGDAL: no visible global function definition for ‘coordinates<-’
    exportAsGDAL: no visible global function definition for ‘as’
    exportAsGDAL: no visible global function definition for ‘writeGDAL’
    generate.subsamples: no visible global function definition for ‘runif’
    searchClusters: no visible global function definition for
     ‘coordinates<-’
    searchClusters: no visible global function definition for ‘as’
    species.richness: no visible global function definition for ‘%dopar%’
    species.richness: no visible global function definition for ‘foreach’
    species.richness: no visible global function definition for
     ‘flush.console’
    species.richness.cv: no visible global function definition for
     ‘%dopar%’
    species.richness.cv: no visible global function definition for
     ‘foreach’
    species.richness.cv: no visible global function definition for
     ‘flush.console’
    species.richness.nonweighted: no visible global function definition for
     ‘%dopar%’
    species.richness.nonweighted: no visible global function definition for
     ‘foreach’
    species.richness.nonweighted: no visible global function definition for
     ‘flush.console’
    Undefined global functions or variables:
     %dopar% as brewer.pal coordinates<- dev.off flush.console foreach
     gray hist layout levelplot png rainbow runif text trellis.par.set
     writeGDAL
Flavors: r-devel-linux-x86_64-debian-clang, r-devel-linux-x86_64-debian-gcc, r-devel-linux-x86_64-fedora-clang, r-devel-linux-x86_64-fedora-gcc, r-devel-windows-ix86+x86_64

Version: 1.5-5
Check: Rd line widths
Result: NOTE
    Rd file 'createImage.Rd':
     \examples lines wider than 100 characters:
     landwatermask.nocoast, distances=1:5, weight=0.5, dimension,
     shift, resolution=1, upperbound=3000, all.species=1:2)
    
    Rd file 'exportAsGDAL.Rd':
     \usage lines wider than 90 characters:
     exportAsGDAL(grid, shift, resolution, directory=getwd(), filename="grid.tif", drivername="GTiff")
    
    These lines will be truncated in the PDF manual.
Flavors: r-devel-linux-x86_64-debian-clang, r-devel-linux-x86_64-debian-gcc, r-devel-linux-x86_64-fedora-clang, r-devel-linux-x86_64-fedora-gcc, r-patched-linux-x86_64, r-release-linux-x86_64

Version: 1.5-5
Check: R code for possible problems
Result: NOTE
    createImage: no visible global function definition for ‘brewer.pal’
    createImage: no visible global function definition for
     ‘trellis.par.set’
    createImage: no visible global function definition for ‘levelplot’
    exportAsGDAL: no visible global function definition for ‘coordinates<-’
    exportAsGDAL: no visible global function definition for ‘writeGDAL’
    searchClusters: no visible global function definition for
     ‘coordinates<-’
    species.richness: no visible global function definition for ‘%dopar%’
    species.richness: no visible global function definition for ‘foreach’
    species.richness.cv: no visible global function definition for
     ‘%dopar%’
    species.richness.cv: no visible global function definition for
     ‘foreach’
    species.richness.nonweighted: no visible global function definition for
     ‘%dopar%’
    species.richness.nonweighted: no visible global function definition for
     ‘foreach’
    Undefined global functions or variables:
     %dopar% brewer.pal coordinates<- foreach levelplot trellis.par.set
     writeGDAL
Flavor: r-devel-osx-x86_64-clang

Version: 1.5-5
Check: R code for possible problems
Result: NOTE
    createImage: no visible global function definition for ‘brewer.pal’
    createImage: no visible global function definition for
     ‘trellis.par.set’
    createImage: no visible global function definition for ‘levelplot’
    exportAsGDAL: no visible global function definition for ‘coordinates<-’
    exportAsGDAL: no visible global function definition for ‘writeGDAL’
    searchClusters: no visible global function definition for
     ‘coordinates<-’
    species.richness: no visible global function definition for ‘%dopar%’
    species.richness: no visible global function definition for ‘foreach’
    species.richness.cv: no visible global function definition for
     ‘%dopar%’
    species.richness.cv: no visible global function definition for
     ‘foreach’
    species.richness.nonweighted: no visible global function definition for
     ‘%dopar%’
    species.richness.nonweighted: no visible global function definition for
     ‘foreach’
Flavors: r-patched-linux-x86_64, r-patched-solaris-sparc, r-patched-solaris-x86, r-release-linux-x86_64, r-release-osx-x86_64-mavericks, r-release-windows-ix86+x86_64, r-oldrel-windows-ix86+x86_64