CRAN Package Check Results for Package sperrorest

Last updated on 2014-07-26 08:50:58.

Flavor Version Tinstall Tcheck Ttotal Status Flags
r-devel-linux-x86_64-debian-clang 0.2-1 1.20 32.97 34.18 NOTE
r-devel-linux-x86_64-debian-gcc 0.2-1 1.18 34.77 35.95 NOTE
r-devel-linux-x86_64-fedora-clang 0.2-1 71.88 NOTE
r-devel-linux-x86_64-fedora-gcc 0.2-1 69.08 NOTE
r-devel-osx-x86_64-clang 0.2-1 61.70 NOTE
r-devel-windows-ix86+x86_64 0.2-1 5.00 51.00 56.00 NOTE
r-patched-linux-x86_64 0.2-1 1.17 33.08 34.25 NOTE
r-patched-solaris-sparc 0.2-1 388.20 NOTE
r-patched-solaris-x86 0.2-1 86.10 NOTE
r-release-linux-ix86 0.2-1 1.64 43.10 44.74 NOTE
r-release-linux-x86_64 0.2-1 1.22 33.13 34.35 NOTE
r-release-osx-x86_64-mavericks 0.2-1 NOTE
r-release-osx-x86_64-snowleopard 0.2-1 NOTE
r-release-windows-ix86+x86_64 0.2-1 5.00 51.00 56.00 NOTE
r-oldrel-windows-ix86+x86_64 0.2-1 5.00 56.00 61.00 NOTE

Check Details

Version: 0.2-1
Check: dependencies in R code
Result: NOTE
    'library' or 'require' call to ‘ROCR’ which was already attached by Depends.
     Please remove these calls from your code.
    Packages in Depends field not imported from:
     ‘ROCR’ ‘rpart’
     These packages need to be imported from (in the NAMESPACE file)
     for when this namespace is loaded but not attached.
    See the information on DESCRIPTION files in the chapter ‘Creating R
    packages’ of the ‘Writing R Extensions’ manual.
Flavors: r-devel-linux-x86_64-debian-clang, r-devel-linux-x86_64-debian-gcc, r-devel-linux-x86_64-fedora-clang, r-devel-linux-x86_64-fedora-gcc, r-devel-osx-x86_64-clang, r-devel-windows-ix86+x86_64, r-patched-linux-x86_64, r-patched-solaris-sparc, r-patched-solaris-x86, r-release-linux-ix86, r-release-linux-x86_64, r-release-osx-x86_64-mavericks, r-release-windows-ix86+x86_64, r-oldrel-windows-ix86+x86_64

Version: 0.2-1
Check: Rd line widths
Result: NOTE
    Rd file 'partition.tiles.Rd':
     \examples lines wider than 100 characters:
     parti3 = partition.tiles(ecuador, dsplit = 2000, offset = "random", rotation = "random", reassign = TRUE, min.n = 100)
    
    Rd file 'represampling.factor.bootstrap.Rd':
     \examples lines wider than 100 characters:
     fac = partition.tiles(ecuador, return.factor=TRUE, repetition=c(1:3), dsplit=500, min.n=200, rotation="random", offset="random")
    
    These lines will be truncated in the PDF manual.
Flavors: r-devel-linux-x86_64-fedora-clang, r-devel-linux-x86_64-fedora-gcc

Version: 0.2-1
Check: package dependencies
Result: NOTE
    Package suggested but not available for checking: ‘RSAGA’
Flavors: r-release-osx-x86_64-mavericks, r-release-osx-x86_64-snowleopard

Version: 0.2-1
Check: dependencies in R code
Result: NOTE
    'library' or 'require' call to 'ROCR' which was already attached by Depends.
     Please remove these calls from your code.
    See the information on DESCRIPTION files in the chapter 'Creating R
    packages' of the 'Writing R Extensions' manual.
Flavor: r-release-osx-x86_64-snowleopard