CRAN Package Check Results for Package sperrorest

Last updated on 2022-09-28 23:55:56 CEST.

Flavor Version Tinstall Tcheck Ttotal Status Flags
r-devel-linux-x86_64-debian-clang 3.0.4 9.76 168.41 178.17 NOTE --no-vignettes
r-devel-linux-x86_64-debian-gcc 3.0.4 7.65 115.09 122.74 NOTE --no-vignettes
r-devel-linux-x86_64-fedora-clang 3.0.4 563.17 NOTE
r-devel-linux-x86_64-fedora-gcc 3.0.4 530.57 NOTE
r-devel-windows-x86_64 3.0.4 46.00 320.00 366.00 NOTE
r-patched-linux-x86_64 3.0.4 10.43 153.45 163.88 OK --no-vignettes
r-release-linux-x86_64 3.0.4 8.93 150.07 159.00 OK --no-vignettes
r-release-macos-arm64 3.0.4 167.00 OK
r-release-macos-x86_64 3.0.4 375.00 OK
r-release-windows-x86_64 3.0.4 44.00 333.00 377.00 OK
r-oldrel-macos-arm64 3.0.4 411.00 OK
r-oldrel-macos-x86_64 3.0.4 74.00 OK
r-oldrel-windows-ix86+x86_64 3.0.4 21.00 196.00 217.00 OK

Check Details

Version: 3.0.4
Flags: --no-vignettes
Check: HTML version of manual
Result: NOTE
    Found the following HTML validation problems:
    sperrorest.html:259:71: Warning: inserting implicit <p>
Flavors: r-devel-linux-x86_64-debian-clang, r-devel-linux-x86_64-debian-gcc

Version: 3.0.4
Check: HTML version of manual
Result: NOTE
    Found the following HTML validation problems:
    sperrorest.html:259:71: Warning: inserting implicit <p>
Flavors: r-devel-linux-x86_64-fedora-clang, r-devel-linux-x86_64-fedora-gcc, r-devel-windows-x86_64