CRAN Package Check Results for Package sperrorest

Last updated on 2015-07-04 11:50:04.

Flavor Version Tinstall Tcheck Ttotal Status Flags
r-devel-linux-x86_64-debian-clang 0.2-1 0.96 25.27 26.23 NOTE
r-devel-linux-x86_64-debian-gcc 0.2-1 0.92 24.12 25.04 NOTE
r-devel-linux-x86_64-fedora-clang 0.2-1 49.59 NOTE
r-devel-linux-x86_64-fedora-gcc 0.2-1 47.06 NOTE
r-devel-osx-x86_64-clang 0.2-1 40.72 NOTE
r-devel-windows-ix86+x86_64 0.2-1 4.00 64.00 68.00 NOTE
r-patched-linux-x86_64 0.2-1 1.00 30.98 31.98 NOTE
r-patched-solaris-sparc 0.2-1 336.80 NOTE
r-patched-solaris-x86 0.2-1 66.90 NOTE
r-release-linux-x86_64 0.2-1 1.00 26.26 27.26 NOTE
r-release-osx-x86_64-mavericks 0.2-1 NOTE
r-release-windows-ix86+x86_64 0.2-1 6.00 40.00 46.00 NOTE
r-oldrel-windows-ix86+x86_64 0.2-1 5.00 76.00 81.00 NOTE

Check Details

Version: 0.2-1
Check: dependencies in R code
Result: NOTE
    'library' or 'require' call to ‘ROCR’ which was already attached by Depends.
     Please remove these calls from your code.
    Packages in Depends field not imported from:
     ‘ROCR’ ‘rpart’
     These packages need to be imported from (in the NAMESPACE file)
     for when this namespace is loaded but not attached.
Flavors: r-devel-linux-x86_64-debian-clang, r-devel-linux-x86_64-debian-gcc, r-devel-linux-x86_64-fedora-clang, r-devel-linux-x86_64-fedora-gcc, r-devel-osx-x86_64-clang, r-devel-windows-ix86+x86_64, r-patched-linux-x86_64, r-patched-solaris-sparc, r-patched-solaris-x86, r-release-linux-x86_64, r-release-osx-x86_64-mavericks, r-release-windows-ix86+x86_64, r-oldrel-windows-ix86+x86_64

Version: 0.2-1
Check: R code for possible problems
Result: NOTE
    err.default: no visible global function definition for ‘prediction’
    err.default: no visible global function definition for ‘performance’
    err.default: no visible global function definition for ‘sd’
    err.default: no visible global function definition for ‘mad’
    err.default: no visible global function definition for ‘median’
    err.default: no visible global function definition for ‘IQR’
    partition.kmeans: no visible global function definition for ‘kmeans’
    partition.tiles: no visible global function definition for ‘runif’
    plot.represampling: no visible global function definition for ‘par’
    plot.represampling: no visible global function definition for ‘plot’
    plot.represampling: no visible global function definition for ‘rnorm’
    plot.represampling: no visible global function definition for ‘points’
    sperrorest: no visible global function definition for ‘terms’
    sperrorest: no visible binding for global variable ‘predict’
    summary.sperroresterror : <anonymous>: no visible global function
     definition for ‘sd’
    summary.sperroresterror : <anonymous>: no visible global function
     definition for ‘median’
    summary.sperroresterror : <anonymous>: no visible global function
     definition for ‘IQR’
    summary.sperroresterror : <anonymous> : <anonymous>: no visible global
     function definition for ‘weighted.mean’
    summary.sperroresterror: no visible binding for global variable ‘sd’
    summary.sperroresterror: no visible binding for global variable
     ‘median’
    summary.sperroresterror: no visible binding for global variable ‘IQR’
    summary.sperrorestimportance: no visible binding for global variable
     ‘sd’
    summary.sperrorestimportance: no visible binding for global variable
     ‘median’
    summary.sperrorestimportance: no visible binding for global variable
     ‘IQR’
    summary.sperrorestpoolederror: no visible binding for global variable
     ‘sd’
    summary.sperrorestpoolederror: no visible binding for global variable
     ‘median’
    summary.sperrorestpoolederror: no visible binding for global variable
     ‘IQR’
    Undefined global functions or variables:
     IQR kmeans mad median par performance plot points predict prediction
     rnorm runif sd terms weighted.mean
Flavors: r-devel-linux-x86_64-debian-clang, r-devel-linux-x86_64-debian-gcc, r-devel-linux-x86_64-fedora-clang, r-devel-linux-x86_64-fedora-gcc, r-devel-windows-ix86+x86_64

Version: 0.2-1
Check: Rd line widths
Result: NOTE
    Rd file 'partition.tiles.Rd':
     \examples lines wider than 100 characters:
     parti3 = partition.tiles(ecuador, dsplit = 2000, offset = "random", rotation = "random", reassign = TRUE, min.n = 100)
    
    Rd file 'represampling.factor.bootstrap.Rd':
     \examples lines wider than 100 characters:
     fac = partition.tiles(ecuador, return.factor=TRUE, repetition=c(1:3), dsplit=500, min.n=200, rotation="random", offset="random")
    
    These lines will be truncated in the PDF manual.
Flavors: r-devel-linux-x86_64-debian-clang, r-devel-linux-x86_64-debian-gcc, r-devel-linux-x86_64-fedora-clang, r-devel-linux-x86_64-fedora-gcc, r-patched-linux-x86_64, r-release-linux-x86_64

Version: 0.2-1
Check: R code for possible problems
Result: NOTE
    err.default: no visible global function definition for ‘prediction’
    err.default: no visible global function definition for ‘performance’
    Undefined global functions or variables:
     performance prediction
Flavor: r-devel-osx-x86_64-clang

Version: 0.2-1
Check: R code for possible problems
Result: NOTE
    err.default: no visible global function definition for ‘prediction’
    err.default: no visible global function definition for ‘performance’
Flavors: r-patched-linux-x86_64, r-patched-solaris-sparc, r-patched-solaris-x86, r-release-linux-x86_64, r-release-osx-x86_64-mavericks, r-release-windows-ix86+x86_64, r-oldrel-windows-ix86+x86_64

Version: 0.2-1
Check: package dependencies
Result: NOTE
    Package suggested but not available for checking: ‘RSAGA’
Flavor: r-release-osx-x86_64-mavericks