CRAN Package Check Results for Package sperrorest

Last updated on 2017-05-24 22:47:38.

Flavor Version Tinstall Tcheck Ttotal Status Flags
r-devel-linux-x86_64-debian-clang 1.0.0 3.28 171.98 175.26 OK
r-devel-linux-x86_64-debian-gcc 1.0.0 3.26 163.00 166.26 OK
r-devel-linux-x86_64-fedora-clang 1.0.0 165.99 OK --no-stop-on-test-error
r-devel-linux-x86_64-fedora-gcc 1.0.0 149.06 OK --no-stop-on-test-error
r-devel-windows-ix86+x86_64 1.0.0 8.00 277.00 285.00 OK
r-patched-linux-x86_64 1.0.0 3.23 161.24 164.47 OK
r-patched-solaris-sparc 1.0.0 3481.90 OK
r-patched-solaris-x86 1.0.0 658.00 OK
r-release-linux-x86_64 1.0.0 3.19 159.38 162.57 OK
r-release-windows-ix86+x86_64 1.0.0 6.00 347.00 353.00 OK
r-release-osx-x86_64 1.0.0 ERROR
r-oldrel-windows-ix86+x86_64 1.0.0 9.00 319.00 328.00 OK
r-oldrel-osx-x86_64 1.0.0 OK

Check Details

Version: 1.0.0
Check: package dependencies
Result: NOTE
    Package suggested but not available for checking: ‘pacman’
Flavor: r-release-osx-x86_64

Version: 1.0.0
Check: tests
Result: ERROR
     Running ‘testthat.R’ [1s/2s]
    Running the tests in ‘tests/testthat.R’ failed.
    Complete output:
     > library(testthat)
     > library(sperrorest)
     >
     > test_check("sperrorest")
     Error in loadNamespace(name) : there is no package called 'pacman'
     Calls: test_check ... tryCatch -> tryCatchList -> tryCatchOne -> <Anonymous>
     testthat results ================================================================
     OK: 0 SKIPPED: 0 FAILED: 0
     Execution halted
Flavor: r-release-osx-x86_64