CRAN Package Check Results for Package sperrorest

Last updated on 2014-11-20 19:48:31.

Flavor Version Tinstall Tcheck Ttotal Status Flags
r-devel-linux-x86_64-debian-clang 0.2-1 1.30 31.42 32.72 NOTE
r-devel-linux-x86_64-debian-gcc 0.2-1 1.16 31.57 32.73 NOTE
r-devel-linux-x86_64-fedora-clang 0.2-1 65.98 NOTE
r-devel-linux-x86_64-fedora-gcc 0.2-1 63.75 NOTE
r-devel-osx-x86_64-clang 0.2-1 60.01 NOTE
r-devel-windows-ix86+x86_64 0.2-1 6.00 49.00 55.00 NOTE
r-patched-linux-x86_64 0.2-1 1.68 37.57 39.25 NOTE
r-patched-solaris-sparc 0.2-1 372.70 NOTE
r-patched-solaris-x86 0.2-1 82.40 NOTE
r-release-linux-ix86 0.2-1 1.56 39.99 41.56 NOTE
r-release-linux-x86_64 0.2-1 1.18 34.10 35.29 NOTE
r-release-osx-x86_64-mavericks 0.2-1 NOTE
r-release-osx-x86_64-snowleopard 0.2-1 NOTE
r-release-windows-ix86+x86_64 0.2-1 6.00 50.00 56.00 NOTE
r-oldrel-windows-ix86+x86_64 0.2-1 5.00 55.00 60.00 NOTE

Check Details

Version: 0.2-1
Check: dependencies in R code
Result: NOTE
    'library' or 'require' call to ‘ROCR’ which was already attached by Depends.
     Please remove these calls from your code.
    Packages in Depends field not imported from:
     ‘ROCR’ ‘rpart’
     These packages need to be imported from (in the NAMESPACE file)
     for when this namespace is loaded but not attached.
    See the information on DESCRIPTION files in the chapter ‘Creating R
    packages’ of the ‘Writing R Extensions’ manual.
Flavors: r-devel-linux-x86_64-debian-clang, r-devel-linux-x86_64-debian-gcc, r-devel-linux-x86_64-fedora-clang, r-devel-linux-x86_64-fedora-gcc, r-devel-osx-x86_64-clang, r-devel-windows-ix86+x86_64, r-patched-linux-x86_64, r-patched-solaris-sparc, r-patched-solaris-x86, r-release-linux-ix86, r-release-linux-x86_64, r-release-osx-x86_64-mavericks, r-release-windows-ix86+x86_64, r-oldrel-windows-ix86+x86_64

Version: 0.2-1
Check: R code for possible problems
Result: NOTE
    err.default: no visible global function definition for ‘prediction’
    err.default: no visible global function definition for ‘performance’
Flavors: r-devel-linux-x86_64-debian-clang, r-devel-linux-x86_64-debian-gcc, r-devel-linux-x86_64-fedora-clang, r-devel-linux-x86_64-fedora-gcc, r-devel-osx-x86_64-clang, r-devel-windows-ix86+x86_64, r-patched-linux-x86_64, r-patched-solaris-sparc, r-patched-solaris-x86, r-release-linux-ix86, r-release-linux-x86_64, r-release-windows-ix86+x86_64

Version: 0.2-1
Check: Rd line widths
Result: NOTE
    Rd file 'partition.tiles.Rd':
     \examples lines wider than 100 characters:
     parti3 = partition.tiles(ecuador, dsplit = 2000, offset = "random", rotation = "random", reassign = TRUE, min.n = 100)
    
    Rd file 'represampling.factor.bootstrap.Rd':
     \examples lines wider than 100 characters:
     fac = partition.tiles(ecuador, return.factor=TRUE, repetition=c(1:3), dsplit=500, min.n=200, rotation="random", offset="random")
    
    These lines will be truncated in the PDF manual.
Flavors: r-devel-linux-x86_64-debian-clang, r-devel-linux-x86_64-debian-gcc, r-devel-linux-x86_64-fedora-clang, r-devel-linux-x86_64-fedora-gcc, r-patched-linux-x86_64, r-release-linux-x86_64

Version: 0.2-1
Check: package dependencies
Result: NOTE
    Package suggested but not available for checking: ‘RSAGA’
Flavors: r-release-osx-x86_64-mavericks, r-release-osx-x86_64-snowleopard

Version: 0.2-1
Check: dependencies in R code
Result: NOTE
    'library' or 'require' call to 'ROCR' which was already attached by Depends.
     Please remove these calls from your code.
    See the information on DESCRIPTION files in the chapter 'Creating R
    packages' of the 'Writing R Extensions' manual.
Flavor: r-release-osx-x86_64-snowleopard