CRAN Package Check Results for Package spew

Last updated on 2018-09-22 14:46:42 CEST.

Flavor Version Tinstall Tcheck Ttotal Status Flags
r-devel-linux-x86_64-debian-clang 1.3.0 3.95 82.08 86.03 OK
r-devel-linux-x86_64-debian-gcc 1.3.0 3.88 66.58 70.46 OK
r-devel-linux-x86_64-fedora-clang 1.3.0 103.52 NOTE
r-devel-linux-x86_64-fedora-gcc 1.3.0 100.20 NOTE
r-devel-windows-ix86+x86_64 1.3.0 10.00 121.00 131.00 OK
r-patched-linux-x86_64 1.3.0 4.75 80.28 85.03 OK
r-patched-solaris-x86 1.3.0 142.70 NOTE
r-release-linux-x86_64 1.3.0 5.43 80.60 86.03 OK
r-release-windows-ix86+x86_64 1.3.0 8.00 120.00 128.00 OK
r-release-osx-x86_64 1.3.0 WARN
r-oldrel-windows-ix86+x86_64 1.3.0 6.00 147.00 153.00 OK
r-oldrel-osx-x86_64 1.3.0 WARN

Check Details

Version: 1.3.0
Check: dependencies in R code
Result: NOTE
    Namespace in Imports field not imported from: ‘maptools’
     All declared Imports should be used.
Flavors: r-devel-linux-x86_64-fedora-clang, r-devel-linux-x86_64-fedora-gcc, r-patched-solaris-x86, r-release-osx-x86_64, r-oldrel-osx-x86_64

Version: 1.3.0
Check: package dependencies
Result: NOTE
    Package suggested but not available for checking: ‘Rmpi’
Flavors: r-release-osx-x86_64, r-oldrel-osx-x86_64

Version: 1.3.0
Check: re-building of vignette outputs
Result: WARN
    Error in re-building vignettes:
     ...
    Warning in engine$weave(file, quiet = quiet, encoding = enc) :
     Pandoc (>= 1.12.3) and/or pandoc-citeproc not available. Falling back to R Markdown v1.
    Loading required package: sp
    Warning in grid.Call(C_textBounds, as.graphicsAnnot(x$label), x$x, x$y, :
     no font could be found for family "10"
    Warning in grid.Call(C_textBounds, as.graphicsAnnot(x$label), x$x, x$y, :
     no font could be found for family "10"
    Quitting from lines 45-64 (spew-quickstart.Rmd)
    Error: processing vignette 'spew-quickstart.Rmd' failed with diagnostics:
    polygon edge not found
    Execution halted
Flavors: r-release-osx-x86_64, r-oldrel-osx-x86_64