CRAN Package Check Results for Package spew

Last updated on 2017-11-23 07:48:03 CET.

Flavor Version Tinstall Tcheck Ttotal Status Flags
r-devel-linux-x86_64-debian-clang 1.3.0 1.42 101.74 103.16 OK
r-devel-linux-x86_64-debian-gcc 1.3.0 1.93 127.13 129.06 OK
r-devel-linux-x86_64-fedora-clang 1.3.0 109.66 NOTE
r-devel-linux-x86_64-fedora-gcc 1.3.0 122.36 NOTE
r-devel-windows-ix86+x86_64 1.3.0 6.00 94.00 100.00 OK
r-patched-linux-x86_64 1.3.0 1.75 59.27 61.02 OK
r-patched-solaris-x86 1.3.0 140.00 NOTE
r-release-linux-x86_64 1.3.0 1.48 60.31 61.78 OK
r-release-windows-ix86+x86_64 1.3.0 6.00 145.00 151.00 OK
r-release-osx-x86_64 1.3.0 WARN
r-oldrel-windows-ix86+x86_64 1.3.0 5.00 91.00 96.00 OK
r-oldrel-osx-x86_64 1.3.0 WARN

Check Details

Version: 1.3.0
Check: dependencies in R code
Result: NOTE
    Namespace in Imports field not imported from: ‘maptools’
     All declared Imports should be used.
Flavors: r-devel-linux-x86_64-fedora-clang, r-devel-linux-x86_64-fedora-gcc, r-patched-solaris-x86, r-release-osx-x86_64, r-oldrel-osx-x86_64

Version: 1.3.0
Check: package dependencies
Result: NOTE
    Package suggested but not available for checking: ‘Rmpi’
Flavors: r-release-osx-x86_64, r-oldrel-osx-x86_64

Version: 1.3.0
Check: re-building of vignette outputs
Result: WARN
    Error in re-building vignettes:
     ...
    Warning in engine$weave(file, quiet = quiet, encoding = enc) :
     Pandoc (>= 1.12.3) and/or pandoc-citeproc not available. Falling back to R Markdown v1.
    Loading required package: sp
    Warning in grid.Call(C_textBounds, as.graphicsAnnot(x$label), x$x, x$y, :
     no font could be found for family "10"
    Warning in grid.Call(C_textBounds, as.graphicsAnnot(x$label), x$x, x$y, :
     no font could be found for family "10"
    Quitting from lines 45-64 (spew-quickstart.Rmd)
    Error: processing vignette 'spew-quickstart.Rmd' failed with diagnostics:
    polygon edge not found
    Execution halted
Flavor: r-release-osx-x86_64

Version: 1.3.0
Check: re-building of vignette outputs
Result: WARN
    Error in re-building vignettes:
     ...
    Warning in engine$weave(file, quiet = quiet, encoding = enc) :
     Pandoc (>= 1.12.3) and/or pandoc-citeproc not available. Falling back to R Markdown v1.
    Loading required package: sp
    Warning in grid.Call(L_textBounds, as.graphicsAnnot(x$label), x$x, x$y, :
     no font could be found for family "10"
    Warning in grid.Call(L_textBounds, as.graphicsAnnot(x$label), x$x, x$y, :
     no font could be found for family "10"
    Quitting from lines 45-64 (spew-quickstart.Rmd)
    Error: processing vignette 'spew-quickstart.Rmd' failed with diagnostics:
    polygon edge not found
    Execution halted
Flavor: r-oldrel-osx-x86_64