CRAN Package Check Results for Package spfda

Last updated on 2022-01-29 02:50:03 CET.

Flavor Version Tinstall Tcheck Ttotal Status Flags
r-devel-linux-x86_64-debian-clang 0.9.0 2.14 34.19 36.33 NOTE
r-devel-linux-x86_64-debian-gcc 0.9.0 1.97 26.50 28.47 NOTE
r-devel-linux-x86_64-fedora-clang 0.9.0 45.13 NOTE
r-devel-linux-x86_64-fedora-gcc 0.9.0 34.14 NOTE
r-devel-windows-x86_64-new-UL 0.9.0 17.00 50.00 67.00 NOTE
r-devel-windows-x86_64-new-TK 0.9.0 NOTE
r-patched-linux-x86_64 0.9.0 2.32 33.45 35.77 NOTE
r-release-linux-x86_64 0.9.0 1.70 32.71 34.41 NOTE
r-release-macos-arm64 0.9.0 NOTE
r-release-macos-x86_64 0.9.0 NOTE
r-release-windows-ix86+x86_64 0.9.0 5.00 41.00 46.00 NOTE
r-oldrel-macos-x86_64 0.9.0 NOTE
r-oldrel-windows-ix86+x86_64 0.9.0 6.00 42.00 48.00 OK

Check Details

Version: 0.9.0
Check: LazyData
Result: NOTE
     'LazyData' is specified without a 'data' directory
Flavors: r-devel-linux-x86_64-debian-clang, r-devel-linux-x86_64-debian-gcc, r-devel-linux-x86_64-fedora-clang, r-devel-linux-x86_64-fedora-gcc, r-devel-windows-x86_64-new-UL, r-devel-windows-x86_64-new-TK, r-patched-linux-x86_64, r-release-linux-x86_64, r-release-macos-arm64, r-release-macos-x86_64, r-release-windows-ix86+x86_64

Version: 0.9.0
Check: dependencies in R code
Result: NOTE
    Namespace in Imports field not imported from: ‘mathjaxr’
     All declared Imports should be used.
Flavors: r-devel-linux-x86_64-fedora-clang, r-devel-linux-x86_64-fedora-gcc, r-devel-windows-x86_64-new-TK, r-release-macos-arm64, r-release-macos-x86_64, r-oldrel-macos-x86_64