CRAN Package Check Results for Package spgrass6

Last updated on 2016-05-25 14:47:47.

Flavor Version Tinstall Tcheck Ttotal Status Flags
r-devel-linux-x86_64-debian-gcc 0.8-9 1.47 23.38 24.85 OK
r-devel-linux-x86_64-fedora-clang 0.8-9 46.88 OK
r-devel-linux-x86_64-fedora-gcc 0.8-9 44.28 OK
r-devel-osx-x86_64-clang 0.8-9 47.56 OK
r-devel-windows-ix86+x86_64 0.8-9 4.00 45.00 49.00 OK
r-patched-linux-x86_64 0.8-9 1.25 23.65 24.90 OK
r-patched-solaris-sparc 0.8-9 259.20 OK
r-patched-solaris-x86 0.8-9 55.70 OK
r-release-linux-x86_64 0.8-9 1.32 23.53 24.85 OK
r-release-osx-x86_64-mavericks 0.8-9 NOTE
r-release-windows-ix86+x86_64 0.8-9 4.00 44.00 48.00 OK
r-oldrel-windows-ix86+x86_64 0.8-9 4.00 41.00 45.00 OK

Check Details

Version: 0.8-9
Check: package dependencies
Result: NOTE
    Package suggested but not available for checking: ‘rgdal’
Flavor: r-release-osx-x86_64-mavericks