CRAN Package Check Results for Package spgrass6

Last updated on 2016-08-27 10:48:10.

Flavor Version Tinstall Tcheck Ttotal Status Flags
r-devel-linux-x86_64-debian-clang 0.8-9 1.38 24.58 25.96 OK
r-devel-linux-x86_64-debian-gcc 0.8-9 2.16 30.92 33.08 OK
r-devel-linux-x86_64-fedora-clang 0.8-9 48.81 OK
r-devel-linux-x86_64-fedora-gcc 0.8-9 45.21 OK
r-devel-osx-x86_64-clang 0.8-9 37.25 OK
r-devel-windows-ix86+x86_64 0.8-9 5.00 52.00 57.00 OK
r-patched-linux-x86_64 0.8-9 1.23 23.30 24.53 OK
r-patched-solaris-sparc 0.8-9 258.30 OK
r-patched-solaris-x86 0.8-9 59.70 OK
r-release-linux-x86_64 0.8-9 1.25 24.36 25.61 OK
r-release-osx-x86_64-mavericks 0.8-9 NOTE
r-release-windows-ix86+x86_64 0.8-9 7.00 46.00 53.00 OK
r-oldrel-windows-ix86+x86_64 0.8-9 4.00 57.00 61.00 OK

Check Details

Version: 0.8-9
Check: package dependencies
Result: NOTE
    Package suggested but not available for checking: ‘rgdal’
Flavor: r-release-osx-x86_64-mavericks