CRAN Package Check Results for Package spgrass6

Last updated on 2016-06-26 00:47:23.

Flavor Version Tinstall Tcheck Ttotal Status Flags
r-devel-linux-x86_64-debian-gcc 0.8-9 1.41 23.91 25.32 OK
r-devel-linux-x86_64-fedora-clang 0.8-9 51.66 OK
r-devel-linux-x86_64-fedora-gcc 0.8-9 43.46 OK
r-devel-osx-x86_64-clang 0.8-9 18.42 OK
r-devel-windows-ix86+x86_64 0.8-9 7.00 68.00 75.00 OK
r-patched-linux-x86_64 0.8-9 1.30 24.22 25.52 OK
r-patched-solaris-sparc 0.8-9 258.30 OK
r-patched-solaris-x86 0.8-9 60.30 OK
r-release-linux-x86_64 0.8-9 1.46 24.66 26.12 OK
r-release-osx-x86_64-mavericks 0.8-9 NOTE
r-release-windows-ix86+x86_64 0.8-9 7.00 47.00 54.00 OK
r-oldrel-windows-ix86+x86_64 0.8-9 7.00 56.00 63.00 OK

Check Details

Version: 0.8-9
Check: package dependencies
Result: NOTE
    Package suggested but not available for checking: ‘rgdal’
Flavor: r-release-osx-x86_64-mavericks