CRAN Package Check Results for Package spgrass6

Last updated on 2016-09-30 04:49:20.

Flavor Version Tinstall Tcheck Ttotal Status Flags
r-devel-linux-x86_64-debian-clang 0.8-9 1.22 24.60 25.82 OK
r-devel-linux-x86_64-debian-gcc 0.8-9 1.25 25.94 27.19 OK
r-devel-linux-x86_64-fedora-clang 0.8-9 51.37 OK
r-devel-linux-x86_64-fedora-gcc 0.8-9 45.77 OK
r-devel-macos-x86_64-clang 0.8-9 35.31 OK
r-devel-windows-ix86+x86_64 0.8-9 4.00 52.00 56.00 OK
r-patched-linux-x86_64 0.8-9 1.24 24.50 25.74 OK
r-patched-solaris-sparc 0.8-9 258.30 OK
r-patched-solaris-x86 0.8-9 57.90 OK
r-release-linux-x86_64 0.8-9 1.27 24.12 25.39 OK
r-release-osx-x86_64-mavericks 0.8-9 NOTE
r-release-windows-ix86+x86_64 0.8-9 4.00 66.00 70.00 OK
r-oldrel-windows-ix86+x86_64 0.8-9 8.00 40.00 48.00 OK

Check Details

Version: 0.8-9
Check: package dependencies
Result: NOTE
    Package suggested but not available for checking: ‘rgdal’
Flavor: r-release-osx-x86_64-mavericks