CRAN Package Check Results for Package spgrass6

Last updated on 2014-10-23 13:48:01.

Flavor Version Tinstall Tcheck Ttotal Status Flags
r-devel-linux-x86_64-debian-clang 0.8-6 1.45 24.50 25.95 OK
r-devel-linux-x86_64-debian-gcc 0.8-6 1.43 24.09 25.52 OK
r-devel-linux-x86_64-fedora-clang 0.8-6 31.53 OK
r-devel-linux-x86_64-fedora-gcc 0.8-6 30.02 OK
r-devel-osx-x86_64-clang 0.8-6 50.40 OK
r-devel-windows-ix86+x86_64 0.8-6 5.00 33.00 38.00 OK
r-patched-linux-x86_64 0.8-6 1.48 24.90 26.38 OK
r-patched-solaris-sparc 0.8-6 295.10 OK
r-patched-solaris-x86 0.8-6 71.00 OK
r-release-linux-ix86 0.8-3 1.99 32.31 34.30 OK
r-release-linux-x86_64 0.8-3 1.55 25.81 27.36 OK
r-release-osx-x86_64-mavericks 0.8-6 NOTE
r-release-osx-x86_64-snowleopard 0.8-6 OK
r-release-windows-ix86+x86_64 0.8-6 5.00 39.00 44.00 OK
r-oldrel-windows-ix86+x86_64 0.8-6 5.00 36.00 41.00 OK

Check Details

Version: 0.8-6
Check: package dependencies
Result: NOTE
    Package suggested but not available for checking: ‘rgdal’
Flavor: r-release-osx-x86_64-mavericks