CRAN Package Check Results for Package spgrass6

Last updated on 2018-01-18 02:52:21 CET.

Flavor Version Tinstall Tcheck Ttotal Status Flags
r-devel-linux-x86_64-debian-clang 0.8-9 1.79 38.48 40.27 OK
r-devel-linux-x86_64-debian-gcc 0.8-9 1.51 33.24 34.75 OK
r-devel-linux-x86_64-fedora-clang 0.8-9 47.60 OK
r-devel-linux-x86_64-fedora-gcc 0.8-9 46.16 OK
r-devel-windows-ix86+x86_64 0.8-9 6.00 65.00 71.00 OK
r-patched-linux-x86_64 0.8-9 1.76 42.99 44.75 OK
r-patched-solaris-x86 0.8-9 70.40 OK
r-release-linux-x86_64 0.8-9 1.53 42.26 43.79 OK
r-release-windows-ix86+x86_64 0.8-9 5.00 66.00 71.00 OK
r-release-osx-x86_64 0.8-9 NOTE
r-oldrel-windows-ix86+x86_64 0.8-9 7.00 58.00 65.00 OK
r-oldrel-osx-x86_64 0.8-9 NOTE

Check Details

Version: 0.8-9
Check: package dependencies
Result: NOTE
    Package suggested but not available for checking: ‘rgdal’
Flavors: r-release-osx-x86_64, r-oldrel-osx-x86_64