CRAN Package Check Results for Package spgrass6

Last updated on 2017-10-22 22:49:09.

Flavor Version Tinstall Tcheck Ttotal Status Flags
r-devel-linux-x86_64-debian-clang 0.8-9 1.42 27.81 29.23 OK
r-devel-linux-x86_64-debian-gcc 0.8-9 1.82 29.78 31.60 OK
r-devel-linux-x86_64-fedora-clang 0.8-9 52.41 OK
r-devel-linux-x86_64-fedora-gcc 0.8-9 52.53 OK
r-devel-windows-ix86+x86_64 0.8-9 4.00 76.00 80.00 OK
r-patched-linux-x86_64 0.8-9 1.52 27.61 29.13 OK
r-patched-solaris-x86 0.8-9 65.80 OK
r-release-linux-x86_64 0.8-9 1.44 28.60 30.04 OK
r-release-windows-ix86+x86_64 0.8-9 6.00 70.00 76.00 OK
r-release-osx-x86_64 0.8-9 NOTE
r-oldrel-windows-ix86+x86_64 0.8-9 5.00 56.00 61.00 OK
r-oldrel-osx-x86_64 0.8-9 NOTE

Check Details

Version: 0.8-9
Check: package dependencies
Result: NOTE
    Package suggested but not available for checking: ‘rgdal’
Flavors: r-release-osx-x86_64, r-oldrel-osx-x86_64