CRAN Package Check Results for Package spgrass6

Last updated on 2018-05-21 23:51:16 CEST.

Flavor Version Tinstall Tcheck Ttotal Status Flags
r-devel-linux-x86_64-debian-clang 0.8-9 4.76 38.81 43.57 OK
r-devel-linux-x86_64-debian-gcc 0.8-9 4.45 34.36 38.81 OK
r-devel-linux-x86_64-fedora-clang 0.8-9 58.74 OK
r-devel-linux-x86_64-fedora-gcc 0.8-9 57.50 OK
r-devel-windows-ix86+x86_64 0.8-9 11.00 76.00 87.00 OK
r-patched-linux-x86_64 0.8-9 4.24 40.13 44.37 OK
r-patched-solaris-x86 0.8-9 81.60 OK
r-release-linux-x86_64 0.8-9 3.74 41.56 45.30 OK
r-release-windows-ix86+x86_64 0.8-9 11.00 68.00 79.00 OK
r-release-osx-x86_64 0.8-9 OK
r-oldrel-windows-ix86+x86_64 0.8-9 7.00 71.00 78.00 OK
r-oldrel-osx-x86_64 0.8-9 NOTE

Check Details

Version: 0.8-9
Check: package dependencies
Result: NOTE
    Package suggested but not available for checking: ‘rgdal’
Flavor: r-oldrel-osx-x86_64