CRAN Package Check Results for Package spgrass6

Last updated on 2017-04-27 05:52:10.

Flavor Version Tinstall Tcheck Ttotal Status Flags
r-devel-linux-x86_64-debian-clang 0.8-9 1.44 29.81 31.24 OK
r-devel-linux-x86_64-debian-gcc 0.8-9 1.68 28.70 30.38 OK
r-devel-linux-x86_64-fedora-clang 0.8-9 67.48 OK --no-stop-on-test-error
r-devel-linux-x86_64-fedora-gcc 0.8-9 49.68 OK --no-stop-on-test-error
r-devel-windows-ix86+x86_64 0.8-9 4.00 53.00 57.00 OK
r-patched-linux-x86_64 0.8-9 1.58 29.90 31.47 OK
r-patched-solaris-sparc 0.8-9 283.70 OK
r-patched-solaris-x86 0.8-9 71.00 OK
r-release-linux-x86_64 0.8-9 1.40 30.08 31.48 OK
r-release-windows-ix86+x86_64 0.8-9 5.00 72.00 77.00 OK
r-release-osx-x86_64 0.8-9 NOTE
r-oldrel-windows-ix86+x86_64 0.8-9 4.00 49.00 53.00 OK
r-oldrel-osx-x86_64 0.8-9 NOTE

Check Details

Version: 0.8-9
Check: package dependencies
Result: NOTE
    Package suggested but not available for checking: ‘rgdal’
Flavors: r-release-osx-x86_64, r-oldrel-osx-x86_64