CRAN Package Check Results for Package spgrass6

Last updated on 2015-04-19 19:52:04.

Flavor Version Tinstall Tcheck Ttotal Status Flags
r-devel-linux-x86_64-debian-clang 0.8-6 1.32 22.22 23.54 NOTE
r-devel-linux-x86_64-debian-gcc 0.8-6 1.25 21.62 22.87 NOTE
r-devel-linux-x86_64-fedora-clang 0.8-6 47.88 NOTE
r-devel-linux-x86_64-fedora-gcc 0.8-6 44.50 NOTE
r-devel-osx-x86_64-clang 0.8-6 41.78 NOTE
r-devel-windows-ix86+x86_64 0.8-6 6.00 45.00 51.00 NOTE
r-patched-linux-x86_64 0.8-6 1.27 21.80 23.06 NOTE
r-patched-solaris-sparc 0.8-6 266.70 NOTE
r-patched-solaris-x86 0.8-6 56.60 NOTE
r-release-linux-x86_64 0.8-6 1.30 19.61 20.91 NOTE
r-release-osx-x86_64-mavericks 0.8-6 NOTE
r-release-osx-x86_64-snowleopard 0.8-6 ERROR
r-release-windows-ix86+x86_64 0.8-6 3.00 29.00 32.00 NOTE
r-oldrel-windows-ix86+x86_64 0.8-6 5.00 35.00 40.00 NOTE

Check Details

Version: 0.8-6
Check: dependencies in R code
Result: NOTE
    'library' or 'require' call to ‘rgdal’ in package code.
     Please use :: or requireNamespace() instead.
     See section 'Suggested packages' in the 'Writing R Extensions' manual.
Flavors: r-devel-linux-x86_64-debian-clang, r-devel-linux-x86_64-debian-gcc, r-devel-linux-x86_64-fedora-clang, r-devel-linux-x86_64-fedora-gcc, r-devel-osx-x86_64-clang, r-devel-windows-ix86+x86_64, r-patched-linux-x86_64, r-patched-solaris-sparc, r-patched-solaris-x86, r-release-linux-x86_64, r-release-osx-x86_64-mavericks, r-release-windows-ix86+x86_64, r-oldrel-windows-ix86+x86_64

Version: 0.8-6
Check: package dependencies
Result: NOTE
    Package suggested but not available for checking: ‘rgdal’
Flavor: r-release-osx-x86_64-mavericks

Version: 0.8-6
Check: package dependencies
Result: ERROR
    Package required but not available: ‘XML’
    
    See section ‘The DESCRIPTION file’ in the ‘Writing R Extensions’
    manual.
Flavor: r-release-osx-x86_64-snowleopard