CRAN Package Check Results for Package spgrass6

Last updated on 2017-08-17 03:49:22.

Flavor Version Tinstall Tcheck Ttotal Status Flags
r-devel-linux-x86_64-debian-clang 0.8-9 1.43 27.62 29.05 OK
r-devel-linux-x86_64-debian-gcc 0.8-9 1.55 27.22 28.78 OK
r-devel-linux-x86_64-fedora-clang 0.8-9 54.67 OK
r-devel-linux-x86_64-fedora-gcc 0.8-9 48.61 OK
r-devel-windows-ix86+x86_64 0.8-9 6.00 66.00 72.00 OK
r-patched-linux-x86_64 0.8-9 1.53 29.37 30.90 OK
r-patched-solaris-x86 0.8-9 70.60 OK
r-release-linux-x86_64 0.8-9 1.62 28.73 30.35 OK
r-release-windows-ix86+x86_64 0.8-9 5.00 55.00 60.00 OK
r-release-osx-x86_64 0.8-9 NOTE
r-oldrel-windows-ix86+x86_64 0.8-9 6.00 45.00 51.00 OK
r-oldrel-osx-x86_64 0.8-9 NOTE

Check Details

Version: 0.8-9
Check: package dependencies
Result: NOTE
    Package suggested but not available for checking: ‘rgdal’
Flavors: r-release-osx-x86_64, r-oldrel-osx-x86_64