CRAN Package Check Results for Package spgrass6

Last updated on 2017-02-22 13:51:16.

Flavor Version Tinstall Tcheck Ttotal Status Flags
r-devel-linux-x86_64-debian-clang 0.8-9 1.35 28.02 29.38 OK
r-devel-linux-x86_64-debian-gcc 0.8-9 1.54 29.63 31.17 OK
r-devel-linux-x86_64-fedora-clang 0.8-9 51.18 OK --no-stop-on-test-error
r-devel-linux-x86_64-fedora-gcc 0.8-9 55.92 OK --no-stop-on-test-error
r-devel-macos-x86_64-clang 0.8-9 39.41 OK --no-stop-on-test-error
r-devel-windows-ix86+x86_64 0.8-9 6.00 95.00 101.00 OK
r-patched-linux-x86_64 0.8-9 1.34 26.00 27.35 OK
r-patched-solaris-sparc 0.8-9 261.00 OK
r-patched-solaris-x86 0.8-9 68.30 OK
r-release-linux-x86_64 0.8-9 1.35 25.89 27.24 OK
r-release-osx-x86_64-mavericks 0.8-9 NOTE
r-release-windows-ix86+x86_64 0.8-9 9.00 47.00 56.00 OK
r-oldrel-windows-ix86+x86_64 0.8-9 7.00 66.00 73.00 OK

Check Details

Version: 0.8-9
Check: package dependencies
Result: NOTE
    Package suggested but not available for checking: ‘rgdal’
Flavor: r-release-osx-x86_64-mavericks