CRAN Package Check Results for Package spgrass6

Last updated on 2015-05-22 19:48:19.

Flavor Version Tinstall Tcheck Ttotal Status Flags
r-devel-linux-x86_64-debian-clang 0.8-6 1.27 22.81 24.08 NOTE
r-devel-linux-x86_64-debian-gcc 0.8-6 1.32 22.15 23.47 NOTE
r-devel-linux-x86_64-fedora-clang 0.8-6 47.37 NOTE
r-devel-linux-x86_64-fedora-gcc 0.8-6 45.86 NOTE
r-devel-osx-x86_64-clang 0.8-6 41.58 NOTE
r-devel-windows-ix86+x86_64 0.8-6 6.00 33.00 39.00 NOTE
r-patched-linux-x86_64 0.8-6 1.25 21.93 23.18 NOTE
r-patched-solaris-sparc 0.8-6 262.20 NOTE
r-patched-solaris-x86 0.8-6 58.80 NOTE
r-release-linux-x86_64 0.8-6 1.26 22.69 23.95 NOTE
r-release-osx-x86_64-mavericks 0.8-6 NOTE
r-release-osx-x86_64-snowleopard 0.8-6 ERROR
r-release-windows-ix86+x86_64 0.8-6 3.00 31.00 34.00 NOTE
r-oldrel-windows-ix86+x86_64 0.8-6 5.00 38.00 43.00 NOTE

Check Details

Version: 0.8-6
Check: dependencies in R code
Result: NOTE
    'library' or 'require' call to ‘rgdal’ in package code.
     Please use :: or requireNamespace() instead.
     See section 'Suggested packages' in the 'Writing R Extensions' manual.
Flavors: r-devel-linux-x86_64-debian-clang, r-devel-linux-x86_64-debian-gcc, r-devel-linux-x86_64-fedora-clang, r-devel-linux-x86_64-fedora-gcc, r-devel-osx-x86_64-clang, r-devel-windows-ix86+x86_64, r-patched-linux-x86_64, r-patched-solaris-sparc, r-patched-solaris-x86, r-release-linux-x86_64, r-release-osx-x86_64-mavericks, r-release-windows-ix86+x86_64, r-oldrel-windows-ix86+x86_64

Version: 0.8-6
Check: package dependencies
Result: NOTE
    Package suggested but not available for checking: ‘rgdal’
Flavor: r-release-osx-x86_64-mavericks

Version: 0.8-6
Check: package dependencies
Result: ERROR
    Package required but not available: ‘XML’
    
    See section ‘The DESCRIPTION file’ in the ‘Writing R Extensions’
    manual.
Flavor: r-release-osx-x86_64-snowleopard