CRAN Package Check Results for Package spgrass6

Last updated on 2014-09-23 19:48:16.

Flavor Version Tinstall Tcheck Ttotal Status Flags
r-devel-linux-x86_64-debian-clang 0.8-3 1.51 24.34 25.85 NOTE
r-devel-linux-x86_64-debian-gcc 0.8-3 1.40 26.08 27.48 NOTE
r-devel-linux-x86_64-fedora-clang 0.8-3 58.20 NOTE
r-devel-linux-x86_64-fedora-gcc 0.8-3 59.48 NOTE
r-devel-osx-x86_64-clang 0.8-3 48.39 NOTE
r-devel-windows-ix86+x86_64 0.8-3 5.00 32.00 37.00 NOTE
r-patched-linux-x86_64 0.8-3 1.50 25.09 26.60 OK
r-patched-solaris-sparc 0.8-3 299.30 OK
r-patched-solaris-x86 0.8-3 72.30 OK
r-release-linux-ix86 0.8-3 1.99 32.62 34.61 OK
r-release-linux-x86_64 0.8-3 1.52 25.71 27.24 OK
r-release-osx-x86_64-mavericks 0.8-3 NOTE
r-release-osx-x86_64-snowleopard 0.8-3 OK
r-release-windows-ix86+x86_64 0.8-3 5.00 37.00 42.00 OK
r-oldrel-windows-ix86+x86_64 0.8-3 5.00 37.00 42.00 OK

Check Details

Version: 0.8-3
Check: R code for possible problems
Result: NOTE
    readFLOAT6sp: no visible global function definition for ‘readGDAL’
    readRAST6: no visible global function definition for ‘gdalDrivers’
    readRAST6: no visible global function definition for ‘GDALinfo’
    readRAST6: no visible global function definition for ‘GDAL.open’
    readRAST6: no visible global function definition for ‘getRasterData’
    readRAST6: no visible global function definition for ‘deleteDataset’
    readVECT6: no visible global function definition for ‘ogrDrivers’
    readVECT6: no visible global function definition for ‘readOGR’
    read_plugin: no visible global function definition for ‘GDALinfo’
    read_plugin: no visible global function definition for ‘readGDAL’
    writeRAST6: no visible global function definition for ‘gdalDrivers’
    writeRAST6: no visible global function definition for ‘writeGDAL’
    writeRAST6: no visible global function definition for ‘GDAL.open’
    writeRAST6: no visible global function definition for ‘deleteDataset’
    writeRast6sp: no visible global function definition for ‘writeGDAL’
    writeVECT6: no visible global function definition for ‘ogrDrivers’
    writeVECT6: no visible global function definition for ‘writeOGR’
Flavors: r-devel-linux-x86_64-debian-clang, r-devel-linux-x86_64-debian-gcc, r-devel-linux-x86_64-fedora-clang, r-devel-linux-x86_64-fedora-gcc, r-devel-osx-x86_64-clang, r-devel-windows-ix86+x86_64, r-release-osx-x86_64-mavericks

Version: 0.8-3
Check: package dependencies
Result: NOTE
    Package suggested but not available for checking: ‘rgdal’
Flavor: r-release-osx-x86_64-mavericks