CRAN Package Check Results for Package spgrass6

Last updated on 2017-06-23 16:48:07.

Flavor Version Tinstall Tcheck Ttotal Status Flags
r-devel-linux-x86_64-debian-clang 0.8-9 1.62 28.12 29.74 OK
r-devel-linux-x86_64-debian-gcc 0.8-9 1.63 27.46 29.10 OK
r-devel-linux-x86_64-fedora-clang 0.8-9 51.77 OK
r-devel-linux-x86_64-fedora-gcc 0.8-9 48.73 OK
r-devel-windows-ix86+x86_64 0.8-9 5.00 63.00 68.00 OK
r-patched-linux-x86_64 0.8-9 1.40 28.05 29.45 OK
r-patched-solaris-sparc 0.8-9 296.60 OK
r-patched-solaris-x86 0.8-9 69.10 OK
r-release-linux-x86_64 0.8-9 1.76 28.83 30.59 OK
r-release-windows-ix86+x86_64 0.8-9 4.00 49.00 53.00 OK
r-release-osx-x86_64 0.8-9 NOTE
r-oldrel-windows-ix86+x86_64 0.8-9 6.00 59.00 65.00 OK
r-oldrel-osx-x86_64 0.8-9 NOTE

Check Details

Version: 0.8-9
Check: package dependencies
Result: NOTE
    Package suggested but not available for checking: ‘rgdal’
Flavors: r-release-osx-x86_64, r-oldrel-osx-x86_64