CRAN Package Check Results for Package spgrass6

Last updated on 2014-12-21 09:51:38.

Flavor Version Tinstall Tcheck Ttotal Status Flags
r-devel-linux-x86_64-debian-clang 0.8-6 1.65 24.45 26.10 OK
r-devel-linux-x86_64-debian-gcc 0.8-6 1.40 23.73 25.13 OK
r-devel-linux-x86_64-fedora-clang 0.8-6 58.57 OK
r-devel-linux-x86_64-fedora-gcc 0.8-6 55.04 OK
r-devel-osx-x86_64-clang 0.8-6 48.98 OK
r-devel-windows-ix86+x86_64 0.8-6 5.00 38.00 43.00 OK
r-patched-linux-x86_64 0.8-6 1.60 25.76 27.36 OK
r-patched-solaris-sparc 0.8-6 295.10 OK
r-patched-solaris-x86 0.8-6 70.30 OK
r-release-linux-ix86 0.8-6 1.88 30.82 32.70 OK
r-release-linux-x86_64 0.8-6 1.60 24.96 26.56 OK
r-release-osx-x86_64-mavericks 0.8-6 NOTE
r-release-osx-x86_64-snowleopard 0.8-6 OK
r-release-windows-ix86+x86_64 0.8-6 6.00 36.00 42.00 OK
r-oldrel-windows-ix86+x86_64 0.8-6 5.00 35.00 40.00 OK

Check Details

Version: 0.8-6
Check: package dependencies
Result: NOTE
    Package suggested but not available for checking: ‘rgdal’
Flavor: r-release-osx-x86_64-mavericks