CRAN Package Check Results for Package spgrass6

Last updated on 2015-03-30 11:48:30.

Flavor Version Tinstall Tcheck Ttotal Status Flags
r-devel-linux-x86_64-debian-clang 0.8-6 1.33 21.92 23.25 NOTE
r-devel-linux-x86_64-debian-gcc 0.8-6 1.24 21.60 22.85 NOTE
r-devel-linux-x86_64-fedora-clang 0.8-6 47.06 NOTE
r-devel-linux-x86_64-fedora-gcc 0.8-6 47.38 NOTE
r-devel-osx-x86_64-clang 0.8-6 46.30 NOTE
r-prerel-windows-ix86+x86_64 0.8-6 5.00 34.00 39.00 NOTE
r-prerel-linux-x86_64 0.8-6 1.62 22.30 23.92 NOTE
r-prerel-solaris-sparc 0.8-6 266.70 NOTE
r-prerel-solaris-x86 0.8-6 58.30 NOTE
r-release-linux-x86_64 0.8-6 1.64 25.95 27.59 NOTE
r-release-osx-x86_64-mavericks 0.8-6 NOTE
r-release-osx-x86_64-snowleopard 0.8-6 OK
r-release-windows-ix86+x86_64 0.8-6 5.00 39.00 44.00 NOTE
r-oldrel-windows-ix86+x86_64 0.8-6 5.00 38.00 43.00 OK

Check Details

Version: 0.8-6
Check: dependencies in R code
Result: NOTE
    'library' or 'require' call to ‘rgdal’ in package code.
     Please use :: or requireNamespace() instead.
     See section 'Suggested packages' in the 'Writing R Extensions' manual.
Flavors: r-devel-linux-x86_64-debian-clang, r-devel-linux-x86_64-debian-gcc, r-devel-linux-x86_64-fedora-clang, r-devel-linux-x86_64-fedora-gcc, r-devel-osx-x86_64-clang, r-prerel-windows-ix86+x86_64, r-prerel-linux-x86_64, r-prerel-solaris-sparc, r-prerel-solaris-x86, r-release-linux-x86_64, r-release-windows-ix86+x86_64

Version: 0.8-6
Check: package dependencies
Result: NOTE
    Package suggested but not available for checking: ‘rgdal’
Flavor: r-release-osx-x86_64-mavericks