CRAN Package Check Results for Package spgrass6

Last updated on 2014-08-23 18:47:43.

Flavor Version Tinstall Tcheck Ttotal Status Flags
r-devel-linux-x86_64-debian-clang 0.8-3 1.50 23.13 24.63 NOTE
r-devel-linux-x86_64-debian-gcc 0.8-3 1.46 23.08 24.54 NOTE
r-devel-linux-x86_64-fedora-clang 0.8-3 56.56 NOTE
r-devel-linux-x86_64-fedora-gcc 0.8-3 54.48 NOTE
r-devel-osx-x86_64-clang 0.8-3 47.04 NOTE
r-devel-windows-ix86+x86_64 0.8-3 5.00 35.00 40.00 OK
r-patched-linux-x86_64 0.8-3 1.60 24.33 25.93 OK
r-patched-solaris-sparc 0.8-3 299.30 OK
r-patched-solaris-x86 0.8-3 75.90 OK
r-release-linux-ix86 0.8-3 2.01 31.95 33.96 OK
r-release-linux-x86_64 0.8-3 2.31 24.06 26.38 OK
r-release-osx-x86_64-mavericks 0.8-3 NOTE
r-release-osx-x86_64-snowleopard 0.8-3 OK
r-release-windows-ix86+x86_64 0.8-3 5.00 37.00 42.00 OK
r-oldrel-windows-ix86+x86_64 0.8-3 5.00 35.00 40.00 OK

Check Details

Version: 0.8-3
Check: R code for possible problems
Result: NOTE
    readFLOAT6sp: no visible global function definition for ‘readGDAL’
    readRAST6: no visible global function definition for ‘gdalDrivers’
    readRAST6: no visible global function definition for ‘GDALinfo’
    readRAST6: no visible global function definition for ‘GDAL.open’
    readRAST6: no visible global function definition for ‘getRasterData’
    readRAST6: no visible global function definition for ‘deleteDataset’
    readVECT6: no visible global function definition for ‘ogrDrivers’
    readVECT6: no visible global function definition for ‘readOGR’
    read_plugin: no visible global function definition for ‘GDALinfo’
    read_plugin: no visible global function definition for ‘readGDAL’
    writeRAST6: no visible global function definition for ‘gdalDrivers’
    writeRAST6: no visible global function definition for ‘writeGDAL’
    writeRAST6: no visible global function definition for ‘GDAL.open’
    writeRAST6: no visible global function definition for ‘deleteDataset’
    writeRast6sp: no visible global function definition for ‘writeGDAL’
    writeVECT6: no visible global function definition for ‘ogrDrivers’
    writeVECT6: no visible global function definition for ‘writeOGR’
Flavors: r-devel-linux-x86_64-debian-clang, r-devel-linux-x86_64-debian-gcc, r-devel-linux-x86_64-fedora-clang, r-devel-linux-x86_64-fedora-gcc, r-devel-osx-x86_64-clang, r-release-osx-x86_64-mavericks

Version: 0.8-3
Check: package dependencies
Result: NOTE
    Package suggested but not available for checking: ‘rgdal’
Flavor: r-release-osx-x86_64-mavericks