CRAN Package Check Results for Package spgrass6

Last updated on 2015-08-30 09:47:43.

Flavor Version Tinstall Tcheck Ttotal Status Flags
r-devel-linux-x86_64-debian-clang 0.8-6 1.18 21.30 22.48 NOTE
r-devel-linux-x86_64-debian-gcc 0.8-6 1.68 21.32 23.00 NOTE
r-devel-linux-x86_64-fedora-clang 0.8-6 44.41 NOTE
r-devel-linux-x86_64-fedora-gcc 0.8-6 42.18 NOTE
r-devel-osx-x86_64-clang 0.8-6 34.08 NOTE
r-devel-windows-ix86+x86_64 0.8-6 7.00 37.00 44.00 NOTE
r-patched-linux-x86_64 0.8-6 1.29 22.10 23.39 NOTE
r-patched-solaris-sparc 0.8-6 273.60 NOTE
r-patched-solaris-x86 0.8-6 62.50 NOTE
r-release-linux-x86_64 0.8-6 1.25 22.58 23.83 NOTE
r-release-osx-x86_64-mavericks 0.8-6 NOTE
r-release-windows-ix86+x86_64 0.8-6 7.00 35.00 42.00 NOTE
r-oldrel-windows-ix86+x86_64 0.8-6 8.00 43.00 51.00 NOTE

Check Details

Version: 0.8-6
Check: dependencies in R code
Result: NOTE
    'library' or 'require' call to ‘rgdal’ in package code.
     Please use :: or requireNamespace() instead.
     See section 'Suggested packages' in the 'Writing R Extensions' manual.
Flavors: r-devel-linux-x86_64-debian-clang, r-devel-linux-x86_64-debian-gcc, r-devel-linux-x86_64-fedora-clang, r-devel-linux-x86_64-fedora-gcc, r-devel-osx-x86_64-clang, r-devel-windows-ix86+x86_64, r-patched-linux-x86_64, r-patched-solaris-sparc, r-patched-solaris-x86, r-release-linux-x86_64, r-release-osx-x86_64-mavericks, r-release-windows-ix86+x86_64, r-oldrel-windows-ix86+x86_64

Version: 0.8-6
Check: R code for possible problems
Result: NOTE
    cygwin_clean_temp: no visible global function definition for ‘runif’
    doGRASS: no visible global function definition for ‘na.omit’
    initGRASS: no visible global function definition for ‘runif’
    readRAST6: no visible global function definition for ‘runif’
    readVECT6: no visible global function definition for
     ‘packageDescription’
    readVECT6: no visible global function definition for ‘runif’
    readVECT6: no visible global function definition for ‘slot’
    readVECT6: no visible global function definition for ‘as’
    set.GIS_LOCK: no visible global function definition for ‘runif’
    vColumns: no visible global function definition for ‘read.table’
    vect2neigh: no visible global function definition for ‘runif’
    vect2neigh: no visible global function definition for ‘read.table’
    writeBinGrid: no visible global function definition for ‘as’
    writeBinGrid: no visible global function definition for ‘slot’
    writeRAST6: no visible global function definition for ‘runif’
    writeVECT6: no visible global function definition for
     ‘packageDescription’
    writeVECT6: no visible global function definition for ‘runif’
    Undefined global functions or variables:
     as na.omit packageDescription read.table runif slot
    Consider adding
     importFrom("methods", "as", "slot")
     importFrom("stats", "na.omit", "runif")
     importFrom("utils", "packageDescription", "read.table")
    to your NAMESPACE (and ensure that your DESCRIPTION Imports field
    contains 'methods').
Flavors: r-devel-linux-x86_64-debian-clang, r-devel-linux-x86_64-debian-gcc, r-devel-linux-x86_64-fedora-clang, r-devel-linux-x86_64-fedora-gcc, r-devel-windows-ix86+x86_64

Version: 0.8-6
Check: package dependencies
Result: NOTE
    Package suggested but not available for checking: ‘rgdal’
Flavor: r-release-osx-x86_64-mavericks