CRAN Package Check Results for Package spgrass6

Last updated on 2016-07-25 15:48:49.

Flavor Version Tinstall Tcheck Ttotal Status Flags
r-devel-linux-x86_64-debian-clang 0.8-9 1.88 28.21 30.08 OK
r-devel-linux-x86_64-debian-gcc 0.8-9 1.61 28.26 29.87 OK
r-devel-linux-x86_64-fedora-clang 0.8-9 46.88 OK
r-devel-linux-x86_64-fedora-gcc 0.8-9 44.91 OK
r-devel-osx-x86_64-clang 0.8-9 36.84 OK
r-devel-windows-ix86+x86_64 0.8-9 6.00 55.00 61.00 OK
r-patched-linux-x86_64 0.8-9 1.73 28.54 30.27 OK
r-patched-solaris-sparc 0.8-9 258.30 OK
r-patched-solaris-x86 0.8-9 59.60 OK
r-release-linux-x86_64 0.8-9 1.60 29.18 30.77 OK
r-release-osx-x86_64-mavericks 0.8-9 NOTE
r-release-windows-ix86+x86_64 0.8-9 4.00 65.00 69.00 OK
r-oldrel-windows-ix86+x86_64 0.8-9 7.00 56.00 63.00 OK

Check Details

Version: 0.8-9
Check: package dependencies
Result: NOTE
    Package suggested but not available for checking: ‘rgdal’
Flavor: r-release-osx-x86_64-mavericks