CRAN Package Check Results for Package spgrass6

Last updated on 2014-07-25 10:52:06.

Flavor Version Tinstall Tcheck Ttotal Status Flags
r-devel-linux-x86_64-debian-clang 0.8-3 1.47 23.67 25.14 OK
r-devel-linux-x86_64-debian-gcc 0.8-3 1.48 23.57 25.05 OK
r-devel-linux-x86_64-fedora-clang 0.8-3 59.36 OK
r-devel-linux-x86_64-fedora-gcc 0.8-3 57.66 OK
r-devel-osx-x86_64-clang 0.8-3 50.02 OK
r-devel-windows-ix86+x86_64 0.8-3 5.00 36.00 41.00 OK
r-patched-linux-x86_64 0.8-3 1.50 24.20 25.70 OK
r-patched-solaris-sparc 0.8-3 301.70 OK
r-patched-solaris-x86 0.8-3 75.50 OK
r-release-linux-ix86 0.8-3 1.98 31.91 33.90 OK
r-release-linux-x86_64 0.8-3 1.53 24.09 25.62 OK
r-release-osx-x86_64-mavericks 0.8-3 NOTE
r-release-osx-x86_64-snowleopard 0.8-3 OK
r-release-windows-ix86+x86_64 0.8-3 5.00 37.00 42.00 OK
r-oldrel-windows-ix86+x86_64 0.8-3 5.00 36.00 41.00 OK

Check Details

Version: 0.8-3
Check: package dependencies
Result: NOTE
    Package suggested but not available for checking: ‘rgdal’
Flavor: r-release-osx-x86_64-mavericks

Version: 0.8-3
Check: R code for possible problems
Result: NOTE
    readFLOAT6sp: no visible global function definition for ‘readGDAL’
    readRAST6: no visible global function definition for ‘gdalDrivers’
    readRAST6: no visible global function definition for ‘GDALinfo’
    readRAST6: no visible global function definition for ‘GDAL.open’
    readRAST6: no visible global function definition for ‘getRasterData’
    readRAST6: no visible global function definition for ‘deleteDataset’
    readVECT6: no visible global function definition for ‘ogrDrivers’
    readVECT6: no visible global function definition for ‘readOGR’
    read_plugin: no visible global function definition for ‘GDALinfo’
    read_plugin: no visible global function definition for ‘readGDAL’
    writeRAST6: no visible global function definition for ‘gdalDrivers’
    writeRAST6: no visible global function definition for ‘writeGDAL’
    writeRAST6: no visible global function definition for ‘GDAL.open’
    writeRAST6: no visible global function definition for ‘deleteDataset’
    writeRast6sp: no visible global function definition for ‘writeGDAL’
    writeVECT6: no visible global function definition for ‘ogrDrivers’
    writeVECT6: no visible global function definition for ‘writeOGR’
Flavor: r-release-osx-x86_64-mavericks