CRAN Package Check Results for Package spgrass6

Last updated on 2017-03-27 06:48:39.

Flavor Version Tinstall Tcheck Ttotal Status Flags
r-devel-linux-x86_64-debian-clang 0.8-9 1.44 29.33 30.77 OK
r-devel-linux-x86_64-debian-gcc 0.8-9 1.39 29.98 31.38 OK
r-devel-linux-x86_64-fedora-clang 0.8-9 56.93 OK --no-stop-on-test-error
r-devel-linux-x86_64-fedora-gcc 0.8-9 50.26 OK --no-stop-on-test-error
r-devel-macos-x86_64-clang 0.8-9 38.75 OK --no-stop-on-test-error
r-devel-windows-ix86+x86_64 0.8-9 6.00 50.00 56.00 OK
r-patched-linux-x86_64 0.8-9 1.56 29.46 31.02 OK
r-patched-solaris-sparc 0.8-9 283.70 OK
r-patched-solaris-x86 0.8-9 75.60 OK
r-release-linux-x86_64 0.8-9 1.52 28.50 30.03 OK
r-release-osx-x86_64-mavericks 0.8-9 NOTE
r-release-windows-ix86+x86_64 0.8-9 5.00 45.00 50.00 OK
r-oldrel-windows-ix86+x86_64 0.8-9 5.00 39.00 44.00 OK

Check Details

Version: 0.8-9
Check: package dependencies
Result: NOTE
    Package suggested but not available for checking: ‘rgdal’
Flavor: r-release-osx-x86_64-mavericks