CRAN Package Check Results for Package spgrass6

Last updated on 2014-04-23 20:47:23.

Flavor Version Tinstall Tcheck Ttotal Status Flags
r-devel-linux-x86_64-debian-clang 0.8-3 1.62 25.14 26.77 OK
r-devel-linux-x86_64-debian-gcc 0.8-3 1.58 25.30 26.89 OK
r-devel-linux-x86_64-fedora-clang 0.8-3 59.84 OK
r-devel-linux-x86_64-fedora-gcc 0.8-3 58.51 OK
r-devel-osx-x86_64-clang 0.8-3 51.06 OK
r-devel-osx-x86_64-gcc 0.8-3 ERROR
r-devel-windows-ix86+x86_64 0.8-3 5.00 36.00 41.00 OK
r-patched-linux-x86_64 0.8-3 1.58 24.88 26.45 OK
r-patched-solaris-sparc 0.8-3 301.70 OK
r-patched-solaris-x86 0.8-3 76.00 OK
r-release-linux-ix86 0.8-3 2.00 44.00 46.00 OK
r-release-linux-x86_64 0.8-3 1.59 24.80 26.39 OK
r-release-osx-x86_64-mavericks 0.8-3 WARN
r-release-osx-x86_64-snowleopard 0.8-3 OK
r-release-windows-ix86+x86_64 0.8-3 5.00 38.00 43.00 OK
r-oldrel-windows-ix86+x86_64 0.8-3 6.00 37.00 43.00 OK

Check Details

Version: 0.8-3
Check: package dependencies
Result: ERROR
    Package required but not available: ‘XML’
    
    See the information on DESCRIPTION files in the chapter ‘Creating R
    packages’ of the ‘Writing R Extensions’ manual.
Flavor: r-devel-osx-x86_64-gcc

Version: 0.8-3
Check: package dependencies
Result: NOTE
    Package suggested but not available for checking: ‘rgdal’
Flavor: r-release-osx-x86_64-mavericks

Version: 0.8-3
Check: R code for possible problems
Result: NOTE
    readFLOAT6sp: no visible global function definition for ‘readGDAL’
    readRAST6: no visible global function definition for ‘gdalDrivers’
    readRAST6: no visible global function definition for ‘GDALinfo’
    readRAST6: no visible global function definition for ‘GDAL.open’
    readRAST6: no visible global function definition for ‘getRasterData’
    readRAST6: no visible global function definition for ‘deleteDataset’
    readVECT6: no visible global function definition for ‘ogrDrivers’
    readVECT6: no visible global function definition for ‘readOGR’
    read_plugin: no visible global function definition for ‘GDALinfo’
    read_plugin: no visible global function definition for ‘readGDAL’
    writeRAST6: no visible global function definition for ‘gdalDrivers’
    writeRAST6: no visible global function definition for ‘writeGDAL’
    writeRAST6: no visible global function definition for ‘GDAL.open’
    writeRAST6: no visible global function definition for ‘deleteDataset’
    writeRast6sp: no visible global function definition for ‘writeGDAL’
    writeVECT6: no visible global function definition for ‘ogrDrivers’
    writeVECT6: no visible global function definition for ‘writeOGR’
Flavor: r-release-osx-x86_64-mavericks

Version: 0.8-3
Check: PDF version of manual
Result: WARNING
    LaTeX errors when creating PDF version.
    This typically indicates Rd problems.
    LaTeX errors found:
    ! LaTeX Error: File `upquote.sty' not found.
    
    Type X to quit or <RETURN> to proceed,
    or enter new name. (Default extension: sty)
    
    ba2bce9/Rd2.tex:8: ==> Fatal error occurred, no output PDF file produced!
Flavor: r-release-osx-x86_64-mavericks