CRAN Package Check Results for Package spgrass6

Last updated on 2017-01-24 15:48:31.

Flavor Version Tinstall Tcheck Ttotal Status Flags
r-devel-linux-x86_64-debian-clang 0.8-9 1.49 28.50 29.99 OK
r-devel-linux-x86_64-debian-gcc 0.8-9 1.44 27.99 29.43 OK
r-devel-linux-x86_64-fedora-clang 0.8-9 49.92 OK --no-stop-on-test-error
r-devel-linux-x86_64-fedora-gcc 0.8-9 47.75 OK --no-stop-on-test-error
r-devel-macos-x86_64-clang 0.8-9 38.22 OK --no-stop-on-test-error
r-devel-windows-ix86+x86_64 0.8-9 9.00 63.00 72.00 OK
r-patched-linux-x86_64 0.8-9 1.45 25.09 26.54 OK
r-patched-solaris-sparc 0.8-9 261.00 OK
r-patched-solaris-x86 0.8-9 63.80 OK
r-release-linux-x86_64 0.8-9 1.38 24.62 26.01 OK
r-release-osx-x86_64-mavericks 0.8-9 NOTE
r-release-windows-ix86+x86_64 0.8-9 7.00 59.00 66.00 OK
r-oldrel-windows-ix86+x86_64 0.8-9 10.00 59.00 69.00 OK

Check Details

Version: 0.8-9
Check: package dependencies
Result: NOTE
    Package suggested but not available for checking: ‘rgdal’
Flavor: r-release-osx-x86_64-mavericks