CRAN Package Check Results for Package spgrass6

Last updated on 2015-01-27 21:48:08.

Flavor Version Tinstall Tcheck Ttotal Status Flags
r-devel-linux-x86_64-debian-clang 0.8-6 1.46 23.77 25.23 NOTE
r-devel-linux-x86_64-debian-gcc 0.8-6 1.38 21.73 23.11 NOTE
r-devel-linux-x86_64-fedora-clang 0.8-6 58.90 NOTE
r-devel-linux-x86_64-fedora-gcc 0.8-6 55.38 NOTE
r-devel-osx-x86_64-clang 0.8-6 49.70 NOTE
r-devel-windows-ix86+x86_64 0.8-6 5.00 34.00 39.00 NOTE
r-patched-linux-x86_64 0.8-6 1.50 24.72 26.22 OK
r-patched-solaris-sparc 0.8-6 290.40 OK
r-patched-solaris-x86 0.8-6 70.20 OK
r-release-linux-ix86 0.8-6 1.92 30.97 32.89 OK
r-release-linux-x86_64 0.8-6 1.59 26.80 28.39 OK
r-release-osx-x86_64-mavericks 0.8-6 NOTE
r-release-osx-x86_64-snowleopard 0.8-6 OK
r-release-windows-ix86+x86_64 0.8-6 6.00 37.00 43.00 OK
r-oldrel-windows-ix86+x86_64 0.8-6 6.00 39.00 45.00 OK

Check Details

Version: 0.8-6
Check: dependencies in R code
Result: NOTE
    'library' or 'require' call to ‘rgdal’ in package code.
     Please use :: or requireNamespace() instead.
     See section 'Suggested packages' in the 'Writing R Extensions' manual.
Flavors: r-devel-linux-x86_64-debian-clang, r-devel-linux-x86_64-debian-gcc, r-devel-linux-x86_64-fedora-clang, r-devel-linux-x86_64-fedora-gcc, r-devel-osx-x86_64-clang, r-devel-windows-ix86+x86_64

Version: 0.8-6
Check: package dependencies
Result: NOTE
    Package suggested but not available for checking: ‘rgdal’
Flavor: r-release-osx-x86_64-mavericks