CRAN Package Check Results for Package spgrass6

Last updated on 2015-07-28 09:47:21.

Flavor Version Tinstall Tcheck Ttotal Status Flags
r-devel-linux-x86_64-debian-clang 0.8-6 1.27 22.06 23.33 NOTE
r-devel-linux-x86_64-debian-gcc 0.8-6 1.36 21.54 22.91 NOTE
r-devel-linux-x86_64-fedora-clang 0.8-6 46.70 NOTE
r-devel-linux-x86_64-fedora-gcc 0.8-6 43.20 NOTE
r-devel-osx-x86_64-clang 0.8-6 35.50 NOTE
r-devel-windows-ix86+x86_64 0.8-6 5.00 33.00 38.00 NOTE
r-patched-linux-x86_64 0.8-6 1.43 21.68 23.10 NOTE
r-patched-solaris-sparc 0.8-6 273.60 NOTE
r-patched-solaris-x86 0.8-6 59.40 NOTE
r-release-linux-x86_64 0.8-6 1.26 21.89 23.15 NOTE
r-release-osx-x86_64-mavericks 0.8-6 NOTE
r-release-windows-ix86+x86_64 0.8-6 5.00 55.00 60.00 NOTE
r-oldrel-windows-ix86+x86_64 0.8-6 8.00 54.00 62.00 NOTE

Check Details

Version: 0.8-6
Check: dependencies in R code
Result: NOTE
    'library' or 'require' call to ‘rgdal’ in package code.
     Please use :: or requireNamespace() instead.
     See section 'Suggested packages' in the 'Writing R Extensions' manual.
Flavors: r-devel-linux-x86_64-debian-clang, r-devel-linux-x86_64-debian-gcc, r-devel-linux-x86_64-fedora-clang, r-devel-linux-x86_64-fedora-gcc, r-devel-osx-x86_64-clang, r-devel-windows-ix86+x86_64, r-patched-linux-x86_64, r-patched-solaris-sparc, r-patched-solaris-x86, r-release-linux-x86_64, r-release-osx-x86_64-mavericks, r-release-windows-ix86+x86_64, r-oldrel-windows-ix86+x86_64

Version: 0.8-6
Check: R code for possible problems
Result: NOTE
    cygwin_clean_temp: no visible global function definition for ‘runif’
    doGRASS: no visible global function definition for ‘na.omit’
    initGRASS: no visible global function definition for ‘runif’
    readRAST6: no visible global function definition for ‘runif’
    readVECT6: no visible global function definition for
     ‘packageDescription’
    readVECT6: no visible global function definition for ‘runif’
    readVECT6: no visible global function definition for ‘slot’
    readVECT6: no visible global function definition for ‘as’
    set.GIS_LOCK: no visible global function definition for ‘runif’
    vColumns: no visible global function definition for ‘read.table’
    vect2neigh: no visible global function definition for ‘runif’
    vect2neigh: no visible global function definition for ‘read.table’
    writeBinGrid: no visible global function definition for ‘as’
    writeBinGrid: no visible global function definition for ‘slot’
    writeRAST6: no visible global function definition for ‘runif’
    writeVECT6: no visible global function definition for
     ‘packageDescription’
    writeVECT6: no visible global function definition for ‘runif’
    Undefined global functions or variables:
     as na.omit packageDescription read.table runif slot
    Consider adding
     importFrom("methods", "as", "slot")
     importFrom("stats", "na.omit", "runif")
     importFrom("utils", "packageDescription", "read.table")
    to your NAMESPACE.
Flavors: r-devel-linux-x86_64-debian-clang, r-devel-linux-x86_64-debian-gcc, r-devel-linux-x86_64-fedora-clang, r-devel-linux-x86_64-fedora-gcc, r-devel-windows-ix86+x86_64

Version: 0.8-6
Check: package dependencies
Result: NOTE
    Package suggested but not available for checking: ‘rgdal’
Flavor: r-release-osx-x86_64-mavericks