CRAN Package Check Results for Package spgwr

Last updated on 2017-02-19 23:48:39.

Flavor Version Tinstall Tcheck Ttotal Status Flags
r-devel-linux-x86_64-debian-clang 0.6-29 1.64 38.15 39.79 NOTE
r-devel-linux-x86_64-debian-gcc 0.6-29 1.57 37.60 39.17 NOTE
r-devel-linux-x86_64-fedora-clang 0.6-29 69.10 NOTE --no-stop-on-test-error
r-devel-linux-x86_64-fedora-gcc 0.6-29 67.29 NOTE --no-stop-on-test-error
r-devel-macos-x86_64-clang 0.6-29 53.24 NOTE --no-stop-on-test-error
r-devel-windows-ix86+x86_64 0.6-29 8.00 78.00 86.00 OK
r-patched-linux-x86_64 0.6-29 1.36 34.14 35.50 OK
r-patched-solaris-sparc 0.6-29 347.80 OK
r-patched-solaris-x86 0.6-29 87.70 OK
r-release-linux-x86_64 0.6-29 1.50 32.25 33.75 OK
r-release-osx-x86_64-mavericks 0.6-29 OK
r-release-windows-ix86+x86_64 0.6-29 7.00 70.00 77.00 OK
r-oldrel-windows-ix86+x86_64 0.6-29 16.00 104.00 120.00 OK

Check Details

Version: 0.6-29
Check: compiled code
Result: NOTE
    File ‘spgwr/libs/spgwr.so’:
     Found no calls to: ‘R_registerRoutines’, ‘R_useDynamicSymbols’
    
    It is good practice to register native routines and to disable symbol
    search.
    
    See ‘Writing portable packages’ in the ‘Writing R Extensions’ manual.
Flavors: r-devel-linux-x86_64-debian-clang, r-devel-linux-x86_64-debian-gcc

Version: 0.6-29
Flags: --no-stop-on-test-error
Check: compiled code
Result: NOTE
    File ‘spgwr/libs/spgwr.so’:
     Found no calls to: ‘R_registerRoutines’, ‘R_useDynamicSymbols’
    
    It is good practice to register native routines and to disable symbol
    search.
    
    See ‘Writing portable packages’ in the ‘Writing R Extensions’ manual.
Flavors: r-devel-linux-x86_64-fedora-clang, r-devel-linux-x86_64-fedora-gcc, r-devel-macos-x86_64-clang