CRAN Package Check Results for Package spgwr

Last updated on 2017-03-23 23:51:12.

Flavor Version Tinstall Tcheck Ttotal Status Flags
r-devel-linux-x86_64-debian-clang 0.6-29 1.64 37.53 39.17 NOTE
r-devel-linux-x86_64-debian-gcc 0.6-29 1.56 39.99 41.55 NOTE
r-devel-linux-x86_64-fedora-clang 0.6-29 79.37 NOTE --no-stop-on-test-error
r-devel-linux-x86_64-fedora-gcc 0.6-29 67.80 NOTE --no-stop-on-test-error
r-devel-macos-x86_64-clang 0.6-29 51.72 NOTE --no-stop-on-test-error
r-devel-windows-ix86+x86_64 0.6-29 8.00 75.00 83.00 OK
r-patched-linux-x86_64 0.6-29 1.35 33.69 35.04 OK
r-patched-solaris-sparc 0.6-29 380.70 OK
r-patched-solaris-x86 0.6-29 94.70 OK
r-release-linux-x86_64 0.6-29 1.40 36.18 37.58 OK
r-release-osx-x86_64-mavericks 0.6-29 OK
r-release-windows-ix86+x86_64 0.6-29 8.00 74.00 82.00 OK
r-oldrel-windows-ix86+x86_64 0.6-29 13.00 166.00 179.00 OK

Check Details

Version: 0.6-29
Check: compiled code
Result: NOTE
    File ‘spgwr/libs/spgwr.so’:
     Found no calls to: ‘R_registerRoutines’, ‘R_useDynamicSymbols’
    
    It is good practice to register native routines and to disable symbol
    search.
    
    See ‘Writing portable packages’ in the ‘Writing R Extensions’ manual.
Flavors: r-devel-linux-x86_64-debian-clang, r-devel-linux-x86_64-debian-gcc

Version: 0.6-29
Flags: --no-stop-on-test-error
Check: compiled code
Result: NOTE
    File ‘spgwr/libs/spgwr.so’:
     Found no calls to: ‘R_registerRoutines’, ‘R_useDynamicSymbols’
    
    It is good practice to register native routines and to disable symbol
    search.
    
    See ‘Writing portable packages’ in the ‘Writing R Extensions’ manual.
Flavors: r-devel-linux-x86_64-fedora-clang, r-devel-linux-x86_64-fedora-gcc, r-devel-macos-x86_64-clang