CRAN Package Check Results for Package spgwr

Last updated on 2014-07-24 15:52:27.

Flavor Version Tinstall Tcheck Ttotal Status Flags
r-devel-linux-x86_64-debian-clang 0.6-24 1.70 37.70 39.40 OK
r-devel-linux-x86_64-debian-gcc 0.6-24 1.69 36.20 37.89 OK
r-devel-linux-x86_64-fedora-clang 0.6-24 88.54 OK
r-devel-linux-x86_64-fedora-gcc 0.6-24 85.58 OK
r-devel-osx-x86_64-clang 0.6-24 73.66 OK
r-devel-windows-ix86+x86_64 0.6-24 7.00 71.00 78.00 OK
r-patched-linux-x86_64 0.6-24 1.50 37.05 38.55 OK
r-patched-solaris-sparc 0.6-24 464.10 OK
r-patched-solaris-x86 0.6-24 109.60 OK
r-release-linux-ix86 0.6-24 2.17 49.60 51.76 OK
r-release-linux-x86_64 0.6-24 1.98 37.57 39.55 OK
r-release-osx-x86_64-mavericks 0.6-24 ERROR
r-release-osx-x86_64-snowleopard 0.6-24 OK
r-release-windows-ix86+x86_64 0.6-24 7.00 74.00 81.00 OK
r-oldrel-windows-ix86+x86_64 0.6-24 7.00 73.00 80.00 OK

Check Details

Version: 0.6-24
Check: package dependencies
Result: NOTE
    Packages suggested but not available for checking: ‘spdep’ ‘maptools’
Flavor: r-release-osx-x86_64-mavericks

Version: 0.6-24
Check: R code for possible problems
Result: NOTE
    gwr.morantest: no visible global function definition for ‘listw2mat’
    gwr.morantest: no visible global function definition for ‘listw2U’
Flavor: r-release-osx-x86_64-mavericks

Version: 0.6-24
Check: examples
Result: ERROR
    Running examples in ‘spgwr-Ex.R’ failed
    The error most likely occurred in:
    
    > ### Name: ggwr
    > ### Title: Generalised geographically weighted regression
    > ### Aliases: ggwr
    > ### Keywords: spatial
    >
    > ### ** Examples
    >
    > library(maptools)
    Error in library(maptools) : there is no package called ‘maptools’
    Execution halted
Flavor: r-release-osx-x86_64-mavericks