CRAN Package Check Results for Package spgwr

Last updated on 2014-08-01 04:47:34.

Flavor Version Tinstall Tcheck Ttotal Status Flags
r-devel-linux-x86_64-debian-clang 0.6-24 1.59 37.68 39.28 OK
r-devel-linux-x86_64-debian-gcc 0.6-24 1.49 37.77 39.26 OK
r-devel-linux-x86_64-fedora-clang 0.6-24 87.00 OK
r-devel-linux-x86_64-fedora-gcc 0.6-24 84.26 OK
r-devel-osx-x86_64-clang 0.6-24 72.81 OK
r-devel-windows-ix86+x86_64 0.6-24 7.00 68.00 75.00 OK
r-patched-linux-x86_64 0.6-24 1.54 37.54 39.08 OK
r-patched-solaris-sparc 0.6-24 472.80 OK
r-patched-solaris-x86 0.6-24 109.20 OK
r-release-linux-ix86 0.6-24 2.16 48.93 51.09 OK
r-release-linux-x86_64 0.6-24 1.63 37.97 39.60 OK
r-release-osx-x86_64-mavericks 0.6-24 ERROR
r-release-osx-x86_64-snowleopard 0.6-24 OK
r-release-windows-ix86+x86_64 0.6-24 13.00 100.00 113.00 OK
r-oldrel-windows-ix86+x86_64 0.6-24 12.00 100.00 112.00 OK

Check Details

Version: 0.6-24
Check: package dependencies
Result: NOTE
    Packages suggested but not available for checking: spdep maptools
Flavor: r-release-osx-x86_64-mavericks

Version: 0.6-24
Check: R code for possible problems
Result: NOTE
    gwr.morantest: no visible global function definition for listw2mat
    gwr.morantest: no visible global function definition for listw2U
Flavor: r-release-osx-x86_64-mavericks

Version: 0.6-24
Check: examples
Result: ERROR
    Running examples in spgwr-Ex.R failed
    The error most likely occurred in:
    
    > ### Name: ggwr
    > ### Title: Generalised geographically weighted regression
    > ### Aliases: ggwr
    > ### Keywords: spatial
    >
    > ### ** Examples
    >
    > library(maptools)
    Error in library(maptools) : there is no package called maptools
    Execution halted
Flavor: r-release-osx-x86_64-mavericks