CRAN Package Check Results for Package spgwr

Last updated on 2015-03-29 11:51:29.

Flavor Version Tinstall Tcheck Ttotal Status Flags
r-devel-linux-x86_64-debian-clang 0.6-26 1.40 33.02 34.43 NOTE
r-devel-linux-x86_64-debian-gcc 0.6-26 1.43 32.36 33.79 NOTE
r-devel-linux-x86_64-fedora-clang 0.6-26 68.42 NOTE
r-devel-linux-x86_64-fedora-gcc 0.6-26 70.87 NOTE
r-devel-osx-x86_64-clang 0.6-26 76.39 NOTE
r-prerel-windows-ix86+x86_64 0.6-26 12.00 65.00 77.00 NOTE
r-prerel-linux-x86_64 0.6-26 1.41 32.11 33.52 NOTE
r-prerel-solaris-sparc 0.6-26 409.00 NOTE
r-prerel-solaris-x86 0.6-26 85.60 NOTE
r-release-linux-x86_64 0.6-26 1.61 38.81 40.42 OK
r-release-osx-x86_64-mavericks 0.6-26 OK
r-release-osx-x86_64-snowleopard 0.6-26 OK
r-release-windows-ix86+x86_64 0.6-26 7.00 73.00 80.00 OK
r-oldrel-windows-ix86+x86_64 0.6-26 7.00 76.00 83.00 OK

Check Details

Version: 0.6-26
Check: DESCRIPTION meta-information
Result: NOTE
    Malformed Description field: should contain one or more complete sentences.
Flavors: r-devel-linux-x86_64-debian-clang, r-devel-linux-x86_64-debian-gcc, r-devel-linux-x86_64-fedora-clang, r-devel-linux-x86_64-fedora-gcc, r-devel-osx-x86_64-clang, r-prerel-windows-ix86+x86_64, r-prerel-linux-x86_64, r-prerel-solaris-sparc, r-prerel-solaris-x86