CRAN Package Check Results for Package spgwr

Last updated on 2015-07-31 15:47:47.

Flavor Version Tinstall Tcheck Ttotal Status Flags
r-devel-linux-x86_64-debian-clang 0.6-26 1.42 45.29 46.71 NOTE
r-devel-linux-x86_64-debian-gcc 0.6-26 1.70 31.86 33.56 NOTE
r-devel-linux-x86_64-fedora-clang 0.6-26 67.61 NOTE
r-devel-linux-x86_64-fedora-gcc 0.6-26 64.69 NOTE
r-devel-osx-x86_64-clang 0.6-26 59.56 NOTE
r-devel-windows-ix86+x86_64 0.6-26 13.00 68.00 81.00 NOTE
r-patched-linux-x86_64 0.6-26 1.46 32.25 33.71 NOTE
r-patched-solaris-sparc 0.6-26 410.20 NOTE
r-patched-solaris-x86 0.6-26 86.40 NOTE
r-release-linux-x86_64 0.6-26 1.45 32.66 34.11 NOTE
r-release-osx-x86_64-mavericks 0.6-26 NOTE
r-release-windows-ix86+x86_64 0.6-26 9.00 68.00 77.00 NOTE
r-oldrel-windows-ix86+x86_64 0.6-26 8.00 114.00 122.00 OK

Check Details

Version: 0.6-26
Check: DESCRIPTION meta-information
Result: NOTE
    Malformed Description field: should contain one or more complete sentences.
Flavors: r-devel-linux-x86_64-debian-clang, r-devel-linux-x86_64-debian-gcc, r-devel-linux-x86_64-fedora-clang, r-devel-linux-x86_64-fedora-gcc, r-devel-osx-x86_64-clang, r-devel-windows-ix86+x86_64, r-patched-linux-x86_64, r-patched-solaris-sparc, r-patched-solaris-x86, r-release-linux-x86_64, r-release-osx-x86_64-mavericks, r-release-windows-ix86+x86_64

Version: 0.6-26
Check: R code for possible problems
Result: NOTE
    .GWR_int: no visible global function definition for ‘lm.wfit’
    .GWR_int: no visible global function definition for ‘coefficients’
    .GWR_int: no visible global function definition for ‘residuals’
    .GWR_int: no visible global function definition for ‘weighted.mean’
    BFC02.gwr.test: no visible global function definition for ‘pf’
    BFC99.gwr.test: no visible global function definition for ‘lm’
    BFC99.gwr.test: no visible global function definition for ‘pf’
    LMZ.F1GWR.test: no visible global function definition for ‘pf’
    LMZ.F2GWR.test: no visible global function definition for ‘pf’
    LMZ.F3GWR.test: no visible global function definition for ‘as’
    LMZ.F3GWR.test: no visible global function definition for ‘pf’
    LMZ.F3GWR.test: no visible global function definition for
     ‘printCoefmat’
    ggwr: no visible binding for global variable ‘gaussian’
    ggwr: no visible global function definition for ‘is’
    ggwr: no visible global function definition for ‘as’
    ggwr: no visible global function definition for ‘model.extract’
    ggwr: no visible global function definition for ‘model.matrix’
    ggwr: no visible global function definition for ‘model.offset’
    ggwr: no visible global function definition for ‘glm.fit’
    ggwr: no visible global function definition for ‘coefficients’
    ggwr: no visible global function definition for ‘residuals.glm’
    ggwr: no visible global function definition for ‘slot’
    ggwr : <anonymous>: no visible global function definition for ‘slot’
    ggwr.cv.adapt.f: no visible global function definition for ‘glm’
    ggwr.cv.adapt.f: no visible global function definition for ‘predict’
    ggwr.cv.f: no visible global function definition for ‘glm’
    ggwr.cv.f: no visible global function definition for ‘predict’
    ggwr.sel: no visible binding for global variable ‘gaussian’
    ggwr.sel: no visible global function definition for ‘is’
    ggwr.sel: no visible global function definition for ‘as’
    ggwr.sel: no visible global function definition for ‘model.extract’
    ggwr.sel: no visible global function definition for ‘optimize’
    gw.cov: no visible global function definition for ‘is’
    gw.cov: no visible global function definition for ‘as’
    gw.cov: no visible global function definition for ‘weighted.mean’
    gw.cov: no visible global function definition for ‘cov.wt’
    gw.cov: no visible global function definition for ‘slot’
    gw.cov : <anonymous>: no visible global function definition for ‘slot’
    gwr: no visible global function definition for ‘is’
    gwr: no visible global function definition for ‘as’
    gwr: no visible global function definition for ‘model.extract’
    gwr: no visible global function definition for ‘model.matrix’
    gwr: no visible global function definition for ‘lm.wfit’
    gwr: no visible global function definition for ‘cov.wt’
    gwr: no visible global function definition for ‘slot’
    gwr: no visible global function definition for ‘delete.response’
    gwr: no visible global function definition for ‘weighted.mean’
    gwr : <anonymous>: no visible global function definition for ‘slot’
    gwr.aic.adapt.f: no visible global function definition for ‘lm.wfit’
    gwr.aic.f: no visible global function definition for ‘lm.wfit’
    gwr.cv.adapt.f: no visible global function definition for ‘lm.wfit’
    gwr.cv.adapt.f: no visible global function definition for
     ‘coefficients’
    gwr.cv.f: no visible global function definition for ‘lm.wfit’
    gwr.cv.f: no visible global function definition for ‘coefficients’
    gwr.morantest: no visible global function definition for ‘pchisq’
    gwr.sel: no visible global function definition for ‘is’
    gwr.sel: no visible global function definition for ‘as’
    gwr.sel: no visible global function definition for ‘model.extract’
    gwr.sel: no visible global function definition for ‘model.matrix’
    gwr.sel: no visible global function definition for ‘optimize’
    print.gwr: no visible global function definition for ‘as’
    print.gwr: no visible global function definition for ‘na.omit’
    print.gwr: no visible global function definition for ‘coefficients’
    print.gwr: no visible global function definition for ‘printCoefmat’
    Undefined global functions or variables:
     as coefficients cov.wt delete.response gaussian glm glm.fit is lm
     lm.wfit model.extract model.matrix model.offset na.omit optimize
     pchisq pf predict printCoefmat residuals residuals.glm slot
     weighted.mean
    Consider adding
     importFrom("methods", "as", "is", "slot")
     importFrom("stats", "coefficients", "cov.wt", "delete.response",
     "gaussian", "glm", "glm.fit", "lm", "lm.wfit",
     "model.extract", "model.matrix", "model.offset", "na.omit",
     "optimize", "pchisq", "pf", "predict", "printCoefmat",
     "residuals", "residuals.glm", "weighted.mean")
    to your NAMESPACE.
Flavors: r-devel-linux-x86_64-debian-clang, r-devel-linux-x86_64-debian-gcc, r-devel-linux-x86_64-fedora-clang, r-devel-linux-x86_64-fedora-gcc, r-devel-windows-ix86+x86_64