CRAN Package Check Results for Package spgwr

Last updated on 2015-05-25 19:47:24.

Flavor Version Tinstall Tcheck Ttotal Status Flags
r-devel-linux-x86_64-debian-clang 0.6-26 1.41 32.96 34.38 NOTE
r-devel-linux-x86_64-debian-gcc 0.6-26 1.42 32.17 33.59 NOTE
r-devel-linux-x86_64-fedora-clang 0.6-26 68.65 NOTE
r-devel-linux-x86_64-fedora-gcc 0.6-26 67.14 NOTE
r-devel-osx-x86_64-clang 0.6-26 63.09 NOTE
r-devel-windows-ix86+x86_64 0.6-26 8.00 66.00 74.00 NOTE
r-patched-linux-x86_64 0.6-26 1.40 32.09 33.49 NOTE
r-patched-solaris-sparc 0.6-26 416.50 NOTE
r-patched-solaris-x86 0.6-26 86.80 NOTE
r-release-linux-x86_64 0.6-26 1.44 32.12 33.56 NOTE
r-release-osx-x86_64-mavericks 0.6-26 NOTE
r-release-osx-x86_64-snowleopard 0.6-26 WARN
r-release-windows-ix86+x86_64 0.6-26 6.00 62.00 68.00 NOTE
r-oldrel-windows-ix86+x86_64 0.6-26 7.00 69.00 76.00 OK

Check Details

Version: 0.6-26
Check: DESCRIPTION meta-information
Result: NOTE
    Malformed Description field: should contain one or more complete sentences.
Flavors: r-devel-linux-x86_64-debian-clang, r-devel-linux-x86_64-debian-gcc, r-devel-linux-x86_64-fedora-clang, r-devel-linux-x86_64-fedora-gcc, r-devel-osx-x86_64-clang, r-devel-windows-ix86+x86_64, r-patched-linux-x86_64, r-patched-solaris-sparc, r-patched-solaris-x86, r-release-linux-x86_64, r-release-osx-x86_64-mavericks, r-release-osx-x86_64-snowleopard, r-release-windows-ix86+x86_64

Version: 0.6-26
Check: package dependencies
Result: NOTE
    Package suggested but not available for checking: ‘spdep’
Flavor: r-release-osx-x86_64-snowleopard

Version: 0.6-26
Check: running R code from vignettes
Result: WARN
    Errors in running code in vignettes:
    when running code in ‘GWR.Rnw’
     ...
    Checking rgeos availability: FALSE
     Note: when rgeos is not available, polygon geometry computations in maptools depend on gpclib,
     which has a restricted licence. It is disabled by default;
     to enable gpclib, type gpclibPermit()
    
    > library(spdep)
    
     When sourcing ‘GWR.R’:
    Error: there is no package called ‘spdep’
    Execution halted
Flavor: r-release-osx-x86_64-snowleopard

Version: 0.6-26
Check: re-building of vignette outputs
Result: NOTE
    Error in re-building vignettes:
     ...
    Loading required package: sp
    Checking rgeos availability: FALSE
     Note: when rgeos is not available, polygon geometry computations in maptools depend on gpclib,
     which has a restricted licence. It is disabled by default;
     to enable gpclib, type gpclibPermit()
    
    Error: processing vignette 'GWR.Rnw' failed with diagnostics:
     chunk 8
    Error in library(spdep) : there is no package called ‘spdep’
    Execution halted
Flavor: r-release-osx-x86_64-snowleopard