CRAN Package Check Results for Package spgwr

Last updated on 2014-04-24 17:49:54.

Flavor Version Tinstall Tcheck Ttotal Status Flags
r-devel-linux-x86_64-debian-clang 0.6-24 1.64 39.12 40.76 OK
r-devel-linux-x86_64-debian-gcc 0.6-24 1.69 39.16 40.86 OK
r-devel-linux-x86_64-fedora-clang 0.6-24 89.38 OK
r-devel-linux-x86_64-fedora-gcc 0.6-24 86.31 OK
r-devel-osx-x86_64-clang 0.6-24 75.93 OK
r-devel-osx-x86_64-gcc 0.6-24 ERROR
r-devel-windows-ix86+x86_64 0.6-24 6.00 76.00 82.00 OK
r-patched-linux-x86_64 0.6-24 1.67 38.75 40.42 OK
r-patched-solaris-sparc 0.6-24 464.10 OK
r-patched-solaris-x86 0.6-24 109.60 OK
r-release-linux-ix86 0.6-24 3.00 66.00 69.00 OK
r-release-linux-x86_64 0.6-24 1.62 38.73 40.34 OK
r-release-osx-x86_64-mavericks 0.6-24 ERROR
r-release-osx-x86_64-snowleopard 0.6-24 OK
r-release-windows-ix86+x86_64 0.6-24 7.00 71.00 78.00 OK
r-oldrel-windows-ix86+x86_64 0.6-24 7.00 77.00 84.00 OK

Check Details

Version: 0.6-24
Check: package dependencies
Result: NOTE
    Packages suggested but not available for checking: ‘spdep’ ‘maptools’
Flavors: r-devel-osx-x86_64-gcc, r-release-osx-x86_64-mavericks

Version: 0.6-24
Check: R code for possible problems
Result: NOTE
    gwr.morantest: no visible global function definition for ‘listw2mat’
    gwr.morantest: no visible global function definition for ‘listw2U’
Flavors: r-devel-osx-x86_64-gcc, r-release-osx-x86_64-mavericks

Version: 0.6-24
Check: examples
Result: ERROR
    Running examples in ‘spgwr-Ex.R’ failed
    The error most likely occurred in:
    
    > ### Name: ggwr
    > ### Title: Generalised geographically weighted regression
    > ### Aliases: ggwr
    > ### Keywords: spatial
    >
    > ### ** Examples
    >
    > library(maptools)
    Error in library(maptools) : there is no package called ‘maptools’
    Execution halted
Flavors: r-devel-osx-x86_64-gcc, r-release-osx-x86_64-mavericks