CRAN Package Check Results for Package spgwr

Last updated on 2015-04-25 06:46:29.

Flavor Version Tinstall Tcheck Ttotal Status Flags
r-devel-linux-x86_64-debian-clang 0.6-26 0.36 1.58 1.95 ERROR
r-devel-linux-x86_64-debian-gcc 0.6-26 1.40 33.56 34.96 NOTE
r-devel-linux-x86_64-fedora-clang 0.6-26 69.39 NOTE
r-devel-linux-x86_64-fedora-gcc 0.6-26 66.47 NOTE
r-devel-osx-x86_64-clang 0.6-26 63.00 NOTE
r-devel-windows-ix86+x86_64 0.6-26 7.00 63.00 70.00 NOTE
r-patched-linux-x86_64 0.6-26 1.58 32.32 33.90 NOTE
r-patched-solaris-sparc 0.6-26 409.00 NOTE
r-patched-solaris-x86 0.6-26 85.50 NOTE
r-release-linux-x86_64 0.6-26 1.42 32.33 33.75 NOTE
r-release-osx-x86_64-mavericks 0.6-26 NOTE
r-release-osx-x86_64-snowleopard 0.6-26 WARN
r-release-windows-ix86+x86_64 0.6-26 7.00 65.00 72.00 NOTE
r-oldrel-windows-ix86+x86_64 0.6-26 5.00 67.00 72.00 OK

Check Details

Version: 0.6-26
Check: DESCRIPTION meta-information
Result: NOTE
    Malformed Description field: should contain one or more complete sentences.
Flavors: r-devel-windows-ix86+x86_64, r-patched-linux-x86_64, r-release-windows-ix86+x86_64