CRAN Package Check Results for Package sphereplot

Last updated on 2015-04-26 10:48:22.

Flavor Version Tinstall Tcheck Ttotal Status Flags
r-devel-linux-x86_64-debian-clang 1.5 0.61 12.92 13.53 NOTE
r-devel-linux-x86_64-debian-gcc 1.5 0.60 12.31 12.92 NOTE
r-devel-linux-x86_64-fedora-clang 1.5 26.50 NOTE
r-devel-linux-x86_64-fedora-gcc 1.5 24.91 NOTE
r-devel-osx-x86_64-clang 1.5 26.28 NOTE
r-devel-windows-ix86+x86_64 1.5 3.00 20.00 23.00 NOTE
r-patched-linux-x86_64 1.5 0.60 12.26 12.86 NOTE
r-patched-solaris-sparc 1.5 145.60 NOTE
r-patched-solaris-x86 1.5 35.50 NOTE
r-release-linux-x86_64 1.5 0.60 12.30 12.90 NOTE
r-release-osx-x86_64-mavericks 1.5 NOTE
r-release-osx-x86_64-snowleopard 1.5 ERROR
r-release-windows-ix86+x86_64 1.5 3.00 21.00 24.00 NOTE
r-oldrel-windows-ix86+x86_64 1.5 3.00 21.00 24.00 NOTE

Check Details

Version: 1.5
Check: dependencies in R code
Result: NOTE
    Package in Depends field not imported from: ‘rgl’
     These packages need to be imported from (in the NAMESPACE file)
     for when this namespace is loaded but not attached.
Flavors: r-devel-linux-x86_64-fedora-clang, r-devel-linux-x86_64-fedora-gcc, r-devel-osx-x86_64-clang, r-devel-windows-ix86+x86_64, r-release-osx-x86_64-mavericks, r-release-windows-ix86+x86_64, r-oldrel-windows-ix86+x86_64

Version: 1.5
Check: R code for possible problems
Result: NOTE
    rgl.sphMW: no visible global function definition for ‘plot3d’
    rgl.sphcirc: no visible global function definition for ‘rotate3d’
    rgl.sphcirc: no visible global function definition for ‘lines3d’
    rgl.sphgrid: no visible global function definition for ‘open3d’
    rgl.sphgrid: no visible global function definition for ‘plot3d’
    rgl.sphgrid: no visible global function definition for ‘lines3d’
    rgl.sphgrid: no visible global function definition for ‘text3d’
    rgl.sphpoints: no visible global function definition for ‘points3d’
    rgl.sphsun: no visible global function definition for ‘plot3d’
    rgl.sphtext: no visible global function definition for ‘text3d’
Flavors: r-devel-linux-x86_64-fedora-clang, r-devel-linux-x86_64-fedora-gcc, r-devel-osx-x86_64-clang, r-devel-windows-ix86+x86_64, r-release-osx-x86_64-mavericks, r-release-windows-ix86+x86_64, r-oldrel-windows-ix86+x86_64