CRAN Package Check Results for Package sphereplot

Last updated on 2014-04-20 11:47:03.

Flavor Version Tinstall Tcheck Ttotal Status Flags
r-devel-linux-x86_64-debian-clang 1.5 0.70 12.48 13.18 NOTE
r-devel-linux-x86_64-debian-gcc 1.5 0.70 12.60 13.31 NOTE
r-devel-linux-x86_64-fedora-clang 1.5 26.39 NOTE
r-devel-linux-x86_64-fedora-gcc 1.5 24.79 NOTE
r-devel-macosx-x86_64-clang 1.5 25.57 NOTE
r-devel-macosx-x86_64-gcc 1.5 NOTE
r-devel-windows-ix86+x86_64 1.5 2.00 19.00 21.00 NOTE
r-patched-linux-x86_64 1.5 0.69 12.66 13.35 NOTE
r-patched-solaris-sparc 1.5 130.90 NOTE
r-patched-solaris-x86 1.5 37.60 NOTE
r-release-linux-ix86 NOTE
r-release-linux-x86_64 1.5 0.75 12.56 13.30 NOTE
r-release-macosx-x86_64 1.5 NOTE
r-release-windows-ix86+x86_64 1.5 4.00 20.00 24.00 NOTE
r-oldrel-windows-ix86+x86_64 1.5 2.00 21.00 23.00 NOTE

Check Details

Version: 1.5
Check: dependencies in R code
Result: NOTE
    Package in Depends field not imported from: ‘rgl’
     These packages need to be imported from (in the NAMESPACE file)
     for when this namespace is loaded but not attached.
    See the information on DESCRIPTION files in the chapter ‘Creating R
    packages’ of the ‘Writing R Extensions’ manual.
Flavors: r-devel-linux-x86_64-debian-clang, r-devel-linux-x86_64-debian-gcc, r-devel-linux-x86_64-fedora-clang, r-devel-linux-x86_64-fedora-gcc, r-devel-macosx-x86_64-clang, r-devel-macosx-x86_64-gcc, r-devel-windows-ix86+x86_64, r-patched-linux-x86_64, r-patched-solaris-sparc, r-patched-solaris-x86, r-release-linux-ix86, r-release-linux-x86_64, r-release-windows-ix86+x86_64, r-oldrel-windows-ix86+x86_64

Version: 1.5
Check: dependencies in R code
Result: NOTE
    Package in Depends field not imported from: ‘rgl’
     These packages need to be imported from for the case when
     this namespace is loaded but not attached.
    See the information on DESCRIPTION files in the chapter ‘Creating R
    packages’ of the ‘Writing R Extensions’ manual.
Flavor: r-release-macosx-x86_64