CRAN Package Check Results for Package sphereplot

Last updated on 2015-05-24 14:47:10.

Flavor Version Tinstall Tcheck Ttotal Status Flags
r-devel-linux-x86_64-debian-clang 1.5 0.60 12.35 12.96 NOTE
r-devel-linux-x86_64-debian-gcc 1.5 0.72 12.26 12.98 NOTE
r-devel-linux-x86_64-fedora-clang 1.5 25.86 NOTE
r-devel-linux-x86_64-fedora-gcc 1.5 25.43 NOTE
r-devel-osx-x86_64-clang 1.5 26.46 NOTE
r-devel-windows-ix86+x86_64 1.5 3.00 20.00 23.00 NOTE
r-patched-linux-x86_64 1.5 0.60 12.10 12.70 NOTE
r-patched-solaris-sparc 1.5 141.00 NOTE
r-patched-solaris-x86 1.5 36.90 NOTE
r-release-linux-x86_64 1.5 0.78 12.76 13.54 NOTE
r-release-osx-x86_64-mavericks 1.5 NOTE
r-release-osx-x86_64-snowleopard 1.5 ERROR
r-release-windows-ix86+x86_64 1.5 3.00 21.00 24.00 NOTE
r-oldrel-windows-ix86+x86_64 1.5 3.00 23.00 26.00 NOTE

Check Details

Version: 1.5
Check: dependencies in R code
Result: NOTE
    Package in Depends field not imported from: ‘rgl’
     These packages need to be imported from (in the NAMESPACE file)
     for when this namespace is loaded but not attached.
Flavors: r-devel-linux-x86_64-debian-clang, r-devel-linux-x86_64-debian-gcc, r-devel-linux-x86_64-fedora-clang, r-devel-linux-x86_64-fedora-gcc, r-devel-osx-x86_64-clang, r-devel-windows-ix86+x86_64, r-patched-linux-x86_64, r-patched-solaris-sparc, r-patched-solaris-x86, r-release-linux-x86_64, r-release-osx-x86_64-mavericks, r-release-osx-x86_64-snowleopard, r-release-windows-ix86+x86_64, r-oldrel-windows-ix86+x86_64

Version: 1.5
Check: R code for possible problems
Result: NOTE
    rgl.sphMW: no visible global function definition for ‘plot3d’
    rgl.sphcirc: no visible global function definition for ‘rotate3d’
    rgl.sphcirc: no visible global function definition for ‘lines3d’
    rgl.sphgrid: no visible global function definition for ‘open3d’
    rgl.sphgrid: no visible global function definition for ‘plot3d’
    rgl.sphgrid: no visible global function definition for ‘lines3d’
    rgl.sphgrid: no visible global function definition for ‘text3d’
    rgl.sphpoints: no visible global function definition for ‘points3d’
    rgl.sphsun: no visible global function definition for ‘plot3d’
    rgl.sphtext: no visible global function definition for ‘text3d’
Flavors: r-devel-linux-x86_64-debian-clang, r-devel-linux-x86_64-debian-gcc, r-devel-linux-x86_64-fedora-clang, r-devel-linux-x86_64-fedora-gcc, r-devel-osx-x86_64-clang, r-devel-windows-ix86+x86_64, r-patched-linux-x86_64, r-patched-solaris-sparc, r-patched-solaris-x86, r-release-linux-x86_64, r-release-osx-x86_64-mavericks, r-release-osx-x86_64-snowleopard, r-release-windows-ix86+x86_64, r-oldrel-windows-ix86+x86_64

Version: 1.5
Check: examples
Result: ERROR
    Running examples in ‘sphereplot-Ex.R’ failed
    The error most likely occurred in:
    
    > ### Name: pointsphere
    > ### Title: Random sphere pointing
    > ### Aliases: pointsphere
    > ### Keywords: random
    >
    > ### ** Examples
    >
    > rgl.sphgrid()
    Fri Mar 20 20:14:55 hagal.research.att.com R[21778] <Error>: unknown error code: invalid pixel format
    Fri Mar 20 20:14:55 hagal.research.att.com R[21778] <Error>: kCGErrorFailure: Set a breakpoint @ CGErrorBreakpoint() to catch errors as they are logged.
    X Error of failed request: GLXBadContext
     Major opcode of failed request: 0 ()
     Serial number of failed request: 27
     Current serial number in output stream: 27
Flavor: r-release-osx-x86_64-snowleopard