CRAN Package Check Results for Package sphereplot

Last updated on 2014-07-23 15:47:53.

Flavor Version Tinstall Tcheck Ttotal Status Flags
r-devel-linux-x86_64-debian-clang 1.5 0.65 12.18 12.83 NOTE
r-devel-linux-x86_64-debian-gcc 1.5 0.64 12.02 12.66 NOTE
r-devel-linux-x86_64-fedora-clang 1.5 27.55 NOTE
r-devel-linux-x86_64-fedora-gcc 1.5 25.84 NOTE
r-devel-osx-x86_64-clang 1.5 25.12 NOTE
r-devel-windows-ix86+x86_64 1.5 3.00 19.00 22.00 NOTE
r-patched-linux-x86_64 1.5 0.64 11.78 12.41 NOTE
r-patched-solaris-sparc 1.5 130.90 NOTE
r-patched-solaris-x86 1.5 38.10 NOTE
r-release-linux-ix86 1.5 1.04 19.70 20.74 NOTE
r-release-linux-x86_64 1.5 0.70 12.24 12.94 NOTE
r-release-osx-x86_64-mavericks 1.5 NOTE
r-release-osx-x86_64-snowleopard 1.5 NOTE
r-release-windows-ix86+x86_64 1.5 3.00 20.00 23.00 NOTE
r-oldrel-windows-ix86+x86_64 1.5 3.00 22.00 25.00 NOTE

Check Details

Version: 1.5
Check: dependencies in R code
Result: NOTE
    Package in Depends field not imported from: ‘rgl’
     These packages need to be imported from (in the NAMESPACE file)
     for when this namespace is loaded but not attached.
    See the information on DESCRIPTION files in the chapter ‘Creating R
    packages’ of the ‘Writing R Extensions’ manual.
Flavors: r-devel-linux-x86_64-debian-clang, r-devel-linux-x86_64-debian-gcc, r-devel-linux-x86_64-fedora-clang, r-devel-linux-x86_64-fedora-gcc, r-devel-osx-x86_64-clang, r-devel-windows-ix86+x86_64, r-patched-linux-x86_64, r-patched-solaris-sparc, r-patched-solaris-x86, r-release-linux-ix86, r-release-linux-x86_64, r-release-osx-x86_64-mavericks, r-release-windows-ix86+x86_64, r-oldrel-windows-ix86+x86_64

Version: 1.5
Check: dependencies in R code
Result: NOTE
    Package in Depends field not imported from: ‘rgl’
     These packages need to be imported from for the case when
     this namespace is loaded but not attached.
    See the information on DESCRIPTION files in the chapter ‘Creating R
    packages’ of the ‘Writing R Extensions’ manual.
Flavor: r-release-osx-x86_64-snowleopard