CRAN Package Check Results for Package sphereplot

Last updated on 2015-08-28 12:48:12.

Flavor Version Tinstall Tcheck Ttotal Status Flags
r-devel-linux-x86_64-debian-clang 1.5 0.58 12.35 12.93 NOTE
r-devel-linux-x86_64-debian-gcc 1.5 0.58 11.88 12.46 NOTE
r-devel-linux-x86_64-fedora-clang 1.5 25.14 NOTE
r-devel-linux-x86_64-fedora-gcc 1.5 23.72 NOTE
r-devel-osx-x86_64-clang 1.5 20.68 NOTE
r-devel-windows-ix86+x86_64 1.5 4.00 31.00 35.00 NOTE
r-patched-linux-x86_64 1.5 0.65 12.38 13.03 NOTE
r-patched-solaris-sparc 1.5 140.80 NOTE
r-patched-solaris-x86 1.5 34.50 NOTE
r-release-linux-x86_64 1.5 0.64 12.50 13.13 NOTE
r-release-osx-x86_64-mavericks 1.5 NOTE
r-release-windows-ix86+x86_64 1.5 4.00 31.00 35.00 NOTE
r-oldrel-windows-ix86+x86_64 1.5 6.00 25.00 31.00 NOTE

Check Details

Version: 1.5
Check: dependencies in R code
Result: NOTE
    Package in Depends field not imported from: ‘rgl’
     These packages need to be imported from (in the NAMESPACE file)
     for when this namespace is loaded but not attached.
Flavors: r-devel-linux-x86_64-debian-clang, r-devel-linux-x86_64-debian-gcc, r-devel-linux-x86_64-fedora-clang, r-devel-linux-x86_64-fedora-gcc, r-devel-osx-x86_64-clang, r-devel-windows-ix86+x86_64, r-patched-linux-x86_64, r-patched-solaris-sparc, r-patched-solaris-x86, r-release-linux-x86_64, r-release-osx-x86_64-mavericks, r-release-windows-ix86+x86_64, r-oldrel-windows-ix86+x86_64

Version: 1.5
Check: R code for possible problems
Result: NOTE
    pointsphere: no visible global function definition for ‘runif’
    rgl.sphMW: no visible global function definition for ‘plot3d’
    rgl.sphcirc: no visible global function definition for ‘rotate3d’
    rgl.sphcirc: no visible global function definition for ‘lines3d’
    rgl.sphgrid: no visible global function definition for ‘open3d’
    rgl.sphgrid: no visible global function definition for ‘plot3d’
    rgl.sphgrid: no visible global function definition for ‘lines3d’
    rgl.sphgrid: no visible global function definition for ‘text3d’
    rgl.sphpoints: no visible global function definition for ‘points3d’
    rgl.sphsun: no visible global function definition for ‘plot3d’
    rgl.sphtext: no visible global function definition for ‘text3d’
    Undefined global functions or variables:
     lines3d open3d plot3d points3d rotate3d runif text3d
    Consider adding
     importFrom("stats", "runif")
    to your NAMESPACE.
Flavors: r-devel-linux-x86_64-debian-clang, r-devel-linux-x86_64-debian-gcc, r-devel-linux-x86_64-fedora-clang, r-devel-linux-x86_64-fedora-gcc, r-devel-windows-ix86+x86_64

Version: 1.5
Check: R code for possible problems
Result: NOTE
    rgl.sphMW: no visible global function definition for ‘plot3d’
    rgl.sphcirc: no visible global function definition for ‘rotate3d’
    rgl.sphcirc: no visible global function definition for ‘lines3d’
    rgl.sphgrid: no visible global function definition for ‘open3d’
    rgl.sphgrid: no visible global function definition for ‘plot3d’
    rgl.sphgrid: no visible global function definition for ‘lines3d’
    rgl.sphgrid: no visible global function definition for ‘text3d’
    rgl.sphpoints: no visible global function definition for ‘points3d’
    rgl.sphsun: no visible global function definition for ‘plot3d’
    rgl.sphtext: no visible global function definition for ‘text3d’
    Undefined global functions or variables:
     lines3d open3d plot3d points3d rotate3d text3d
Flavor: r-devel-osx-x86_64-clang

Version: 1.5
Check: R code for possible problems
Result: NOTE
    rgl.sphMW: no visible global function definition for ‘plot3d’
    rgl.sphcirc: no visible global function definition for ‘rotate3d’
    rgl.sphcirc: no visible global function definition for ‘lines3d’
    rgl.sphgrid: no visible global function definition for ‘open3d’
    rgl.sphgrid: no visible global function definition for ‘plot3d’
    rgl.sphgrid: no visible global function definition for ‘lines3d’
    rgl.sphgrid: no visible global function definition for ‘text3d’
    rgl.sphpoints: no visible global function definition for ‘points3d’
    rgl.sphsun: no visible global function definition for ‘plot3d’
    rgl.sphtext: no visible global function definition for ‘text3d’
Flavors: r-patched-linux-x86_64, r-patched-solaris-sparc, r-patched-solaris-x86, r-release-linux-x86_64, r-release-osx-x86_64-mavericks, r-release-windows-ix86+x86_64, r-oldrel-windows-ix86+x86_64