CRAN Package Check Results for Package sphet

Last updated on 2015-07-04 23:47:35.

Flavor Version Tinstall Tcheck Ttotal Status Flags
r-devel-linux-x86_64-debian-clang 1.6 3.15 72.40 75.55 NOTE
r-devel-linux-x86_64-debian-gcc 1.6 3.19 70.24 73.43 NOTE
r-devel-linux-x86_64-fedora-clang 1.6 155.34 NOTE
r-devel-linux-x86_64-fedora-gcc 1.6 150.41 NOTE
r-devel-osx-x86_64-clang 1.6 122.00 NOTE
r-devel-windows-ix86+x86_64 1.6 14.00 114.00 128.00 NOTE
r-patched-linux-x86_64 1.6 3.64 70.99 74.63 NOTE
r-patched-solaris-sparc 1.6 952.20 NOTE
r-patched-solaris-x86 1.6 214.00 NOTE
r-release-linux-x86_64 1.6 3.35 71.37 74.72 NOTE
r-release-osx-x86_64-mavericks 1.6 NOTE
r-release-windows-ix86+x86_64 1.6 11.00 117.00 128.00 NOTE
r-oldrel-windows-ix86+x86_64 1.6 12.00 133.00 145.00 OK

Check Details

Version: 1.6
Check: DESCRIPTION meta-information
Result: NOTE
    Malformed Description field: should contain one or more complete sentences.
Flavors: r-devel-linux-x86_64-debian-clang, r-devel-linux-x86_64-debian-gcc, r-devel-linux-x86_64-fedora-clang, r-devel-linux-x86_64-fedora-gcc, r-devel-osx-x86_64-clang, r-devel-windows-ix86+x86_64, r-patched-linux-x86_64, r-patched-solaris-sparc, r-patched-solaris-x86, r-release-linux-x86_64, r-release-osx-x86_64-mavericks, r-release-windows-ix86+x86_64

Version: 1.6
Check: S3 generic/method consistency
Result: NOTE
    Found the following apparent S3 methods exported but not registered:
     summary.sphet
    See section ‘Registering S3 methods’ in the ‘Writing R Extensions’
    manual.
Flavors: r-devel-linux-x86_64-debian-clang, r-devel-linux-x86_64-debian-gcc, r-devel-linux-x86_64-fedora-clang, r-devel-linux-x86_64-fedora-gcc, r-devel-osx-x86_64-clang, r-patched-linux-x86_64, r-patched-solaris-sparc, r-patched-solaris-x86, r-release-linux-x86_64

Version: 1.6
Check: R code for possible problems
Result: NOTE
    Ggfastfast: no visible global function definition for ‘as’
    distance: no visible global function definition for ‘quantile’
    distance: no visible global function definition for ‘write.table’
    fierror: no visible global function definition for ‘as’
    fistslserror: no visible global function definition for ‘as’
    fistslsfast: no visible global function definition for ‘as’
    gstslshet: no visible binding for global variable ‘na.fail’
    gstslshet: no visible global function definition for ‘terms’
    gstslshet: no visible global function definition for ‘lm’
    gstslshet: no visible global function definition for ‘model.extract’
    gstslshet: no visible global function definition for ‘residuals’
    gstslshet: no visible global function definition for ‘coefficients’
    gstslshet: no visible global function definition for ‘nlminb’
    gstslshet: no visible global function definition for ‘pchisq’
    gstslshet: no visible global function definition for ‘fitted’
    listw2dgCMatrix: no visible global function definition for ‘new’
    print.sphet: no visible global function definition for ‘coef’
    print.summary.sphet: no visible global function definition for
     ‘printCoefmat’
    read.gwt2dist: no visible global function definition for ‘read.table’
    spreg: no visible binding for global variable ‘na.fail’
    spreg: no visible global function definition for ‘terms’
    spreg: no visible global function definition for ‘lm’
    spreg: no visible global function definition for ‘model.extract’
    spreg: no visible global function definition for ‘residuals’
    spreg: no visible global function definition for ‘coefficients’
    spreg: no visible global function definition for ‘nlminb’
    spreg: no visible global function definition for ‘pchisq’
    stslshac: no visible binding for global variable ‘na.fail’
    stslshac: no visible global function definition for ‘terms’
    stslshac: no visible global function definition for ‘lm’
    stslshac: no visible global function definition for ‘model.extract’
    summary.sphet: no visible global function definition for ‘pnorm’
    sumres: no visible global function definition for ‘residuals’
    Undefined global functions or variables:
     as coef coefficients fitted lm model.extract na.fail new nlminb
     pchisq pnorm printCoefmat quantile read.table residuals terms
     write.table
Flavors: r-devel-linux-x86_64-debian-clang, r-devel-linux-x86_64-debian-gcc, r-devel-linux-x86_64-fedora-clang, r-devel-linux-x86_64-fedora-gcc, r-devel-windows-ix86+x86_64