CRAN Package Check Results for Package sphet

Last updated on 2014-04-24 03:47:55.

Flavor Version Tinstall Tcheck Ttotal Status Flags
r-devel-linux-x86_64-debian-clang 1.5 4.45 86.16 90.61 OK
r-devel-linux-x86_64-debian-gcc 1.5 4.46 85.13 89.58 OK
r-devel-linux-x86_64-fedora-clang 1.5 204.12 OK
r-devel-linux-x86_64-fedora-gcc 1.5 196.77 OK
r-devel-osx-x86_64-clang 1.5 170.69 OK
r-devel-osx-x86_64-gcc 1.5 ERROR
r-devel-windows-ix86+x86_64 1.5 11.00 121.00 132.00 OK
r-patched-linux-x86_64 1.5 4.42 85.42 89.84 OK
r-patched-solaris-sparc 1.5 1093.00 OK
r-patched-solaris-x86 1.5 258.90 OK
r-release-linux-ix86 1.5 7.00 153.00 160.00 OK
r-release-linux-x86_64 1.5 4.43 84.94 89.37 OK
r-release-osx-x86_64-mavericks 1.5 ERROR
r-release-osx-x86_64-snowleopard 1.5 OK
r-release-windows-ix86+x86_64 1.5 12.00 125.00 137.00 OK
r-oldrel-windows-ix86+x86_64 1.5 12.00 117.00 129.00 OK

Check Details

Version: 1.5
Check: package dependencies
Result: ERROR
    Package required but not available: ‘spdep’
    
    See the information on DESCRIPTION files in the chapter ‘Creating R
    packages’ of the ‘Writing R Extensions’ manual.
Flavors: r-devel-osx-x86_64-gcc, r-release-osx-x86_64-mavericks