CRAN Package Check Results for Package sphet

Last updated on 2015-03-28 05:49:42.

Flavor Version Tinstall Tcheck Ttotal Status Flags
r-devel-linux-x86_64-debian-clang 1.6 3.16 74.69 77.85 NOTE
r-devel-linux-x86_64-debian-gcc 1.6 3.11 69.82 72.94 NOTE
r-devel-linux-x86_64-fedora-clang 1.6 153.87 NOTE
r-devel-linux-x86_64-fedora-gcc 1.6 156.51 NOTE
r-devel-osx-x86_64-clang 1.6 149.70 NOTE
r-prerel-windows-ix86+x86_64 1.6 13.00 109.00 122.00 NOTE
r-prerel-linux-x86_64 1.6 3.93 71.45 75.38 NOTE
r-prerel-solaris-sparc 1.6 942.10 NOTE
r-prerel-solaris-x86 1.6 214.60 NOTE
r-release-linux-x86_64 1.6 4.35 90.70 95.05 OK
r-release-osx-x86_64-mavericks 1.6 OK
r-release-osx-x86_64-snowleopard 1.6 OK
r-release-windows-ix86+x86_64 1.6 11.00 125.00 136.00 OK
r-oldrel-windows-ix86+x86_64 1.6 13.00 176.00 189.00 OK

Check Details

Version: 1.6
Check: DESCRIPTION meta-information
Result: NOTE
    Malformed Description field: should contain one or more complete sentences.
Flavors: r-devel-linux-x86_64-debian-clang, r-devel-linux-x86_64-debian-gcc, r-devel-linux-x86_64-fedora-clang, r-devel-linux-x86_64-fedora-gcc, r-devel-osx-x86_64-clang, r-prerel-windows-ix86+x86_64, r-prerel-linux-x86_64, r-prerel-solaris-sparc, r-prerel-solaris-x86

Version: 1.6
Check: S3 generic/method consistency
Result: NOTE
    Found the following apparent S3 methods exported but not registered:
     summary.sphet
    See section ‘Registering S3 methods’ in the ‘Writing R Extensions’
    manual.
Flavors: r-devel-linux-x86_64-debian-clang, r-devel-linux-x86_64-debian-gcc, r-devel-linux-x86_64-fedora-clang, r-devel-linux-x86_64-fedora-gcc, r-devel-osx-x86_64-clang, r-prerel-linux-x86_64