CRAN Package Check Results for Package sphet

Last updated on 2015-02-01 03:49:33.

Flavor Version Tinstall Tcheck Ttotal Status Flags
r-devel-linux-x86_64-debian-clang 1.6 3.28 67.74 71.02 NOTE
r-devel-linux-x86_64-debian-gcc 1.6 3.20 67.16 70.36 NOTE
r-devel-linux-x86_64-fedora-clang 1.6 193.13 NOTE
r-devel-linux-x86_64-fedora-gcc 1.6 152.09 NOTE
r-devel-osx-x86_64-clang 1.6 172.50 NOTE
r-devel-windows-ix86+x86_64 1.6 13.00 100.00 113.00 OK
r-patched-linux-x86_64 1.6 4.39 89.72 94.12 OK
r-patched-solaris-sparc 1.6 1081.20 OK
r-patched-solaris-x86 1.6 267.80 OK
r-release-linux-ix86 1.6 5.00 117.69 122.70 OK
r-release-linux-x86_64 1.6 4.97 86.62 91.59 OK
r-release-osx-x86_64-mavericks 1.6 OK
r-release-osx-x86_64-snowleopard 1.6 OK
r-release-windows-ix86+x86_64 1.6 14.00 135.00 149.00 OK
r-oldrel-windows-ix86+x86_64 1.6 13.00 118.00 131.00 OK

Check Details

Version: 1.6
Check: S3 generic/method consistency
Result: NOTE
    Found the following apparent S3 methods exported but not registered:
     summary.sphet
    See section ‘Registering S3 methods’ in the ‘Writing R Extensions’
    manual.
Flavors: r-devel-linux-x86_64-debian-clang, r-devel-linux-x86_64-debian-gcc, r-devel-linux-x86_64-fedora-clang, r-devel-linux-x86_64-fedora-gcc, r-devel-osx-x86_64-clang