CRAN Package Check Results for Package sphet

Last updated on 2015-05-23 02:47:01.

Flavor Version Tinstall Tcheck Ttotal Status Flags
r-devel-linux-x86_64-debian-clang 1.6 3.25 73.72 76.97 NOTE
r-devel-linux-x86_64-debian-gcc 1.6 3.36 71.22 74.59 NOTE
r-devel-linux-x86_64-fedora-clang 1.6 158.86 NOTE
r-devel-linux-x86_64-fedora-gcc 1.6 162.46 NOTE
r-devel-osx-x86_64-clang 1.6 139.21 NOTE
r-devel-windows-ix86+x86_64 1.6 9.00 105.00 114.00 NOTE
r-patched-linux-x86_64 1.6 3.14 70.96 74.10 NOTE
r-patched-solaris-sparc 1.6 952.20 NOTE
r-patched-solaris-x86 1.6 215.60 NOTE
r-release-linux-x86_64 1.6 3.06 74.03 77.09 NOTE
r-release-osx-x86_64-mavericks 1.6 NOTE
r-release-osx-x86_64-snowleopard 1.6 ERROR
r-release-windows-ix86+x86_64 1.6 9.00 121.00 130.00 NOTE
r-oldrel-windows-ix86+x86_64 1.6 12.00 124.00 136.00 OK

Check Details

Version: 1.6
Check: DESCRIPTION meta-information
Result: NOTE
    Malformed Description field: should contain one or more complete sentences.
Flavors: r-devel-linux-x86_64-debian-clang, r-devel-linux-x86_64-debian-gcc, r-devel-linux-x86_64-fedora-clang, r-devel-linux-x86_64-fedora-gcc, r-devel-osx-x86_64-clang, r-devel-windows-ix86+x86_64, r-patched-linux-x86_64, r-patched-solaris-sparc, r-patched-solaris-x86, r-release-linux-x86_64, r-release-osx-x86_64-mavericks, r-release-windows-ix86+x86_64

Version: 1.6
Check: S3 generic/method consistency
Result: NOTE
    Found the following apparent S3 methods exported but not registered:
     summary.sphet
    See section ‘Registering S3 methods’ in the ‘Writing R Extensions’
    manual.
Flavors: r-devel-linux-x86_64-debian-clang, r-devel-linux-x86_64-debian-gcc, r-devel-linux-x86_64-fedora-clang, r-devel-linux-x86_64-fedora-gcc, r-devel-osx-x86_64-clang, r-patched-linux-x86_64, r-patched-solaris-sparc, r-patched-solaris-x86, r-release-linux-x86_64

Version: 1.6
Check: package dependencies
Result: ERROR
    Package required but not available: ‘spdep’
    
    See section ‘The DESCRIPTION file’ in the ‘Writing R Extensions’
    manual.
Flavor: r-release-osx-x86_64-snowleopard