CRAN Package Check Results for Package spikeSlabGAM

Last updated on 2015-01-28 12:48:12.

Flavor Version Tinstall Tcheck Ttotal Status Flags
r-devel-linux-x86_64-debian-clang 1.1-8 2.60 26.80 29.39 NOTE --no-vignettes
r-devel-linux-x86_64-debian-gcc 1.1-8 2.82 25.32 28.14 NOTE --no-vignettes
r-devel-linux-x86_64-fedora-clang 1.1-8 631.61 NOTE --no-build-vignettes
r-devel-linux-x86_64-fedora-gcc 1.1-8 645.76 NOTE --no-build-vignettes
r-devel-osx-x86_64-clang 1.1-8 353.99 NOTE --no-build-vignettes
r-devel-windows-ix86+x86_64 1.1-8 11.00 50.00 61.00 NOTE --no-vignettes
r-patched-linux-x86_64 1.1-8 3.52 36.53 40.05 NOTE --no-vignettes
r-patched-solaris-sparc 1.1-8 397.70 OK --no-examples --no-vignettes
r-patched-solaris-x86 1.1-8 95.20 NOTE --no-vignettes
r-release-linux-ix86 1.1-8 3.88 42.25 46.13 OK --no-vignettes
r-release-linux-x86_64 1.1-8 3.52 36.64 40.16 OK --no-vignettes
r-release-osx-x86_64-mavericks 1.1-8 NOTE
r-release-osx-x86_64-snowleopard 1.1-8 OK
r-release-windows-ix86+x86_64 1.1-8 14.00 77.00 91.00 OK --no-vignettes
r-oldrel-windows-ix86+x86_64 1.1-8 15.00 123.00 138.00 OK --no-vignettes

Check Details

Version: 1.1-8
Flags: --no-vignettes
Check: line endings in Makefiles
Result: NOTE
    Found the following Makefile(s) without a final LF:
     src/Makevars
    Some ‘make’ programs ignore lines not ending in LF.
Flavors: r-devel-linux-x86_64-debian-clang, r-devel-linux-x86_64-debian-gcc, r-devel-windows-ix86+x86_64, r-patched-linux-x86_64, r-patched-solaris-x86

Version: 1.1-8
Flags: --no-build-vignettes
Check: line endings in Makefiles
Result: NOTE
    Found the following Makefile(s) without a final LF:
     src/Makevars
    Some ‘make’ programs ignore lines not ending in LF.
Flavors: r-devel-linux-x86_64-fedora-clang, r-devel-linux-x86_64-fedora-gcc, r-devel-osx-x86_64-clang

Version: 1.1-8
Check: line endings in Makefiles
Result: NOTE
    Found the following Makefile(s) without a final LF:
     src/Makevars
    Some ‘make’ programs ignore lines not ending in LF.
Flavor: r-release-osx-x86_64-mavericks

Version: 1.1-8
Check: re-building of vignette outputs
Result: NOTE
    Error in re-building vignettes:
     ...
    Warning in (function (xnew) :
     predictions outside fitted range for sm(glucose).
    Error in texi2dvi(file = file, pdf = TRUE, clean = clean, quiet = quiet, :
     Running 'texi2dvi' on 'UsingSpikeSlabGAM.tex' failed.
    LaTeX errors:
    ! Undefined control sequence.
    l.15 x<9c><ed>\<c1>
     k^^[G^^W^^?<91>j^^R^^Q}Z^^O qm<b3><d6>z<a0><87>~5<b2>@<87><d2>C*^^_^^L<c5>=<e4>^^V^^B9^^WA<fe><82>\s͡...
    The control sequence at the end of the top line
    of your error message was never \def'ed. If you have
    ! LaTeX Error: Missing \begin{document}.
    
    See the LaTeX manual or LaTeX Companion for explanation.
    Type H <return> for immediate help.
     ...
    ! Undefined control sequence.
    l.15 ...^O qm<b3><d6>z<a0><87>~5<b2>@<87><d2>C*^^_^^L<c5>=<e4>^^V^^B9^^WA<fe><82>\s
     ͡<e7>^^P<df>Ӌn<a6>4P/Ů<a0>!<a1>Kת<a9>)<81>E...
    The control sequence at the end of the top line
    of your error message was never \def'ed. If you have
    ! Undefined control sequence.
    l.15 ...n<a6>4P/Ů<a0>!<a1>Kת<a9>)<81>E<eb>EUej<8f>w<ad><b8>낥<ef><f0>C<8f><fd>TےR۱\<bd>
    
    Calls: buildVignettes -> texi2pdf -> texi2dvi
    Execution halted
Flavor: r-release-osx-x86_64-mavericks