CRAN Package Check Results for Package spikeSlabGAM

Last updated on 2017-06-22 13:47:17.

Flavor Version Tinstall Tcheck Ttotal Status Flags
r-devel-linux-x86_64-debian-clang 1.1-11 5.77 51.38 57.16 NOTE --no-vignettes
r-devel-linux-x86_64-debian-gcc 1.1-11 5.38 51.34 56.72 NOTE --no-vignettes
r-devel-linux-x86_64-fedora-clang 1.1-11 784.53 NOTE
r-devel-linux-x86_64-fedora-gcc 1.1-11 757.54 NOTE
r-devel-windows-ix86+x86_64 1.1-11 21.00 97.00 118.00 OK --no-vignettes
r-patched-linux-x86_64 1.1-11 5.40 51.26 56.66 NOTE --no-vignettes
r-patched-solaris-sparc 1.1-11 634.40 OK --no-examples --no-vignettes
r-patched-solaris-x86 1.1-11 176.90 OK --no-vignettes
r-release-linux-x86_64 1.1-11 6.13 49.94 56.06 NOTE --no-vignettes
r-release-windows-ix86+x86_64 1.1-11 20.00 138.00 158.00 OK --no-vignettes
r-release-osx-x86_64 1.1-11 NOTE
r-oldrel-windows-ix86+x86_64 1.1-11 20.00 104.00 124.00 OK --no-vignettes
r-oldrel-osx-x86_64 1.1-11 NOTE

Check Details

Version: 1.1-11
Flags: --no-vignettes
Check: compiled code
Result: NOTE
    File ‘spikeSlabGAM/libs/spikeSlabGAM.so’:
     Found no calls to: ‘R_registerRoutines’, ‘R_useDynamicSymbols’
    
    It is good practice to register native routines and to disable symbol
    search.
    
    See ‘Writing portable packages’ in the ‘Writing R Extensions’ manual.
Flavors: r-devel-linux-x86_64-debian-clang, r-devel-linux-x86_64-debian-gcc, r-patched-linux-x86_64, r-release-linux-x86_64

Version: 1.1-11
Check: compiled code
Result: NOTE
    File ‘spikeSlabGAM/libs/spikeSlabGAM.so’:
     Found no calls to: ‘R_registerRoutines’, ‘R_useDynamicSymbols’
    
    It is good practice to register native routines and to disable symbol
    search.
    
    See ‘Writing portable packages’ in the ‘Writing R Extensions’ manual.
Flavors: r-devel-linux-x86_64-fedora-clang, r-devel-linux-x86_64-fedora-gcc

Version: 1.1-11
Check: re-building of vignette outputs
Result: NOTE
    Error in re-building vignettes:
     ...
     predictions outside fitted range for lin(glucose).
    Warning in (function (xnew) :
     predictions outside fitted range for sm(glucose).
    Warning in bsplines(mf[[i]], knots = args$knots[[i]]$knots, boundary.knots = args$knots[[i]]$boundary.knots, :
     Some 'x' values are beyond 'boundary.knots'; Linear extrapolation used.
    Warning in (function (xnew) :
     predictions outside fitted range for lin(glucose).
    Warning in (function (xnew) :
     predictions outside fitted range for sm(glucose).
    Error in texi2dvi(file = file, pdf = TRUE, clean = clean, quiet = quiet, :
     Running 'texi2dvi' on 'UsingSpikeSlabGAM.tex' failed.
    LaTeX errors:
    ! LaTeX Error: File `algorithmic.sty' not found.
    
    Type X to quit or <RETURN> to proceed,
    or enter new name. (Default extension: sty)
    
    ! Emergency stop.
    <read *>
    
    l.12 \usepackage
     {algorithm}^^M
    ! ==> Fatal error occurred, no output PDF file produced!
    Calls: buildVignettes -> texi2pdf -> texi2dvi
    Execution halted
Flavor: r-release-osx-x86_64

Version: 1.1-11
Check: re-building of vignette outputs
Result: NOTE
    Error in re-building vignettes:
     ...
     input string 415 is invalid in this locale
    Warning in grepl("(Rerun to get|biblatex.*\\(re\\)run)", readLines(log, :
     input string 429 is invalid in this locale
    Error in texi2dvi(file = file, pdf = TRUE, clean = clean, quiet = quiet, :
     Running 'texi2dvi' on 'UsingSpikeSlabGAM.tex' failed.
    LaTeX errors:
    ! Undefined control sequence.
    l.15 x<9c><ed>\<c1>
     k^^[W^^S<9f>H5<89><88>><ad>^^_ qm<b3><de><f5><83>^^^<fa><d5><c8>^^B^^]J^^N<a9>|0^^T<f7><90>[(<f4>\^^D<fd><0b>z<ed><b5><87><9e>K}O...
    The control sequence at the end of the top line
    of your error message was never \def'ed. If you have
    ! Undefined control sequence.
    l.15 ...<ad>^^_ qm<b3><de><f5><83>^^^<fa><d5><c8>^^B^^]J^^N<a9>|0^^T<f7><90>[(<f4>\^^D
     <fd><0b>z<ed><b5><87><9e>K}O/<ba><f9><d0>@<bd>^^D;<82><86><84>,]<ab>...
    The control sequence at the end of the top line
    of your error message was never \def'ed. If you have
    ! LaTeX Error: Missing \begin{document}.
    
    See the LaTeX manual or LaTeX Companion for explanation.
    Type H <return> for immediate help.
     ...
    ! Extra }, or forgotten \endgroup.
    l.15 ...^D^^V<ad>^^WU<95><a9><fd><bc>k<c5>]<b7>X<fa>^^N?4<ec><e7>ږ<94>ڎ<e5>j^^Nb<f5><f6
    Calls: buildVignettes -> texi2pdf -> texi2dvi
    Execution halted
Flavor: r-oldrel-osx-x86_64