CRAN Package Check Results for Package spikeSlabGAM

Last updated on 2014-10-25 23:46:54.

Flavor Version Tinstall Tcheck Ttotal Status Flags
r-devel-linux-x86_64-debian-clang 1.1-7 3.28 35.73 39.01 WARN --no-vignettes
r-devel-linux-x86_64-debian-gcc 1.1-7 3.95 36.79 40.74 WARN --no-vignettes
r-devel-linux-x86_64-fedora-clang 1.1-7 639.71 WARN --no-build-vignettes
r-devel-linux-x86_64-fedora-gcc 1.1-7 638.81 WARN --no-build-vignettes
r-devel-osx-x86_64-clang 1.1-7 350.81 WARN --no-build-vignettes
r-devel-windows-ix86+x86_64 1.1-7 15.00 69.00 84.00 WARN --no-vignettes
r-patched-linux-x86_64 1.1-7 3.65 37.29 40.94 WARN --no-vignettes
r-patched-solaris-sparc 1.1-7 442.00 WARN --no-examples --no-vignettes
r-patched-solaris-x86 1.1-7 96.70 WARN --no-vignettes
r-release-linux-ix86 1.1-7 4.31 45.96 50.27 OK --no-vignettes
r-release-linux-x86_64 1.1-7 3.75 37.72 41.47 OK --no-vignettes
r-release-osx-x86_64-mavericks 1.1-7 OK
r-release-osx-x86_64-snowleopard 1.1-7 OK
r-release-windows-ix86+x86_64 1.1-7 14.00 122.00 136.00 OK --no-vignettes
r-oldrel-windows-ix86+x86_64 1.1-7 16.00 77.00 93.00 OK --no-vignettes

Check Details

Version: 1.1-7
Flags: --no-vignettes
Check: DESCRIPTION meta-information
Result: NOTE
    Deprecated license: CC BY-NC-SA 3.0
Flavors: r-devel-linux-x86_64-debian-clang, r-devel-linux-x86_64-debian-gcc, r-patched-linux-x86_64, r-patched-solaris-x86

Version: 1.1-7
Flags: --no-vignettes
Check: dependencies in R code
Result: WARN
    'library' or 'require' call not declared from: ‘parallel’
    See the information on DESCRIPTION files in the chapter ‘Creating R
    packages’ of the ‘Writing R Extensions’ manual.
Flavors: r-devel-linux-x86_64-debian-clang, r-devel-linux-x86_64-debian-gcc, r-devel-windows-ix86+x86_64, r-patched-linux-x86_64, r-patched-solaris-x86

Version: 1.1-7
Flags: --no-build-vignettes
Check: DESCRIPTION meta-information
Result: NOTE
    Deprecated license: CC BY-NC-SA 3.0
Flavors: r-devel-linux-x86_64-fedora-clang, r-devel-linux-x86_64-fedora-gcc, r-devel-osx-x86_64-clang

Version: 1.1-7
Flags: --no-build-vignettes
Check: dependencies in R code
Result: WARN
    'library' or 'require' call not declared from: ‘parallel’
    See the information on DESCRIPTION files in the chapter ‘Creating R
    packages’ of the ‘Writing R Extensions’ manual.
Flavors: r-devel-linux-x86_64-fedora-clang, r-devel-linux-x86_64-fedora-gcc, r-devel-osx-x86_64-clang

Version: 1.1-7
Flags: --no-examples --no-vignettes
Check: DESCRIPTION meta-information
Result: NOTE
    Deprecated license: CC BY-NC-SA 3.0
Flavor: r-patched-solaris-sparc

Version: 1.1-7
Flags: --no-examples --no-vignettes
Check: dependencies in R code
Result: WARN
    'library' or 'require' call not declared from: ‘parallel’
    See the information on DESCRIPTION files in the chapter ‘Creating R
    packages’ of the ‘Writing R Extensions’ manual.
Flavor: r-patched-solaris-sparc