CRAN Package Check Results for Package spikeSlabGAM

Last updated on 2017-01-21 03:50:50.

Flavor Version Tinstall Tcheck Ttotal Status Flags
r-devel-linux-x86_64-debian-clang 1.1-11 5.23 49.53 54.75 OK --no-vignettes
r-devel-linux-x86_64-debian-gcc 1.1-11 5.16 48.63 53.78 OK --no-vignettes
r-devel-linux-x86_64-fedora-clang 1.1-11 773.41 OK --no-stop-on-test-error
r-devel-linux-x86_64-fedora-gcc 1.1-11 788.27 OK --no-stop-on-test-error
r-devel-macos-x86_64-clang 1.1-11 517.64 OK --no-stop-on-test-error
r-devel-windows-ix86+x86_64 1.1-11 22.00 222.00 244.00 OK --no-vignettes
r-patched-linux-x86_64 1.1-11 4.87 48.16 53.03 OK --no-vignettes
r-patched-solaris-sparc 1.1-11 571.10 OK --no-examples --no-vignettes
r-patched-solaris-x86 1.1-11 146.10 OK --no-vignettes
r-release-linux-x86_64 1.1-11 5.10 47.39 52.49 OK --no-vignettes
r-release-osx-x86_64-mavericks 1.1-11 NOTE
r-release-windows-ix86+x86_64 1.1-11 19.00 209.00 228.00 OK --no-vignettes
r-oldrel-windows-ix86+x86_64 1.1-11 22.00 218.00 240.00 OK --no-vignettes

Check Details

Version: 1.1-11
Check: re-building of vignette outputs
Result: NOTE
    Error in re-building vignettes:
     ...
     input string 415 is invalid in this locale
    Warning in grepl("(Rerun to get|biblatex.*\\(re\\)run)", readLines(log, :
     input string 429 is invalid in this locale
    Error in texi2dvi(file = file, pdf = TRUE, clean = clean, quiet = quiet, :
     Running 'texi2dvi' on 'UsingSpikeSlabGAM.tex' failed.
    LaTeX errors:
    ! Undefined control sequence.
    l.15 x<9c><ed>\<c1>
     k^^[W^^S<9f>H5<89><88>><ad>^^_ qm<b3><de><f5><83>^^^<fa><d5><c8>^^B^^]J^^N<a9>|0^^T<f7><90>[(<f4>\^^D<fd><0b>z<ed><b5><87><9e>K}O...
    The control sequence at the end of the top line
    of your error message was never \def'ed. If you have
    ! Undefined control sequence.
    l.15 ...<ad>^^_ qm<b3><de><f5><83>^^^<fa><d5><c8>^^B^^]J^^N<a9>|0^^T<f7><90>[(<f4>\^^D
     <fd><0b>z<ed><b5><87><9e>K}O/<ba><f9><d0>@<bd>^^D;<82><86><84>,]<ab>...
    The control sequence at the end of the top line
    of your error message was never \def'ed. If you have
    ! LaTeX Error: Missing \begin{document}.
    
    See the LaTeX manual or LaTeX Companion for explanation.
    Type H <return> for immediate help.
     ...
    ! Extra }, or forgotten \endgroup.
    l.15 ...^D^^V<ad>^^WU<95><a9><fd><bc>k<c5>]<b7>X<fa>^^N?4<ec><e7>ږ<94>ڎ<e5>j^^Nb<f5><f6
    Calls: buildVignettes -> texi2pdf -> texi2dvi
    Execution halted
Flavor: r-release-osx-x86_64-mavericks