CRAN Package Check Results for Package spikeSlabGAM

Last updated on 2015-05-03 19:47:26.

Flavor Version Tinstall Tcheck Ttotal Status Flags
r-devel-linux-x86_64-debian-clang 1.1-8 2.42 26.07 28.49 NOTE --no-vignettes
r-devel-linux-x86_64-debian-gcc 1.1-8 2.58 25.80 28.37 NOTE --no-vignettes
r-devel-linux-x86_64-fedora-clang 1.1-8 608.46 NOTE --no-build-vignettes
r-devel-linux-x86_64-fedora-gcc 1.1-8 609.09 NOTE --no-build-vignettes
r-devel-osx-x86_64-clang 1.1-8 331.07 NOTE --no-build-vignettes
r-devel-windows-ix86+x86_64 1.1-8 11.00 46.00 57.00 NOTE --no-vignettes
r-patched-linux-x86_64 1.1-8 2.82 25.98 28.80 NOTE --no-vignettes
r-patched-solaris-sparc 1.1-8 322.30 NOTE --no-examples --no-vignettes
r-patched-solaris-x86 1.1-8 70.90 NOTE --no-vignettes
r-release-linux-x86_64 1.1-8 2.68 26.00 28.68 NOTE --no-vignettes
r-release-osx-x86_64-mavericks 1.1-8 WARN
r-release-osx-x86_64-snowleopard 1.1-8 ERROR
r-release-windows-ix86+x86_64 1.1-8 12.00 53.00 65.00 NOTE --no-vignettes
r-oldrel-windows-ix86+x86_64 1.1-8 13.00 104.00 117.00 NOTE --no-vignettes

Check Details

Version: 1.1-8
Flags: --no-vignettes
Check: line endings in Makefiles
Result: NOTE
    Found the following Makefile(s) without a final LF:
     src/Makevars
    Some ‘make’ programs ignore lines not ending in LF.
Flavors: r-devel-linux-x86_64-debian-clang, r-devel-linux-x86_64-debian-gcc, r-devel-windows-ix86+x86_64, r-patched-linux-x86_64, r-patched-solaris-x86, r-release-linux-x86_64, r-release-windows-ix86+x86_64, r-oldrel-windows-ix86+x86_64

Version: 1.1-8
Flags: --no-build-vignettes
Check: line endings in Makefiles
Result: NOTE
    Found the following Makefile(s) without a final LF:
     src/Makevars
    Some ‘make’ programs ignore lines not ending in LF.
Flavors: r-devel-linux-x86_64-fedora-clang, r-devel-linux-x86_64-fedora-gcc, r-devel-osx-x86_64-clang

Version: 1.1-8
Flags: --no-examples --no-vignettes
Check: line endings in Makefiles
Result: NOTE
    Found the following Makefile(s) without a final LF:
     src/Makevars
    Some ‘make’ programs ignore lines not ending in LF.
Flavor: r-patched-solaris-sparc

Version: 1.1-8
Check: package dependencies
Result: NOTE
    Package suggested but not available for checking: ‘mboost’
Flavor: r-release-osx-x86_64-mavericks

Version: 1.1-8
Check: line endings in Makefiles
Result: NOTE
    Found the following Makefile(s) without a final LF:
     src/Makevars
    Some ‘make’ programs ignore lines not ending in LF.
Flavor: r-release-osx-x86_64-mavericks

Version: 1.1-8
Check: running R code from vignettes
Result: WARN
    Errors in running code in vignettes:
    when running code in ‘UsingSpikeSlabGAM.Rnw’
     ...
    + "#FF7F00", "#FFFF33", "#A65628", "#F781BF", "#999999")
    
    > library("spikeSlabGAM")
    Loading required package: ggplot2
    
    > library("mboost")
    
     When sourcing 'UsingSpikeSlabGAM.R':
    Error: there is no package called 'mboost'
    Execution halted
Flavor: r-release-osx-x86_64-mavericks

Version: 1.1-8
Check: re-building of vignette outputs
Result: NOTE
    Error in re-building vignettes:
     ...
    Loading required package: ggplot2
    
    Error: processing vignette 'UsingSpikeSlabGAM.Rnw' failed with diagnostics:
     chunk 2 (label = loadLibs)
    Error in library("mboost") : there is no package called 'mboost'
    Execution halted
Flavor: r-release-osx-x86_64-mavericks

Version: 1.1-8
Check: package dependencies
Result: ERROR
    Packages required but not available: ‘ggplot2’ ‘gridExtra’ ‘scales’
    
    Package suggested but not available for checking: ‘mboost’
    
    See section ‘The DESCRIPTION file’ in the ‘Writing R Extensions’
    manual.
Flavor: r-release-osx-x86_64-snowleopard