CRAN Package Check Results for Package spikeSlabGAM

Last updated on 2016-02-12 12:47:34.

Flavor Version Tinstall Tcheck Ttotal Status Flags
r-devel-linux-x86_64-debian-gcc 1.1-9 5.85 53.01 58.86 OK --no-vignettes
r-devel-linux-x86_64-fedora-clang 1.1-9 597.55 OK --no-build-vignettes
r-devel-linux-x86_64-fedora-gcc 1.1-9 597.88 OK --no-build-vignettes
r-devel-osx-x86_64-clang 1.1-9 425.70 OK --no-build-vignettes
r-devel-windows-ix86+x86_64 1.1-9 16.00 56.00 72.00 OK --no-vignettes
r-patched-linux-x86_64 1.1-9 3.36 28.47 31.83 OK --no-vignettes
r-patched-solaris-sparc 1.1-9 312.10 OK --no-examples --no-vignettes
r-patched-solaris-x86 1.1-9 71.20 OK --no-vignettes
r-release-linux-x86_64 1.1-9 6.58 58.04 64.62 WARN --no-vignettes
r-release-osx-x86_64-mavericks 1.1-9 OK
r-release-windows-ix86+x86_64 1.1-9 14.00 48.00 62.00 OK --no-vignettes
r-oldrel-windows-ix86+x86_64 1.1-9 20.00 128.00 148.00 WARN --no-vignettes

Check Details

Version: 1.1-9
Flags: --no-vignettes
Check: whether package can be installed
Result: WARN
    Found the following significant warnings:
     Warning: replacing previous import by ‘scales::alpha’ when loading ‘spikeSlabGAM’
     Warning: replacing previous import by ‘grid::unit’ when loading ‘spikeSlabGAM’
Flavors: r-release-linux-x86_64, r-oldrel-windows-ix86+x86_64