CRAN Package Check Results for Package spikeSlabGAM

Last updated on 2014-12-19 19:00:23.

Flavor Version Tinstall Tcheck Ttotal Status Flags
r-devel-linux-x86_64-debian-clang 1.1-8 3.19 35.40 38.59 OK --no-vignettes
r-devel-linux-x86_64-debian-gcc 1.1-8 3.31 33.77 37.08 OK --no-vignettes
r-devel-linux-x86_64-fedora-clang 1.1-8 624.69 OK --no-build-vignettes
r-devel-linux-x86_64-fedora-gcc 1.1-8 607.52 OK --no-build-vignettes
r-devel-osx-x86_64-clang 1.1-8 355.94 OK --no-build-vignettes
r-devel-windows-ix86+x86_64 1.1-8 15.00 73.00 88.00 OK --no-vignettes
r-patched-linux-x86_64 1.1-8 3.66 36.12 39.78 OK --no-vignettes
r-patched-solaris-sparc 1.1-8 370.80 OK --no-examples --no-vignettes
r-patched-solaris-x86 1.1-8 94.80 OK --no-vignettes
r-release-linux-ix86 1.1-8 3.83 41.98 45.80 OK --no-vignettes
r-release-linux-x86_64 1.1-8 3.75 36.42 40.17 OK --no-vignettes
r-release-osx-x86_64-mavericks 1.1-8 NOTE
r-release-osx-x86_64-snowleopard 1.1-8 OK
r-release-windows-ix86+x86_64 1.1-8 15.00 81.00 96.00 OK --no-vignettes
r-oldrel-windows-ix86+x86_64 1.1-8 15.00 78.00 93.00 OK --no-vignettes

Check Details

Version: 1.1-8
Check: re-building of vignette outputs
Result: NOTE
    Error in re-building vignettes:
     ...
    
     %+%
    
    Setting up SOCK cluster with 2 local slaves.
    Use 'options(mc.cores= <YourNumberHere>)' to override next time.
    Warning in (function (xnew) :
     predictions outside fitted range for lin(glucose).
    Warning in (function (xnew) :
     predictions outside fitted range for sm(glucose).
    Warning in (function (xnew) :
     predictions outside fitted range for lin(glucose).
    Warning in (function (xnew) :
     predictions outside fitted range for sm(glucose).
    Error in texi2dvi(file = file, pdf = TRUE, clean = clean, quiet = quiet, :
     Running 'texi2dvi' on 'UsingSpikeSlabGAM.tex' failed.
    LaTeX errors:
    ! LaTeX Error: File `algorithmic.sty' not found.
    
    Type X to quit or <RETURN> to proceed,
    or enter new name. (Default extension: sty)
    
    /vign_test/spikeSlabGAM/vignettes/UsingSpikeSlabGAM.tex:12: ==> Fatal error oc
    curred, no output PDF file produced!
    Calls: buildVignettes -> texi2pdf -> texi2dvi
    Execution halted
Flavor: r-release-osx-x86_64-mavericks