CRAN Package Check Results for Package spikeSlabGAM

Last updated on 2014-11-23 19:47:57.

Flavor Version Tinstall Tcheck Ttotal Status Flags
r-devel-linux-x86_64-debian-clang 1.1-7 3.45 35.40 38.84 WARN --no-vignettes
r-devel-linux-x86_64-debian-gcc 1.1-7 3.58 35.32 38.90 WARN --no-vignettes
r-devel-linux-x86_64-fedora-clang 1.1-7 621.34 WARN --no-build-vignettes
r-devel-linux-x86_64-fedora-gcc 1.1-7 638.69 WARN --no-build-vignettes
r-devel-osx-x86_64-clang 1.1-7 348.05 WARN --no-build-vignettes
r-devel-windows-ix86+x86_64 1.1-7 13.00 87.00 100.00 WARN --no-vignettes
r-patched-linux-x86_64 1.1-7 3.65 35.87 39.52 WARN --no-vignettes
r-patched-solaris-sparc 1.1-7 442.00 WARN --no-examples --no-vignettes
r-patched-solaris-x86 1.1-7 97.80 WARN --no-vignettes
r-release-linux-ix86 1.1-7 4.26 42.31 46.57 WARN --no-vignettes
r-release-linux-x86_64 1.1-7 3.81 36.24 40.06 WARN --no-vignettes
r-release-osx-x86_64-mavericks 1.1-7 OK
r-release-osx-x86_64-snowleopard 1.1-7 OK
r-release-windows-ix86+x86_64 1.1-7 14.00 79.00 93.00 WARN --no-vignettes
r-oldrel-windows-ix86+x86_64 1.1-7 15.00 78.00 93.00 OK --no-vignettes

Check Details

Version: 1.1-7
Flags: --no-vignettes
Check: DESCRIPTION meta-information
Result: NOTE
    Deprecated license: CC BY-NC-SA 3.0
Flavors: r-devel-linux-x86_64-debian-clang, r-devel-linux-x86_64-debian-gcc, r-patched-linux-x86_64, r-patched-solaris-x86, r-release-linux-ix86, r-release-linux-x86_64

Version: 1.1-7
Flags: --no-vignettes
Check: dependencies in R code
Result: WARN
    'library' or 'require' call not declared from: ‘parallel’
    See the information on DESCRIPTION files in the chapter ‘Creating R
    packages’ of the ‘Writing R Extensions’ manual.
Flavors: r-devel-linux-x86_64-debian-clang, r-devel-linux-x86_64-debian-gcc, r-devel-windows-ix86+x86_64, r-patched-linux-x86_64, r-patched-solaris-x86, r-release-linux-ix86, r-release-linux-x86_64, r-release-windows-ix86+x86_64

Version: 1.1-7
Flags: --no-build-vignettes
Check: DESCRIPTION meta-information
Result: NOTE
    Deprecated license: CC BY-NC-SA 3.0
Flavors: r-devel-linux-x86_64-fedora-clang, r-devel-linux-x86_64-fedora-gcc, r-devel-osx-x86_64-clang

Version: 1.1-7
Flags: --no-build-vignettes
Check: dependencies in R code
Result: WARN
    'library' or 'require' call not declared from: ‘parallel’
    See the information on DESCRIPTION files in the chapter ‘Creating R
    packages’ of the ‘Writing R Extensions’ manual.
Flavors: r-devel-linux-x86_64-fedora-clang, r-devel-linux-x86_64-fedora-gcc, r-devel-osx-x86_64-clang

Version: 1.1-7
Flags: --no-examples --no-vignettes
Check: DESCRIPTION meta-information
Result: NOTE
    Deprecated license: CC BY-NC-SA 3.0
Flavor: r-patched-solaris-sparc

Version: 1.1-7
Flags: --no-examples --no-vignettes
Check: dependencies in R code
Result: WARN
    'library' or 'require' call not declared from: ‘parallel’
    See the information on DESCRIPTION files in the chapter ‘Creating R
    packages’ of the ‘Writing R Extensions’ manual.
Flavor: r-patched-solaris-sparc