CRAN Package Check Results for Package spikeSlabGAM

Last updated on 2014-09-30 23:47:53.

Flavor Version Tinstall Tcheck Ttotal Status Flags
r-devel-linux-x86_64-debian-clang 1.1-7 3.15 35.03 38.18 WARN --no-vignettes
r-devel-linux-x86_64-debian-gcc 1.1-7 3.75 34.36 38.12 WARN --no-vignettes
r-devel-linux-x86_64-fedora-clang 1.1-7 640.07 WARN --no-build-vignettes
r-devel-linux-x86_64-fedora-gcc 1.1-7 639.64 WARN --no-build-vignettes
r-devel-osx-x86_64-clang 1.1-7 370.68 WARN --no-build-vignettes
r-devel-windows-ix86+x86_64 1.1-7 13.00 70.00 83.00 WARN --no-vignettes
r-patched-linux-x86_64 1.1-7 4.07 37.46 41.53 WARN --no-vignettes
r-patched-solaris-sparc 1.1-7 442.00 WARN --no-examples --no-vignettes
r-patched-solaris-x86 1.1-7 103.30 WARN --no-vignettes
r-release-linux-ix86 1.1-7 4.40 45.61 50.01 OK --no-vignettes
r-release-linux-x86_64 1.1-7 3.73 37.84 41.58 OK --no-vignettes
r-release-osx-x86_64-mavericks 1.1-7 OK
r-release-osx-x86_64-snowleopard 1.1-7 OK
r-release-windows-ix86+x86_64 1.1-7 15.00 76.00 91.00 OK --no-vignettes
r-oldrel-windows-ix86+x86_64 1.1-7 16.00 80.00 96.00 OK --no-vignettes

Check Details

Version: 1.1-7
Flags: --no-vignettes
Check: DESCRIPTION meta-information
Result: NOTE
    Deprecated license: CC BY-NC-SA 3.0
Flavors: r-devel-linux-x86_64-debian-clang, r-devel-linux-x86_64-debian-gcc, r-patched-linux-x86_64, r-patched-solaris-x86

Version: 1.1-7
Flags: --no-vignettes
Check: dependencies in R code
Result: WARN
    'library' or 'require' call not declared from: ‘parallel’
    See the information on DESCRIPTION files in the chapter ‘Creating R
    packages’ of the ‘Writing R Extensions’ manual.
Flavors: r-devel-linux-x86_64-debian-clang, r-devel-linux-x86_64-debian-gcc, r-devel-windows-ix86+x86_64, r-patched-linux-x86_64, r-patched-solaris-x86

Version: 1.1-7
Flags: --no-build-vignettes
Check: DESCRIPTION meta-information
Result: NOTE
    Deprecated license: CC BY-NC-SA 3.0
Flavors: r-devel-linux-x86_64-fedora-clang, r-devel-linux-x86_64-fedora-gcc, r-devel-osx-x86_64-clang

Version: 1.1-7
Flags: --no-build-vignettes
Check: dependencies in R code
Result: WARN
    'library' or 'require' call not declared from: ‘parallel’
    See the information on DESCRIPTION files in the chapter ‘Creating R
    packages’ of the ‘Writing R Extensions’ manual.
Flavors: r-devel-linux-x86_64-fedora-clang, r-devel-linux-x86_64-fedora-gcc, r-devel-osx-x86_64-clang

Version: 1.1-7
Flags: --no-examples --no-vignettes
Check: DESCRIPTION meta-information
Result: NOTE
    Deprecated license: CC BY-NC-SA 3.0
Flavor: r-patched-solaris-sparc

Version: 1.1-7
Flags: --no-examples --no-vignettes
Check: dependencies in R code
Result: WARN
    'library' or 'require' call not declared from: ‘parallel’
    See the information on DESCRIPTION files in the chapter ‘Creating R
    packages’ of the ‘Writing R Extensions’ manual.
Flavor: r-patched-solaris-sparc