CRAN Package Check Results for Package spikeslab

Last updated on 2014-07-23 09:49:57.

Flavor Version Tinstall Tcheck Ttotal Status Flags
r-devel-linux-x86_64-debian-clang 1.1.5 1.30 19.34 20.64 NOTE
r-devel-linux-x86_64-debian-gcc 1.1.5 1.56 18.08 19.64 NOTE
r-devel-linux-x86_64-fedora-clang 1.1.5 40.16 NOTE
r-devel-linux-x86_64-fedora-gcc 1.1.5 39.27 NOTE
r-devel-osx-x86_64-clang 1.1.5 39.01 NOTE
r-devel-windows-ix86+x86_64 1.1.5 7.00 36.00 43.00 NOTE
r-patched-linux-x86_64 1.1.5 1.67 18.22 19.89 NOTE
r-patched-solaris-sparc 1.1.5 223.00 NOTE
r-patched-solaris-x86 1.1.5 50.70 NOTE
r-release-linux-ix86 1.1.5 2.38 26.16 28.53 NOTE
r-release-linux-x86_64 1.1.5 1.67 18.62 20.29 NOTE
r-release-osx-x86_64-mavericks 1.1.5 NOTE
r-release-osx-x86_64-snowleopard 1.1.5 OK
r-release-windows-ix86+x86_64 1.1.5 7.00 38.00 45.00 NOTE
r-oldrel-windows-ix86+x86_64 1.1.5 7.00 40.00 47.00 NOTE

Check Details

Version: 1.1.5
Check: dependencies in R code
Result: NOTE
    Packages in Depends field not imported from:
     ‘lars’ ‘randomForest’
     These packages need to be imported from (in the NAMESPACE file)
     for when this namespace is loaded but not attached.
    See the information on DESCRIPTION files in the chapter ‘Creating R
    packages’ of the ‘Writing R Extensions’ manual.
Flavors: r-devel-linux-x86_64-debian-clang, r-devel-linux-x86_64-debian-gcc, r-devel-linux-x86_64-fedora-clang, r-devel-linux-x86_64-fedora-gcc, r-devel-osx-x86_64-clang, r-devel-windows-ix86+x86_64, r-patched-linux-x86_64, r-patched-solaris-sparc, r-patched-solaris-x86, r-release-linux-ix86, r-release-linux-x86_64, r-release-osx-x86_64-mavericks, r-release-windows-ix86+x86_64, r-oldrel-windows-ix86+x86_64