CRAN Package Check Results for Package spikeslab

Last updated on 2015-05-25 23:47:38.

Flavor Version Tinstall Tcheck Ttotal Status Flags
r-devel-linux-x86_64-debian-clang 1.1.5 1.56 16.72 18.28 NOTE
r-devel-linux-x86_64-debian-gcc 1.1.5 1.64 16.36 18.00 NOTE
r-devel-linux-x86_64-fedora-clang 1.1.5 34.75 NOTE
r-devel-linux-x86_64-fedora-gcc 1.1.5 34.90 NOTE
r-devel-osx-x86_64-clang 1.1.5 35.19 NOTE
r-devel-windows-ix86+x86_64 1.1.5 8.00 36.00 44.00 NOTE
r-patched-linux-x86_64 1.1.5 1.60 16.44 18.04 NOTE
r-patched-solaris-sparc 1.1.5 224.10 NOTE
r-patched-solaris-x86 1.1.5 46.00 NOTE
r-release-linux-x86_64 1.1.5 1.54 16.48 18.02 NOTE
r-release-osx-x86_64-mavericks 1.1.5 NOTE
r-release-osx-x86_64-snowleopard 1.1.5 NOTE
r-release-windows-ix86+x86_64 1.1.5 7.00 35.00 42.00 NOTE
r-oldrel-windows-ix86+x86_64 1.1.5 8.00 64.00 72.00 NOTE

Check Details

Version: 1.1.5
Check: dependencies in R code
Result: NOTE
    Packages in Depends field not imported from:
     ‘lars’ ‘parallel’ ‘randomForest’
     These packages need to be imported from (in the NAMESPACE file)
     for when this namespace is loaded but not attached.
Flavors: r-devel-linux-x86_64-debian-clang, r-devel-linux-x86_64-debian-gcc, r-devel-linux-x86_64-fedora-clang, r-devel-linux-x86_64-fedora-gcc, r-devel-osx-x86_64-clang, r-devel-windows-ix86+x86_64, r-patched-linux-x86_64, r-patched-solaris-sparc, r-patched-solaris-x86, r-release-linux-x86_64, r-release-osx-x86_64-mavericks, r-release-osx-x86_64-snowleopard, r-release-windows-ix86+x86_64, r-oldrel-windows-ix86+x86_64

Version: 1.1.5
Check: R code for possible problems
Result: NOTE
    cv.spikeslab: no visible global function definition for ‘mclapply’
    gnet.get: no visible global function definition for ‘lars’
    gnet.get: no visible global function definition for ‘predict.lars’
    plot.spikeslab: no visible global function definition for ‘plot.lars’
    sparsePC.spikeslab : get.pc : <anonymous>: no visible global function
     definition for ‘randomForest’
    sparsePC.spikeslab: no visible global function definition for
     ‘randomForest’
    spikeslab: no visible global function definition for ‘randomForest’
Flavors: r-devel-linux-x86_64-debian-clang, r-devel-linux-x86_64-debian-gcc, r-devel-linux-x86_64-fedora-clang, r-devel-linux-x86_64-fedora-gcc, r-devel-osx-x86_64-clang, r-devel-windows-ix86+x86_64, r-patched-linux-x86_64, r-patched-solaris-sparc, r-patched-solaris-x86, r-release-linux-x86_64, r-release-osx-x86_64-mavericks, r-release-osx-x86_64-snowleopard, r-release-windows-ix86+x86_64, r-oldrel-windows-ix86+x86_64