CRAN Package Check Results for Package spikeslab

Last updated on 2014-09-03 03:50:40.

Flavor Version Tinstall Tcheck Ttotal Status Flags
r-devel-linux-x86_64-debian-clang 1.1.5 1.27 17.78 19.04 NOTE
r-devel-linux-x86_64-debian-gcc 1.1.5 1.56 17.23 18.79 NOTE
r-devel-linux-x86_64-fedora-clang 1.1.5 38.64 NOTE
r-devel-linux-x86_64-fedora-gcc 1.1.5 36.26 NOTE
r-devel-osx-x86_64-clang 1.1.5 35.76 NOTE
r-devel-windows-ix86+x86_64 1.1.5 6.00 34.00 40.00 NOTE
r-patched-linux-x86_64 1.1.5 1.56 19.59 21.16 NOTE
r-patched-solaris-sparc 1.1.5 239.40 NOTE
r-patched-solaris-x86 1.1.5 51.20 NOTE
r-release-linux-ix86 1.1.5 2.30 25.96 28.26 NOTE
r-release-linux-x86_64 1.1.5 1.68 18.28 19.97 NOTE
r-release-osx-x86_64-mavericks 1.1.5 NOTE
r-release-osx-x86_64-snowleopard 1.1.5 OK
r-release-windows-ix86+x86_64 1.1.5 7.00 39.00 46.00 NOTE
r-oldrel-windows-ix86+x86_64 1.1.5 7.00 43.00 50.00 NOTE

Check Details

Version: 1.1.5
Check: dependencies in R code
Result: NOTE
    Packages in Depends field not imported from:
     ‘lars’ ‘parallel’ ‘randomForest’
     These packages need to be imported from (in the NAMESPACE file)
     for when this namespace is loaded but not attached.
    See the information on DESCRIPTION files in the chapter ‘Creating R
    packages’ of the ‘Writing R Extensions’ manual.
Flavors: r-devel-linux-x86_64-debian-clang, r-devel-linux-x86_64-debian-gcc, r-devel-linux-x86_64-fedora-clang, r-devel-linux-x86_64-fedora-gcc, r-devel-osx-x86_64-clang, r-devel-windows-ix86+x86_64, r-patched-linux-x86_64, r-patched-solaris-sparc, r-patched-solaris-x86

Version: 1.1.5
Check: R code for possible problems
Result: NOTE
    cv.spikeslab: no visible global function definition for ‘mclapply’
    gnet.get: no visible global function definition for ‘lars’
    gnet.get: no visible global function definition for ‘predict.lars’
    plot.spikeslab: no visible global function definition for ‘plot.lars’
    sparsePC.spikeslab : get.pc : <anonymous>: no visible global function
     definition for ‘randomForest’
    sparsePC.spikeslab: no visible global function definition for
     ‘randomForest’
    spikeslab: no visible global function definition for ‘randomForest’
Flavors: r-devel-linux-x86_64-debian-clang, r-devel-linux-x86_64-debian-gcc, r-devel-linux-x86_64-fedora-clang, r-devel-linux-x86_64-fedora-gcc, r-devel-osx-x86_64-clang, r-devel-windows-ix86+x86_64

Version: 1.1.5
Check: dependencies in R code
Result: NOTE
    Packages in Depends field not imported from:
     ‘lars’ ‘randomForest’
     These packages need to be imported from (in the NAMESPACE file)
     for when this namespace is loaded but not attached.
    See the information on DESCRIPTION files in the chapter ‘Creating R
    packages’ of the ‘Writing R Extensions’ manual.
Flavors: r-release-linux-ix86, r-release-linux-x86_64, r-release-osx-x86_64-mavericks, r-release-windows-ix86+x86_64, r-oldrel-windows-ix86+x86_64