CRAN Package Check Results for Package spikeslab

Last updated on 2015-04-26 00:47:36.

Flavor Version Tinstall Tcheck Ttotal Status Flags
r-devel-linux-x86_64-debian-clang 1.1.5 1.42 16.74 18.15 NOTE
r-devel-linux-x86_64-debian-gcc 1.1.5 1.63 16.30 17.92 NOTE
r-devel-linux-x86_64-fedora-clang 1.1.5 35.27 NOTE
r-devel-linux-x86_64-fedora-gcc 1.1.5 32.09 NOTE
r-devel-osx-x86_64-clang 1.1.5 35.03 NOTE
r-devel-windows-ix86+x86_64 1.1.5 8.00 35.00 43.00 NOTE
r-patched-linux-x86_64 1.1.5 1.51 16.35 17.86 NOTE
r-patched-solaris-sparc 1.1.5 228.50 NOTE
r-patched-solaris-x86 1.1.5 45.90 NOTE
r-release-linux-x86_64 1.1.5 1.57 16.34 17.91 NOTE
r-release-osx-x86_64-mavericks 1.1.5 NOTE
r-release-osx-x86_64-snowleopard 1.1.5 NOTE
r-release-windows-ix86+x86_64 1.1.5 7.00 35.00 42.00 NOTE
r-oldrel-windows-ix86+x86_64 1.1.5 6.00 55.00 61.00 NOTE

Check Details

Version: 1.1.5
Check: dependencies in R code
Result: NOTE
    Packages in Depends field not imported from:
     'lars' 'parallel' 'randomForest'
     These packages need to be imported from (in the NAMESPACE file)
     for when this namespace is loaded but not attached.
Flavors: r-devel-windows-ix86+x86_64, r-release-windows-ix86+x86_64, r-oldrel-windows-ix86+x86_64

Version: 1.1.5
Check: R code for possible problems
Result: NOTE
    cv.spikeslab: no visible global function definition for 'mclapply'
    gnet.get: no visible global function definition for 'lars'
    gnet.get: no visible global function definition for 'predict.lars'
    plot.spikeslab: no visible global function definition for 'plot.lars'
    sparsePC.spikeslab : get.pc : <anonymous>: no visible global function
     definition for 'randomForest'
    sparsePC.spikeslab: no visible global function definition for
     'randomForest'
    spikeslab: no visible global function definition for 'randomForest'
Flavors: r-devel-windows-ix86+x86_64, r-release-windows-ix86+x86_64, r-oldrel-windows-ix86+x86_64