CRAN Package Check Results for Package spikeslab

Last updated on 2015-03-27 08:49:14.

Flavor Version Tinstall Tcheck Ttotal Status Flags
r-devel-linux-x86_64-debian-clang 1.1.5 1.52 17.20 18.72 NOTE
r-devel-linux-x86_64-debian-gcc 1.1.5 1.65 16.38 18.03 NOTE
r-devel-linux-x86_64-fedora-clang 1.1.5 35.12 NOTE
r-devel-linux-x86_64-fedora-gcc 1.1.5 34.23 NOTE
r-devel-osx-x86_64-clang 1.1.5 39.09 NOTE
r-prerel-windows-ix86+x86_64 1.1.5 11.00 38.00 49.00 NOTE
r-prerel-linux-x86_64 1.1.5 1.80 16.32 18.12 NOTE
r-prerel-solaris-sparc 1.1.5 228.50 NOTE
r-prerel-solaris-x86 1.1.5 46.50 NOTE
r-release-linux-x86_64 1.1.5 1.67 18.85 20.52 NOTE
r-release-osx-x86_64-mavericks 1.1.5 NOTE
r-release-osx-x86_64-snowleopard 1.1.5 OK
r-release-windows-ix86+x86_64 1.1.5 7.00 46.00 53.00 NOTE
r-oldrel-windows-ix86+x86_64 1.1.5 7.00 66.00 73.00 NOTE

Check Details

Version: 1.1.5
Check: dependencies in R code
Result: NOTE
    Packages in Depends field not imported from:
     ‘lars’ ‘parallel’ ‘randomForest’
     These packages need to be imported from (in the NAMESPACE file)
     for when this namespace is loaded but not attached.
Flavors: r-devel-linux-x86_64-debian-clang, r-devel-linux-x86_64-debian-gcc, r-devel-linux-x86_64-fedora-clang, r-devel-linux-x86_64-fedora-gcc, r-devel-osx-x86_64-clang, r-prerel-windows-ix86+x86_64, r-prerel-linux-x86_64, r-prerel-solaris-sparc, r-prerel-solaris-x86, r-release-linux-x86_64, r-release-windows-ix86+x86_64

Version: 1.1.5
Check: R code for possible problems
Result: NOTE
    cv.spikeslab: no visible global function definition for ‘mclapply’
    gnet.get: no visible global function definition for ‘lars’
    gnet.get: no visible global function definition for ‘predict.lars’
    plot.spikeslab: no visible global function definition for ‘plot.lars’
    sparsePC.spikeslab : get.pc : <anonymous>: no visible global function
     definition for ‘randomForest’
    sparsePC.spikeslab: no visible global function definition for
     ‘randomForest’
    spikeslab: no visible global function definition for ‘randomForest’
Flavors: r-devel-linux-x86_64-debian-clang, r-devel-linux-x86_64-debian-gcc, r-devel-linux-x86_64-fedora-clang, r-devel-linux-x86_64-fedora-gcc, r-devel-osx-x86_64-clang, r-prerel-windows-ix86+x86_64, r-prerel-linux-x86_64, r-prerel-solaris-sparc, r-prerel-solaris-x86, r-release-linux-x86_64, r-release-osx-x86_64-mavericks, r-release-windows-ix86+x86_64

Version: 1.1.5
Check: dependencies in R code
Result: NOTE
    Packages in Depends field not imported from:
     ‘lars’ ‘parallel’ ‘randomForest’
     These packages need to be imported from (in the NAMESPACE file)
     for when this namespace is loaded but not attached.
    See the information on DESCRIPTION files in the chapter ‘Creating R
    packages’ of the ‘Writing R Extensions’ manual.
Flavor: r-release-osx-x86_64-mavericks

Version: 1.1.5
Check: dependencies in R code
Result: NOTE
    Packages in Depends field not imported from:
     'lars' 'randomForest'
     These packages need to be imported from (in the NAMESPACE file)
     for when this namespace is loaded but not attached.
    See the information on DESCRIPTION files in the chapter 'Creating R
    packages' of the 'Writing R Extensions' manual.
Flavor: r-oldrel-windows-ix86+x86_64