CRAN Package Check Results for Package splancs

Last updated on 2015-03-02 05:47:53.

Flavor Version Tinstall Tcheck Ttotal Status Flags
r-devel-linux-x86_64-debian-clang 2.01-36 4.26 34.56 38.82 NOTE
r-devel-linux-x86_64-debian-gcc 2.01-36 3.69 34.19 37.88 NOTE
r-devel-linux-x86_64-fedora-clang 2.01-36 72.37 NOTE
r-devel-linux-x86_64-fedora-gcc 2.01-36 70.48 NOTE
r-devel-osx-x86_64-clang 2.01-36 66.32 NOTE
r-devel-windows-ix86+x86_64 2.01-36 53.00 102.00 155.00 NOTE
r-patched-linux-x86_64 2.01-36 3.86 37.92 41.78 OK
r-patched-solaris-sparc 2.01-36 505.30 OK
r-patched-solaris-x86 2.01-36 106.80 OK
r-release-linux-ix86 2.01-36 6.92 59.19 66.11 OK
r-release-linux-x86_64 2.01-36 3.83 37.78 41.61 OK
r-release-osx-x86_64-mavericks 2.01-36 OK
r-release-osx-x86_64-snowleopard 2.01-36 OK
r-release-windows-ix86+x86_64 2.01-36 43.00 109.00 152.00 OK
r-oldrel-windows-ix86+x86_64 2.01-36 27.00 82.00 109.00 OK

Check Details

Version: 2.01-36
Check: DESCRIPTION meta-information
Result: NOTE
    Malformed Description field: should contain one or more complete sentences.
Flavors: r-devel-linux-x86_64-debian-clang, r-devel-linux-x86_64-debian-gcc, r-devel-linux-x86_64-fedora-clang, r-devel-linux-x86_64-fedora-gcc, r-devel-osx-x86_64-clang, r-devel-windows-ix86+x86_64

Version: 2.01-36
Check: S3 generic/method consistency
Result: NOTE
    Found the following apparent S3 methods exported but not registered:
     plot.khat print.khat print.ribfit
    See section ‘Registering S3 methods’ in the ‘Writing R Extensions’
    manual.
Flavors: r-devel-linux-x86_64-debian-clang, r-devel-linux-x86_64-debian-gcc, r-devel-linux-x86_64-fedora-clang, r-devel-linux-x86_64-fedora-gcc, r-devel-osx-x86_64-clang