CRAN Package Check Results for Package splancs

Last updated on 2017-02-21 15:50:51.

Flavor Version Tinstall Tcheck Ttotal Status Flags
r-devel-linux-x86_64-debian-clang 2.01-39 3.95 40.85 44.80 NOTE
r-devel-linux-x86_64-debian-gcc 2.01-39 4.07 40.38 44.45 NOTE
r-devel-linux-x86_64-fedora-clang 2.01-39 76.58 NOTE --no-stop-on-test-error
r-devel-linux-x86_64-fedora-gcc 2.01-39 79.85 NOTE --no-stop-on-test-error
r-devel-macos-x86_64-clang 2.01-39 58.08 NOTE --no-stop-on-test-error
r-devel-windows-ix86+x86_64 2.01-39 39.00 178.00 217.00 OK
r-patched-linux-x86_64 2.01-39 3.64 37.35 40.99 OK
r-patched-solaris-sparc 2.01-39 471.90 OK
r-patched-solaris-x86 2.01-39 105.00 OK
r-release-linux-x86_64 2.01-39 3.88 36.71 40.59 OK
r-release-osx-x86_64-mavericks 2.01-39 OK
r-release-windows-ix86+x86_64 2.01-39 24.00 117.00 141.00 OK
r-oldrel-windows-ix86+x86_64 2.01-39 62.00 117.00 179.00 OK

Check Details

Version: 2.01-39
Check: compiled code
Result: NOTE
    File ‘splancs/libs/splancs.so’:
     Found no calls to: ‘R_registerRoutines’, ‘R_useDynamicSymbols’
    
    It is good practice to register native routines and to disable symbol
    search.
    
    See ‘Writing portable packages’ in the ‘Writing R Extensions’ manual.
Flavors: r-devel-linux-x86_64-debian-clang, r-devel-linux-x86_64-debian-gcc

Version: 2.01-39
Flags: --no-stop-on-test-error
Check: compiled code
Result: NOTE
    File ‘splancs/libs/splancs.so’:
     Found no calls to: ‘R_registerRoutines’, ‘R_useDynamicSymbols’
    
    It is good practice to register native routines and to disable symbol
    search.
    
    See ‘Writing portable packages’ in the ‘Writing R Extensions’ manual.
Flavors: r-devel-linux-x86_64-fedora-clang, r-devel-linux-x86_64-fedora-gcc, r-devel-macos-x86_64-clang