CRAN Package Check Results for Package splancs

Last updated on 2017-03-27 17:47:54.

Flavor Version Tinstall Tcheck Ttotal Status Flags
r-devel-linux-x86_64-debian-clang 2.01-39 4.06 42.18 46.24 NOTE
r-devel-linux-x86_64-debian-gcc 2.01-39 3.98 41.51 45.49 NOTE
r-devel-linux-x86_64-fedora-clang 2.01-39 85.34 NOTE --no-stop-on-test-error
r-devel-linux-x86_64-fedora-gcc 2.01-39 76.19 NOTE --no-stop-on-test-error
r-devel-macos-x86_64-clang 2.01-39 57.23 NOTE --no-stop-on-test-error
r-devel-windows-ix86+x86_64 2.01-39 28.00 125.00 153.00 OK
r-patched-linux-x86_64 2.01-39 4.10 40.75 44.85 NOTE
r-patched-solaris-sparc 2.01-39 475.40 OK
r-patched-solaris-x86 2.01-39 115.10 OK
r-release-linux-x86_64 2.01-39 3.67 37.72 41.39 OK
r-release-osx-x86_64-mavericks 2.01-39 OK
r-release-windows-ix86+x86_64 2.01-39 37.00 95.00 132.00 OK
r-oldrel-windows-ix86+x86_64 2.01-39 28.00 90.00 118.00 OK

Check Details

Version: 2.01-39
Check: compiled code
Result: NOTE
    File ‘splancs/libs/splancs.so’:
     Found no calls to: ‘R_registerRoutines’, ‘R_useDynamicSymbols’
    
    It is good practice to register native routines and to disable symbol
    search.
    
    See ‘Writing portable packages’ in the ‘Writing R Extensions’ manual.
Flavors: r-devel-linux-x86_64-debian-clang, r-devel-linux-x86_64-debian-gcc, r-patched-linux-x86_64

Version: 2.01-39
Flags: --no-stop-on-test-error
Check: compiled code
Result: NOTE
    File ‘splancs/libs/splancs.so’:
     Found no calls to: ‘R_registerRoutines’, ‘R_useDynamicSymbols’
    
    It is good practice to register native routines and to disable symbol
    search.
    
    See ‘Writing portable packages’ in the ‘Writing R Extensions’ manual.
Flavors: r-devel-linux-x86_64-fedora-clang, r-devel-linux-x86_64-fedora-gcc, r-devel-macos-x86_64-clang