CRAN Package Check Results for Package splancs

Last updated on 2015-01-26 11:49:03.

Flavor Version Tinstall Tcheck Ttotal Status Flags
r-devel-linux-x86_64-debian-clang 2.01-36 3.78 36.67 40.45 OK
r-devel-linux-x86_64-debian-gcc 2.01-36 3.80 35.41 39.21 OK
r-devel-linux-x86_64-fedora-clang 2.01-36 80.14 NOTE
r-devel-linux-x86_64-fedora-gcc 2.01-36 76.67 NOTE
r-devel-osx-x86_64-clang 2.01-36 71.09 NOTE
r-devel-windows-ix86+x86_64 2.01-36 34.00 77.00 111.00 OK
r-patched-linux-x86_64 2.01-36 3.73 36.88 40.61 OK
r-patched-solaris-sparc 2.01-36 505.30 OK
r-patched-solaris-x86 2.01-36 105.70 OK
r-release-linux-ix86 2.01-36 5.27 53.29 58.56 OK
r-release-linux-x86_64 2.01-36 3.84 38.00 41.84 OK
r-release-osx-x86_64-mavericks 2.01-36 OK
r-release-osx-x86_64-snowleopard 2.01-36 OK
r-release-windows-ix86+x86_64 2.01-36 29.00 85.00 114.00 OK
r-oldrel-windows-ix86+x86_64 2.01-36 37.00 89.00 126.00 OK

Check Details

Version: 2.01-36
Check: S3 generic/method consistency
Result: NOTE
    Found the following apparent S3 methods exported but not registered:
     print.khat print.ribfit plot.khat
    See section ‘Registering S3 methods’ in the ‘Writing R Extensions’
    manual.
Flavors: r-devel-linux-x86_64-fedora-clang, r-devel-linux-x86_64-fedora-gcc, r-devel-osx-x86_64-clang