CRAN Package Check Results for Package splancs

Last updated on 2015-07-29 12:47:42.

Flavor Version Tinstall Tcheck Ttotal Status Flags
r-devel-linux-x86_64-debian-clang 2.01-37 3.75 34.12 37.86 NOTE
r-devel-linux-x86_64-debian-gcc 2.01-37 4.18 34.28 38.46 NOTE
r-devel-linux-x86_64-fedora-clang 2.01-37 70.73 NOTE
r-devel-linux-x86_64-fedora-gcc 2.01-37 68.46 NOTE
r-devel-osx-x86_64-clang 2.01-37 54.25 OK
r-devel-windows-ix86+x86_64 2.01-37 26.00 77.00 103.00 NOTE
r-patched-linux-x86_64 2.01-37 3.60 34.48 38.07 OK
r-patched-solaris-sparc 2.01-37 496.00 OK
r-patched-solaris-x86 2.01-37 95.20 OK
r-release-linux-x86_64 2.01-37 3.67 34.39 38.06 OK
r-release-osx-x86_64-mavericks 2.01-37 OK
r-release-windows-ix86+x86_64 2.01-37 30.00 83.00 113.00 OK
r-oldrel-windows-ix86+x86_64 2.01-37 39.00 124.00 163.00 OK

Check Details

Version: 2.01-37
Check: R code for possible problems
Result: NOTE
    addpoints: no visible global function definition for ‘locator’
    delpoints: no visible global function definition for ‘identify’
    gen: no visible global function definition for ‘runif’
    getpoly: no visible global function definition for ‘locator’
    getpoly: no visible global function definition for ‘lines’
    kerview: no visible global function definition for ‘par’
    kerview: no visible global function definition for ‘dev.cur’
    kerview: no visible global function definition for ‘quantile’
    kerview: no visible global function definition for ‘heat.colors’
    kerview: no visible global function definition for ‘image’
    kerview: no visible global function definition for ‘dev.off’
    kerview: no visible global function definition for ‘hist’
    kerview: no visible global function definition for ‘locator’
    kerview: no visible global function definition for ‘dev.set’
    kerview: no visible global function definition for ‘title’
    khat: no visible global function definition for ‘chull’
    pcp: no visible global function definition for ‘optim’
    pcp.sim: no visible global function definition for ‘rpois’
    pcp.sim: no visible global function definition for ‘runif’
    pcp.sim: no visible global function definition for ‘rnorm’
    pointmap: no visible global function definition for ‘points’
    polymap: no visible global function definition for ‘polygon’
    rtor.shift: no visible global function definition for ‘runif’
    spkernel2d: no visible global function definition for ‘slot’
    stdiagn: no visible global function definition for ‘par’
    stdiagn: no visible global function definition for ‘title’
    stdiagn: no visible global function definition for ‘persp’
    stdiagn: no visible global function definition for ‘abline’
    stdiagn: no visible global function definition for ‘hist’
    stdiagn: no visible global function definition for ‘lines’
    stdiagn: no visible global function definition for ‘text’
    zoom: no visible global function definition for ‘locator’
    zoom: no visible global function definition for ‘par’
    Undefined global functions or variables:
     abline chull dev.cur dev.off dev.set heat.colors hist identify image
     lines locator optim par persp points polygon quantile rnorm rpois
     runif slot text title
    Consider adding
     importFrom("grDevices", "chull", "dev.cur", "dev.off", "dev.set",
     "heat.colors")
     importFrom("graphics", "abline", "hist", "identify", "image", "lines",
     "locator", "par", "persp", "points", "polygon", "text",
     "title")
     importFrom("methods", "slot")
     importFrom("stats", "optim", "quantile", "rnorm", "rpois", "runif")
    to your NAMESPACE.
Flavors: r-devel-linux-x86_64-debian-clang, r-devel-linux-x86_64-debian-gcc, r-devel-linux-x86_64-fedora-clang, r-devel-linux-x86_64-fedora-gcc, r-devel-windows-ix86+x86_64