CRAN Package Check Results for Package spldv

Last updated on 2022-08-17 02:53:11 CEST.

Flavor Version Tinstall Tcheck Ttotal Status Flags
r-devel-linux-x86_64-debian-clang 0.1.1 48.66 367.85 416.51 OK
r-devel-linux-x86_64-debian-gcc 0.1.1 OK
r-devel-linux-x86_64-fedora-clang 0.1.1 519.26 OK
r-devel-linux-x86_64-fedora-gcc 0.1.1 514.63 OK
r-devel-windows-x86_64 0.1.1 59.00 367.00 426.00 OK
r-patched-linux-x86_64 0.1.1 45.54 355.24 400.78 OK
r-release-linux-x86_64 0.1.1 44.24 357.47 401.71 OK
r-release-macos-arm64 0.1.1 97.00 OK
r-release-macos-x86_64 0.1.1 162.00 OK
r-release-windows-x86_64 0.1.1 39.00 362.00 401.00 OK
r-oldrel-macos-arm64 0.1.1 101.00 OK
r-oldrel-macos-x86_64 0.1.1 137.00 OK
r-oldrel-windows-ix86+x86_64 0.1.1 96.00 391.00 487.00 WARN

Check Details

Version: 0.1.1
Check: loading without being on the library search path
Result: WARN
    Error : memory exhausted (limit reached?)
    Error : cannot allocate vector of size 10 Kb
    Error: cannot allocate vector of size 21 Kb
    Execution halted
    
    It looks like this package has a loading problem when not on .libPaths:
    see the messages for details.
Flavor: r-oldrel-windows-ix86+x86_64