CRAN Package Check Results for Package splithalfr

Last updated on 2020-02-25 04:48:18 CET.

Flavor Version Tinstall Tcheck Ttotal Status Flags
r-devel-linux-x86_64-debian-clang 1.0.10 4.99 69.36 74.35 OK
r-devel-linux-x86_64-debian-gcc 1.0.10 3.58 53.25 56.83 OK
r-devel-linux-x86_64-fedora-clang 1.0.10 93.69 OK
r-devel-linux-x86_64-fedora-gcc 1.0.10 84.25 OK
r-devel-windows-ix86+x86_64 1.0.10 11.00 77.00 88.00 OK
r-devel-windows-ix86+x86_64-gcc8 1.0.10 14.00 76.00 90.00 OK
r-patched-linux-x86_64 1.0.10 3.68 61.31 64.99 OK
r-patched-solaris-x86 1.0.10 108.40 OK
r-release-linux-x86_64 1.0.10 3.39 61.54 64.93 OK
r-release-windows-ix86+x86_64 1.0.10 9.00 82.00 91.00 OK
r-release-osx-x86_64 1.0.10 OK
r-oldrel-osx-x86_64 1.0.10 ERROR

Check Details

Version: 1.0.10
Check: whether package can be installed
Result: ERROR
    Installation failed.
Flavor: r-oldrel-osx-x86_64