CRAN Package Check Results for Package splitstackshape

Last updated on 2017-07-25 01:52:06.

Flavor Version Tinstall Tcheck Ttotal Status Flags
r-devel-linux-x86_64-debian-clang 1.4.2 0.99 26.84 27.82 NOTE
r-devel-linux-x86_64-debian-gcc 1.4.2 1.00 26.13 27.13 NOTE
r-devel-linux-x86_64-fedora-clang 1.4.2 33.04 NOTE
r-devel-linux-x86_64-fedora-gcc 1.4.2 32.15 NOTE
r-devel-windows-ix86+x86_64 1.4.2 6.00 39.00 45.00 NOTE
r-patched-linux-x86_64 1.4.2 0.96 26.85 27.81 NOTE
r-patched-solaris-x86 1.4.2 48.30 NOTE
r-release-linux-x86_64 1.4.2 0.92 26.48 27.40 NOTE
r-release-windows-ix86+x86_64 1.4.2 3.00 51.00 54.00 NOTE
r-release-osx-x86_64 1.4.2 NOTE
r-oldrel-windows-ix86+x86_64 1.4.2 3.00 31.00 34.00 NOTE
r-oldrel-osx-x86_64 1.4.2 NOTE

Check Details

Version: 1.4.2
Check: R code for possible problems
Result: NOTE
    NoSep: no visible global function definition for ‘setNames’
    Reshape: no visible global function definition for ‘setNames’
    Reshape: no visible global function definition for ‘reshape’
    read.concat: no visible global function definition for ‘count.fields’
    read.concat: no visible global function definition for ‘read.table’
    Undefined global functions or variables:
     count.fields read.table reshape setNames
    Consider adding
     importFrom("stats", "reshape", "setNames")
     importFrom("utils", "count.fields", "read.table")
    to your NAMESPACE file.
Flavors: r-devel-linux-x86_64-debian-clang, r-devel-linux-x86_64-debian-gcc, r-devel-linux-x86_64-fedora-clang, r-devel-linux-x86_64-fedora-gcc, r-devel-windows-ix86+x86_64, r-patched-linux-x86_64, r-patched-solaris-x86, r-release-linux-x86_64, r-release-windows-ix86+x86_64, r-release-osx-x86_64, r-oldrel-windows-ix86+x86_64, r-oldrel-osx-x86_64