CRAN Package Check Results for Package splitstackshape

Last updated on 2017-05-26 20:47:55.

Flavor Version Tinstall Tcheck Ttotal Status Flags
r-devel-linux-x86_64-debian-clang 1.4.2 1.17 20.11 21.28 NOTE
r-devel-linux-x86_64-debian-gcc 1.4.2 1.04 21.26 22.30 NOTE
r-devel-linux-x86_64-fedora-clang 1.4.2 34.55 NOTE
r-devel-linux-x86_64-fedora-gcc 1.4.2 31.85 NOTE
r-devel-windows-ix86+x86_64 1.4.2 4.00 35.00 39.00 NOTE
r-patched-linux-x86_64 1.4.2 1.22 20.61 21.83 NOTE
r-patched-solaris-sparc 1.4.2 197.90 NOTE
r-patched-solaris-x86 1.4.2 49.00 NOTE
r-release-linux-x86_64 1.4.2 1.01 19.05 20.05 NOTE
r-release-windows-ix86+x86_64 1.4.2 4.00 33.00 37.00 NOTE
r-release-osx-x86_64 1.4.2 NOTE
r-oldrel-windows-ix86+x86_64 1.4.2 8.00 35.00 43.00 NOTE
r-oldrel-osx-x86_64 1.4.2 NOTE

Check Details

Version: 1.4.2
Check: R code for possible problems
Result: NOTE
    NoSep: no visible global function definition for ‘setNames’
    Reshape: no visible global function definition for ‘setNames’
    Reshape: no visible global function definition for ‘reshape’
    read.concat: no visible global function definition for ‘count.fields’
    read.concat: no visible global function definition for ‘read.table’
    Undefined global functions or variables:
     count.fields read.table reshape setNames
    Consider adding
     importFrom("stats", "reshape", "setNames")
     importFrom("utils", "count.fields", "read.table")
    to your NAMESPACE file.
Flavors: r-devel-linux-x86_64-debian-clang, r-devel-linux-x86_64-debian-gcc, r-devel-linux-x86_64-fedora-clang, r-devel-linux-x86_64-fedora-gcc, r-devel-windows-ix86+x86_64, r-patched-linux-x86_64, r-patched-solaris-sparc, r-patched-solaris-x86, r-release-linux-x86_64, r-release-windows-ix86+x86_64, r-release-osx-x86_64, r-oldrel-windows-ix86+x86_64, r-oldrel-osx-x86_64