CRAN Package Check Results for Package splitstackshape

Last updated on 2014-04-24 15:50:49.

Flavor Version Tinstall Tcheck Ttotal Status Flags
r-devel-linux-x86_64-debian-clang 1.2.0 1.57 19.34 20.90 NOTE
r-devel-linux-x86_64-debian-gcc 1.2.0 1.48 19.57 21.04 NOTE
r-devel-linux-x86_64-fedora-clang 1.2.0 42.17 NOTE
r-devel-linux-x86_64-fedora-gcc 1.2.0 40.26 NOTE
r-devel-osx-x86_64-clang 1.2.0 41.80 NOTE
r-devel-osx-x86_64-gcc 1.2.0 NOTE
r-devel-windows-ix86+x86_64 1.2.0 5.00 28.00 33.00 NOTE
r-patched-linux-x86_64 1.2.0 1.46 19.31 20.77 NOTE
r-patched-solaris-sparc 1.2.0 228.20 NOTE
r-patched-solaris-x86 1.2.0 53.80 NOTE
r-release-linux-ix86 1.2.0 2.00 35.00 37.00 NOTE
r-release-linux-x86_64 1.2.0 1.43 18.96 20.39 NOTE
r-release-osx-x86_64-mavericks 1.2.0 WARN
r-release-osx-x86_64-snowleopard 1.2.0 OK
r-release-windows-ix86+x86_64 1.2.0 5.00 30.00 35.00 NOTE
r-oldrel-windows-ix86+x86_64 1.2.0 5.00 30.00 35.00 NOTE

Check Details

Version: 1.2.0
Check: dependencies in R code
Result: NOTE
    Package in Depends field not imported from: ‘data.table’
     These packages need to be imported from (in the NAMESPACE file)
     for when this namespace is loaded but not attached.
    See the information on DESCRIPTION files in the chapter ‘Creating R
    packages’ of the ‘Writing R Extensions’ manual.
Flavors: r-devel-linux-x86_64-debian-clang, r-devel-linux-x86_64-debian-gcc, r-devel-linux-x86_64-fedora-clang, r-devel-linux-x86_64-fedora-gcc, r-devel-osx-x86_64-clang, r-devel-osx-x86_64-gcc, r-devel-windows-ix86+x86_64, r-patched-linux-x86_64, r-patched-solaris-sparc, r-patched-solaris-x86, r-release-linux-ix86, r-release-linux-x86_64, r-release-osx-x86_64-mavericks, r-release-windows-ix86+x86_64, r-oldrel-windows-ix86+x86_64

Version: 1.2.0
Check: PDF version of manual
Result: WARNING
    LaTeX errors when creating PDF version.
    This typically indicates Rd problems.
    LaTeX errors found:
    ! LaTeX Error: File `upquote.sty' not found.
    
    Type X to quit or <RETURN> to proceed,
    or enter new name. (Default extension: sty)
    
    1d3cc5f/Rd2.tex:8: ==> Fatal error occurred, no output PDF file produced!
Flavor: r-release-osx-x86_64-mavericks