CRAN Package Check Results for Package splitstackshape

Last updated on 2014-12-21 21:47:32.

Flavor Version Tinstall Tcheck Ttotal Status Flags
r-devel-linux-x86_64-debian-clang 1.4.2 1.46 21.39 22.85 OK
r-devel-linux-x86_64-debian-gcc 1.4.2 1.39 20.78 22.16 OK
r-devel-linux-x86_64-fedora-clang 1.4.2 50.10 OK
r-devel-linux-x86_64-fedora-gcc 1.4.2 48.22 OK
r-devel-osx-x86_64-clang 1.4.2 46.82 OK
r-devel-windows-ix86+x86_64 1.4.2 6.00 32.00 38.00 OK
r-patched-linux-x86_64 1.4.2 1.48 22.00 23.49 OK
r-patched-solaris-sparc 1.4.2 248.20 OK
r-patched-solaris-x86 1.4.2 61.40 OK
r-release-linux-ix86 1.4.2 1.86 27.46 29.32 OK
r-release-linux-x86_64 1.4.2 1.50 21.86 23.36 OK
r-release-osx-x86_64-mavericks 1.4.2 OK
r-release-osx-x86_64-snowleopard 1.4.2 ERROR
r-release-windows-ix86+x86_64 1.4.2 6.00 36.00 42.00 OK
r-oldrel-windows-ix86+x86_64 1.4.2 5.00 36.00 41.00 OK

Check Details

Version: 1.4.2
Check: package dependencies
Result: ERROR
    Package required and available but unsuitable version: ‘data.table’
    
    See the information on DESCRIPTION files in the chapter ‘Creating R
    packages’ of the ‘Writing R Extensions’ manual.
Flavor: r-release-osx-x86_64-snowleopard