CRAN Package Check Results for Package splitstackshape

Last updated on 2016-05-29 21:46:54.

Flavor Version Tinstall Tcheck Ttotal Status Flags
r-devel-linux-x86_64-debian-gcc 1.4.2 0.91 15.13 16.04 NOTE
r-devel-linux-x86_64-fedora-clang 1.4.2 27.36 NOTE
r-devel-linux-x86_64-fedora-gcc 1.4.2 25.80 NOTE
r-devel-osx-x86_64-clang 1.4.2 31.34 NOTE
r-devel-windows-ix86+x86_64 1.4.2 3.00 29.00 32.00 NOTE
r-patched-linux-x86_64 1.4.2 0.88 14.73 15.61 NOTE
r-patched-solaris-sparc 1.4.2 177.60 NOTE
r-patched-solaris-x86 1.4.2 39.10 NOTE
r-release-linux-x86_64 1.4.2 0.93 14.85 15.79 NOTE
r-release-osx-x86_64-mavericks 1.4.2 NOTE
r-release-windows-ix86+x86_64 1.4.2 6.00 34.00 40.00 NOTE
r-oldrel-windows-ix86+x86_64 1.4.2 5.00 34.00 39.00 OK

Check Details

Version: 1.4.2
Check: R code for possible problems
Result: NOTE
    NoSep: no visible global function definition for ‘setNames’
    Reshape: no visible global function definition for ‘setNames’
    Reshape: no visible global function definition for ‘reshape’
    read.concat: no visible global function definition for ‘count.fields’
    read.concat: no visible global function definition for ‘read.table’
    Undefined global functions or variables:
     count.fields read.table reshape setNames
    Consider adding
     importFrom("stats", "reshape", "setNames")
     importFrom("utils", "count.fields", "read.table")
    to your NAMESPACE file.
Flavors: r-devel-linux-x86_64-debian-gcc, r-devel-linux-x86_64-fedora-clang, r-devel-linux-x86_64-fedora-gcc, r-devel-osx-x86_64-clang, r-devel-windows-ix86+x86_64, r-patched-linux-x86_64, r-patched-solaris-sparc, r-patched-solaris-x86, r-release-linux-x86_64, r-release-osx-x86_64-mavericks, r-release-windows-ix86+x86_64