CRAN Package Check Results for Package splitstackshape

Last updated on 2017-02-27 09:48:08.

Flavor Version Tinstall Tcheck Ttotal Status Flags
r-devel-linux-x86_64-debian-clang 1.4.2 0.95 18.49 19.44 NOTE
r-devel-linux-x86_64-debian-gcc 1.4.2 0.97 18.56 19.53 NOTE
r-devel-linux-x86_64-fedora-clang 1.4.2 38.45 NOTE --no-stop-on-test-error
r-devel-linux-x86_64-fedora-gcc 1.4.2 32.36 NOTE --no-stop-on-test-error
r-devel-macos-x86_64-clang 1.4.2 28.58 NOTE --no-stop-on-test-error
r-devel-windows-ix86+x86_64 1.4.2 3.00 52.00 55.00 NOTE
r-patched-linux-x86_64 1.4.2 0.85 16.12 16.97 NOTE
r-patched-solaris-sparc 1.4.2 175.90 NOTE
r-patched-solaris-x86 1.4.2 43.40 NOTE
r-release-linux-x86_64 1.4.2 0.89 16.43 17.32 NOTE
r-release-osx-x86_64-mavericks 1.4.2 NOTE
r-release-windows-ix86+x86_64 1.4.2 9.00 47.00 56.00 NOTE
r-oldrel-windows-ix86+x86_64 1.4.2 5.00 69.00 74.00 OK

Check Details

Version: 1.4.2
Check: R code for possible problems
Result: NOTE
    NoSep: no visible global function definition for ‘setNames’
    Reshape: no visible global function definition for ‘setNames’
    Reshape: no visible global function definition for ‘reshape’
    read.concat: no visible global function definition for ‘count.fields’
    read.concat: no visible global function definition for ‘read.table’
    Undefined global functions or variables:
     count.fields read.table reshape setNames
    Consider adding
     importFrom("stats", "reshape", "setNames")
     importFrom("utils", "count.fields", "read.table")
    to your NAMESPACE file.
Flavors: r-devel-linux-x86_64-debian-clang, r-devel-linux-x86_64-debian-gcc, r-devel-windows-ix86+x86_64, r-patched-linux-x86_64, r-patched-solaris-sparc, r-patched-solaris-x86, r-release-linux-x86_64, r-release-osx-x86_64-mavericks, r-release-windows-ix86+x86_64

Version: 1.4.2
Flags: --no-stop-on-test-error
Check: R code for possible problems
Result: NOTE
    NoSep: no visible global function definition for ‘setNames’
    Reshape: no visible global function definition for ‘setNames’
    Reshape: no visible global function definition for ‘reshape’
    read.concat: no visible global function definition for ‘count.fields’
    read.concat: no visible global function definition for ‘read.table’
    Undefined global functions or variables:
     count.fields read.table reshape setNames
    Consider adding
     importFrom("stats", "reshape", "setNames")
     importFrom("utils", "count.fields", "read.table")
    to your NAMESPACE file.
Flavors: r-devel-linux-x86_64-fedora-clang, r-devel-linux-x86_64-fedora-gcc, r-devel-macos-x86_64-clang