CRAN Package Check Results for Package splitstackshape

Last updated on 2016-02-06 02:50:03.

Flavor Version Tinstall Tcheck Ttotal Status Flags
r-devel-linux-x86_64-debian-gcc 1.4.2 0.89 13.93 14.82 NOTE
r-devel-linux-x86_64-fedora-clang 1.4.2 27.42 NOTE
r-devel-linux-x86_64-fedora-gcc 1.4.2 25.51 NOTE
r-devel-osx-x86_64-clang 1.4.2 30.90 OK
r-devel-windows-ix86+x86_64 1.4.2 5.00 31.00 36.00 NOTE
r-patched-linux-x86_64 1.4.2 0.98 14.83 15.81 OK
r-patched-solaris-sparc 1.4.2 181.00 OK
r-patched-solaris-x86 1.4.2 42.40 OK
r-release-linux-x86_64 1.4.2 0.93 14.62 15.55 OK
r-release-osx-x86_64-mavericks 1.4.2 OK
r-release-windows-ix86+x86_64 1.4.2 5.00 39.00 44.00 OK
r-oldrel-windows-ix86+x86_64 1.4.2 7.00 43.00 50.00 OK

Check Details

Version: 1.4.2
Check: R code for possible problems
Result: NOTE
    NoSep: no visible global function definition for ‘setNames’
    Reshape: no visible global function definition for ‘setNames’
    Reshape: no visible global function definition for ‘reshape’
    read.concat: no visible global function definition for ‘count.fields’
    read.concat: no visible global function definition for ‘read.table’
    Undefined global functions or variables:
     count.fields read.table reshape setNames
    Consider adding
     importFrom("stats", "reshape", "setNames")
     importFrom("utils", "count.fields", "read.table")
    to your NAMESPACE.
Flavors: r-devel-linux-x86_64-debian-gcc, r-devel-linux-x86_64-fedora-clang, r-devel-linux-x86_64-fedora-gcc, r-devel-windows-ix86+x86_64