CRAN Package Check Results for Package splitstackshape

Last updated on 2015-01-25 09:51:40.

Flavor Version Tinstall Tcheck Ttotal Status Flags
r-devel-linux-x86_64-debian-clang 1.4.2 1.52 21.33 22.85 OK
r-devel-linux-x86_64-debian-gcc 1.4.2 1.36 20.70 22.06 OK
r-devel-linux-x86_64-fedora-clang 1.4.2 48.49 OK
r-devel-linux-x86_64-fedora-gcc 1.4.2 46.85 OK
r-devel-osx-x86_64-clang 1.4.2 46.60 OK
r-devel-windows-ix86+x86_64 1.4.2 6.00 33.00 39.00 OK
r-patched-linux-x86_64 1.4.2 1.48 21.94 23.42 OK
r-patched-solaris-sparc 1.4.2 271.80 OK
r-patched-solaris-x86 1.4.2 61.40 OK
r-release-linux-ix86 1.4.2 1.86 27.49 29.36 OK
r-release-linux-x86_64 1.4.2 2.06 22.08 24.14 OK
r-release-osx-x86_64-mavericks 1.4.2 OK
r-release-osx-x86_64-snowleopard 1.4.2 ERROR
r-release-windows-ix86+x86_64 1.4.2 7.00 36.00 43.00 OK
r-oldrel-windows-ix86+x86_64 1.4.2 5.00 39.00 44.00 OK

Check Details

Version: 1.4.2
Check: package dependencies
Result: ERROR
    Package required and available but unsuitable version: ‘data.table’
    
    See the information on DESCRIPTION files in the chapter ‘Creating R
    packages’ of the ‘Writing R Extensions’ manual.
Flavor: r-release-osx-x86_64-snowleopard