CRAN Package Check Results for Package splitstackshape

Last updated on 2014-09-16 14:47:43.

Flavor Version Tinstall Tcheck Ttotal Status Flags
r-devel-linux-x86_64-debian-clang 1.2.0 1.31 17.61 18.92 NOTE
r-devel-linux-x86_64-debian-gcc 1.2.0 1.41 17.31 18.72 NOTE
r-devel-linux-x86_64-fedora-clang 1.2.0 39.57 NOTE
r-devel-linux-x86_64-fedora-gcc 1.2.0 36.49 NOTE
r-devel-osx-x86_64-clang 1.2.0 41.13 NOTE
r-devel-windows-ix86+x86_64 1.2.0 5.00 26.00 31.00 NOTE
r-patched-linux-x86_64 1.2.0 1.42 17.66 19.08 NOTE
r-patched-solaris-sparc 1.2.0 246.50 NOTE
r-patched-solaris-x86 1.2.0 53.90 NOTE
r-release-linux-ix86 1.2.0 1.83 25.37 27.20 NOTE
r-release-linux-x86_64 1.2.0 1.47 18.14 19.61 NOTE
r-release-osx-x86_64-mavericks 1.2.0 NOTE
r-release-osx-x86_64-snowleopard 1.2.0 OK
r-release-windows-ix86+x86_64 1.2.0 5.00 33.00 38.00 NOTE
r-oldrel-windows-ix86+x86_64 1.2.0 5.00 32.00 37.00 NOTE

Check Details

Version: 1.2.0
Check: dependencies in R code
Result: NOTE
    Package in Depends field not imported from: ‘data.table’
     These packages need to be imported from (in the NAMESPACE file)
     for when this namespace is loaded but not attached.
    See the information on DESCRIPTION files in the chapter ‘Creating R
    packages’ of the ‘Writing R Extensions’ manual.
Flavors: r-devel-linux-x86_64-debian-clang, r-devel-linux-x86_64-debian-gcc, r-devel-linux-x86_64-fedora-clang, r-devel-linux-x86_64-fedora-gcc, r-devel-osx-x86_64-clang, r-devel-windows-ix86+x86_64, r-patched-linux-x86_64, r-patched-solaris-sparc, r-patched-solaris-x86, r-release-linux-ix86, r-release-linux-x86_64, r-release-osx-x86_64-mavericks, r-release-windows-ix86+x86_64, r-oldrel-windows-ix86+x86_64

Version: 1.2.0
Check: R code for possible problems
Result: NOTE
    Stacked: no visible global function definition for ‘is.data.table’
    Stacked: no visible global function definition for ‘data.table’
    Stacked: no visible global function definition for ‘setnames’
    Stacked: no visible global function definition for ‘setkeyv’
    Stacked: no visible global function definition for ‘key’
    Stacked: no visible global function definition for ‘setcolorder’
Flavors: r-devel-linux-x86_64-debian-clang, r-devel-linux-x86_64-debian-gcc, r-devel-linux-x86_64-fedora-clang, r-devel-linux-x86_64-fedora-gcc, r-devel-osx-x86_64-clang, r-devel-windows-ix86+x86_64