CRAN Package Check Results for Package splitstackshape

Last updated on 2015-09-02 23:47:12.

Flavor Version Tinstall Tcheck Ttotal Status Flags
r-devel-linux-x86_64-debian-clang 1.4.2 1.10 16.75 17.86 NOTE
r-devel-linux-x86_64-debian-gcc 1.4.2 1.12 16.88 18.00 NOTE
r-devel-linux-x86_64-fedora-clang 1.4.2 35.22 NOTE
r-devel-linux-x86_64-fedora-gcc 1.4.2 33.05 NOTE
r-devel-osx-x86_64-clang 1.4.2 30.79 OK
r-devel-windows-ix86+x86_64 1.4.2 7.00 34.00 41.00 NOTE
r-patched-linux-x86_64 1.4.2 1.22 17.15 18.37 OK
r-patched-solaris-sparc 1.4.2 247.90 OK
r-patched-solaris-x86 1.4.2 54.30 OK
r-release-linux-x86_64 1.4.2 1.27 17.70 18.97 OK
r-release-osx-x86_64-mavericks 1.4.2 OK
r-release-windows-ix86+x86_64 1.4.2 7.00 51.00 58.00 OK
r-oldrel-windows-ix86+x86_64 1.4.2 11.00 59.00 70.00 OK

Check Details

Version: 1.4.2
Check: R code for possible problems
Result: NOTE
    NoSep: no visible global function definition for ‘setNames’
    Reshape: no visible global function definition for ‘setNames’
    Reshape: no visible global function definition for ‘reshape’
    read.concat: no visible global function definition for ‘count.fields’
    read.concat: no visible global function definition for ‘read.table’
    Undefined global functions or variables:
     count.fields read.table reshape setNames
    Consider adding
     importFrom("stats", "reshape", "setNames")
     importFrom("utils", "count.fields", "read.table")
    to your NAMESPACE.
Flavors: r-devel-linux-x86_64-debian-clang, r-devel-linux-x86_64-debian-gcc, r-devel-linux-x86_64-fedora-clang, r-devel-linux-x86_64-fedora-gcc, r-devel-windows-ix86+x86_64