CRAN Package Check Results for Package splitstackshape

Last updated on 2015-03-02 05:47:53.

Flavor Version Tinstall Tcheck Ttotal Status Flags
r-devel-linux-x86_64-debian-clang 1.4.2 1.25 18.08 19.33 OK
r-devel-linux-x86_64-debian-gcc 1.4.2 1.16 16.44 17.60 OK
r-devel-linux-x86_64-fedora-clang 1.4.2 35.50 OK
r-devel-linux-x86_64-fedora-gcc 1.4.2 35.25 OK
r-devel-osx-x86_64-clang 1.4.2 38.57 OK
r-devel-windows-ix86+x86_64 1.4.2 7.00 37.00 44.00 OK
r-patched-linux-x86_64 1.4.2 1.66 22.80 24.45 OK
r-patched-solaris-sparc 1.4.2 271.80 OK
r-patched-solaris-x86 1.4.2 63.20 OK
r-release-linux-ix86 1.4.2 1.85 31.21 33.06 OK
r-release-linux-x86_64 1.4.2 1.67 22.87 24.54 OK
r-release-osx-x86_64-mavericks 1.4.2 OK
r-release-osx-x86_64-snowleopard 1.4.2 ERROR
r-release-windows-ix86+x86_64 1.4.2 11.00 50.00 61.00 OK
r-oldrel-windows-ix86+x86_64 1.4.2 6.00 38.00 44.00 OK

Check Details

Version: 1.4.2
Check: package dependencies
Result: ERROR
    Package required and available but unsuitable version: ‘data.table’
    
    See section ‘The DESCRIPTION file’ in the ‘Writing R Extensions’
    manual.
Flavor: r-release-osx-x86_64-snowleopard