CRAN Package Check Results for Package splitstackshape

Last updated on 2016-08-24 06:47:58.

Flavor Version Tinstall Tcheck Ttotal Status Flags
r-devel-linux-x86_64-debian-clang 1.4.2 0.80 15.57 16.37 NOTE
r-devel-linux-x86_64-debian-gcc 1.4.2 0.85 15.51 16.36 NOTE
r-devel-linux-x86_64-fedora-clang 1.4.2 30.14 NOTE
r-devel-linux-x86_64-fedora-gcc 1.4.2 27.31 NOTE
r-devel-osx-x86_64-clang 1.4.2 24.88 NOTE
r-devel-windows-ix86+x86_64 1.4.2 5.00 49.00 54.00 NOTE
r-patched-linux-x86_64 1.4.2 0.85 15.47 16.32 NOTE
r-patched-solaris-sparc 1.4.2 176.40 NOTE
r-patched-solaris-x86 1.4.2 38.90 NOTE
r-release-linux-x86_64 1.4.2 0.86 15.37 16.24 NOTE
r-release-osx-x86_64-mavericks 1.4.2 NOTE
r-release-windows-ix86+x86_64 1.4.2 5.00 45.00 50.00 NOTE
r-oldrel-windows-ix86+x86_64 1.4.2 5.00 33.00 38.00 OK

Check Details

Version: 1.4.2
Check: R code for possible problems
Result: NOTE
    NoSep: no visible global function definition for ‘setNames’
    Reshape: no visible global function definition for ‘setNames’
    Reshape: no visible global function definition for ‘reshape’
    read.concat: no visible global function definition for ‘count.fields’
    read.concat: no visible global function definition for ‘read.table’
    Undefined global functions or variables:
     count.fields read.table reshape setNames
    Consider adding
     importFrom("stats", "reshape", "setNames")
     importFrom("utils", "count.fields", "read.table")
    to your NAMESPACE file.
Flavors: r-devel-linux-x86_64-debian-clang, r-devel-linux-x86_64-debian-gcc, r-devel-linux-x86_64-fedora-clang, r-devel-linux-x86_64-fedora-gcc, r-devel-osx-x86_64-clang, r-devel-windows-ix86+x86_64, r-patched-linux-x86_64, r-patched-solaris-sparc, r-patched-solaris-x86, r-release-linux-x86_64, r-release-osx-x86_64-mavericks, r-release-windows-ix86+x86_64