CRAN Package Check Results for Package splitstackshape

Last updated on 2014-07-25 10:52:06.

Flavor Version Tinstall Tcheck Ttotal Status Flags
r-devel-linux-x86_64-debian-clang 1.2.0 1.40 17.99 19.40 NOTE
r-devel-linux-x86_64-debian-gcc 1.2.0 1.37 17.55 18.92 NOTE
r-devel-linux-x86_64-fedora-clang 1.2.0 42.36 NOTE
r-devel-linux-x86_64-fedora-gcc 1.2.0 39.20 NOTE
r-devel-osx-x86_64-clang 1.2.0 40.69 NOTE
r-devel-windows-ix86+x86_64 1.2.0 5.00 29.00 34.00 NOTE
r-patched-linux-x86_64 1.2.0 1.44 18.55 19.99 NOTE
r-patched-solaris-sparc 1.2.0 228.20 NOTE
r-patched-solaris-x86 1.2.0 54.20 NOTE
r-release-linux-ix86 1.2.0 1.83 24.58 26.41 NOTE
r-release-linux-x86_64 1.2.0 1.42 18.27 19.69 NOTE
r-release-osx-x86_64-mavericks 1.2.0 NOTE
r-release-osx-x86_64-snowleopard 1.2.0 OK
r-release-windows-ix86+x86_64 1.2.0 5.00 29.00 34.00 NOTE
r-oldrel-windows-ix86+x86_64 1.2.0 5.00 30.00 35.00 NOTE

Check Details

Version: 1.2.0
Check: dependencies in R code
Result: NOTE
    Package in Depends field not imported from: ‘data.table’
     These packages need to be imported from (in the NAMESPACE file)
     for when this namespace is loaded but not attached.
    See the information on DESCRIPTION files in the chapter ‘Creating R
    packages’ of the ‘Writing R Extensions’ manual.
Flavors: r-devel-linux-x86_64-debian-clang, r-devel-linux-x86_64-debian-gcc, r-devel-linux-x86_64-fedora-clang, r-devel-linux-x86_64-fedora-gcc, r-devel-osx-x86_64-clang, r-devel-windows-ix86+x86_64, r-patched-linux-x86_64, r-patched-solaris-sparc, r-patched-solaris-x86, r-release-linux-ix86, r-release-linux-x86_64, r-release-osx-x86_64-mavericks, r-release-windows-ix86+x86_64, r-oldrel-windows-ix86+x86_64