CRAN Package Check Results for Package splitstackshape

Last updated on 2014-10-25 01:49:53.

Flavor Version Tinstall Tcheck Ttotal Status Flags
r-devel-linux-x86_64-debian-clang 1.4.2 1.48 21.86 23.34 OK
r-devel-linux-x86_64-debian-gcc 1.4.2 1.58 21.02 22.60 OK
r-devel-linux-x86_64-fedora-clang 1.4.2 25.17 OK
r-devel-linux-x86_64-fedora-gcc 1.4.2 29.69 OK
r-devel-osx-x86_64-clang 1.4.2 46.91 OK
r-devel-windows-ix86+x86_64 1.4.2 5.00 34.00 39.00 OK
r-patched-linux-x86_64 1.4.0 1.51 21.44 22.95 OK
r-patched-solaris-sparc 1.4.2 248.20 OK
r-patched-solaris-x86 1.4.2 61.90 OK
r-release-linux-ix86 1.2.0 1.82 25.88 27.70 NOTE
r-release-linux-x86_64 1.2.0 1.55 18.67 20.22 NOTE
r-release-osx-x86_64-mavericks 1.4.2 OK
r-release-osx-x86_64-snowleopard 1.4.2 ERROR
r-release-windows-ix86+x86_64 1.4.2 7.00 37.00 44.00 OK
r-oldrel-windows-ix86+x86_64 1.4.2 6.00 47.00 53.00 OK

Check Details

Version: 1.2.0
Check: dependencies in R code
Result: NOTE
    Package in Depends field not imported from: ‘data.table’
     These packages need to be imported from (in the NAMESPACE file)
     for when this namespace is loaded but not attached.
    See the information on DESCRIPTION files in the chapter ‘Creating R
    packages’ of the ‘Writing R Extensions’ manual.
Flavors: r-release-linux-ix86, r-release-linux-x86_64

Version: 1.4.2
Check: package dependencies
Result: ERROR
    Package required and available but unsuitable version: ‘data.table’
    
    See the information on DESCRIPTION files in the chapter ‘Creating R
    packages’ of the ‘Writing R Extensions’ manual.
Flavor: r-release-osx-x86_64-snowleopard