CRAN Package Check Results for Package splitstackshape

Last updated on 2017-01-22 12:48:14.

Flavor Version Tinstall Tcheck Ttotal Status Flags
r-devel-linux-x86_64-debian-clang 1.4.2 0.95 18.57 19.51 NOTE
r-devel-linux-x86_64-debian-gcc 1.4.2 1.05 17.94 18.99 NOTE
r-devel-linux-x86_64-fedora-clang 1.4.2 32.83 NOTE --no-stop-on-test-error
r-devel-linux-x86_64-fedora-gcc 1.4.2 31.40 NOTE --no-stop-on-test-error
r-devel-macos-x86_64-clang 1.4.2 27.50 NOTE --no-stop-on-test-error
r-devel-windows-ix86+x86_64 1.4.2 7.00 50.00 57.00 NOTE
r-patched-linux-x86_64 1.4.2 0.83 16.42 17.25 NOTE
r-patched-solaris-sparc 1.4.2 175.90 NOTE
r-patched-solaris-x86 1.4.2 42.00 NOTE
r-release-linux-x86_64 1.4.2 0.98 15.71 16.69 NOTE
r-release-osx-x86_64-mavericks 1.4.2 NOTE
r-release-windows-ix86+x86_64 1.4.2 8.00 36.00 44.00 NOTE
r-oldrel-windows-ix86+x86_64 1.4.2 9.00 43.00 52.00 OK

Check Details

Version: 1.4.2
Check: R code for possible problems
Result: NOTE
    NoSep: no visible global function definition for ‘setNames’
    Reshape: no visible global function definition for ‘setNames’
    Reshape: no visible global function definition for ‘reshape’
    read.concat: no visible global function definition for ‘count.fields’
    read.concat: no visible global function definition for ‘read.table’
    Undefined global functions or variables:
     count.fields read.table reshape setNames
    Consider adding
     importFrom("stats", "reshape", "setNames")
     importFrom("utils", "count.fields", "read.table")
    to your NAMESPACE file.
Flavors: r-devel-linux-x86_64-debian-clang, r-devel-linux-x86_64-debian-gcc, r-devel-windows-ix86+x86_64, r-patched-linux-x86_64, r-patched-solaris-sparc, r-patched-solaris-x86, r-release-linux-x86_64, r-release-osx-x86_64-mavericks, r-release-windows-ix86+x86_64

Version: 1.4.2
Flags: --no-stop-on-test-error
Check: R code for possible problems
Result: NOTE
    NoSep: no visible global function definition for ‘setNames’
    Reshape: no visible global function definition for ‘setNames’
    Reshape: no visible global function definition for ‘reshape’
    read.concat: no visible global function definition for ‘count.fields’
    read.concat: no visible global function definition for ‘read.table’
    Undefined global functions or variables:
     count.fields read.table reshape setNames
    Consider adding
     importFrom("stats", "reshape", "setNames")
     importFrom("utils", "count.fields", "read.table")
    to your NAMESPACE file.
Flavors: r-devel-linux-x86_64-fedora-clang, r-devel-linux-x86_64-fedora-gcc, r-devel-macos-x86_64-clang