CRAN Package Check Results for Package splitstackshape

Last updated on 2015-07-29 06:48:04.

Flavor Version Tinstall Tcheck Ttotal Status Flags
r-devel-linux-x86_64-debian-clang 1.4.2 1.20 17.79 18.98 NOTE
r-devel-linux-x86_64-debian-gcc 1.4.2 1.16 17.24 18.40 NOTE
r-devel-linux-x86_64-fedora-clang 1.4.2 36.76 NOTE
r-devel-linux-x86_64-fedora-gcc 1.4.2 34.12 NOTE
r-devel-osx-x86_64-clang 1.4.2 31.41 OK
r-devel-windows-ix86+x86_64 1.4.2 4.00 27.00 31.00 NOTE
r-patched-linux-x86_64 1.4.2 1.20 17.68 18.89 OK
r-patched-solaris-sparc 1.4.2 247.90 OK
r-patched-solaris-x86 1.4.2 52.80 OK
r-release-linux-x86_64 1.4.2 1.18 17.70 18.88 OK
r-release-osx-x86_64-mavericks 1.4.2 OK
r-release-windows-ix86+x86_64 1.4.2 6.00 31.00 37.00 OK
r-oldrel-windows-ix86+x86_64 1.4.2 7.00 42.00 49.00 OK

Check Details

Version: 1.4.2
Check: R code for possible problems
Result: NOTE
    NoSep: no visible global function definition for ‘setNames’
    Reshape: no visible global function definition for ‘setNames’
    Reshape: no visible global function definition for ‘reshape’
    read.concat: no visible global function definition for ‘count.fields’
    read.concat: no visible global function definition for ‘read.table’
    Undefined global functions or variables:
     count.fields read.table reshape setNames
    Consider adding
     importFrom("stats", "reshape", "setNames")
     importFrom("utils", "count.fields", "read.table")
    to your NAMESPACE.
Flavors: r-devel-linux-x86_64-debian-clang, r-devel-linux-x86_64-debian-gcc, r-devel-linux-x86_64-fedora-clang, r-devel-linux-x86_64-fedora-gcc, r-devel-windows-ix86+x86_64