CRAN Package Check Results for Package splitstackshape

Last updated on 2016-07-28 21:48:10.

Flavor Version Tinstall Tcheck Ttotal Status Flags
r-devel-linux-x86_64-debian-clang 1.4.2 1.22 18.35 19.58 NOTE
r-devel-linux-x86_64-debian-gcc 1.4.2 1.29 14.96 16.25 NOTE
r-devel-linux-x86_64-fedora-clang 1.4.2 27.22 NOTE
r-devel-linux-x86_64-fedora-gcc 1.4.2 25.99 NOTE
r-devel-osx-x86_64-clang 1.4.2 24.58 NOTE
r-devel-windows-ix86+x86_64 1.4.2 5.00 44.00 49.00 NOTE
r-patched-linux-x86_64 1.4.2 1.02 18.40 19.41 NOTE
r-patched-solaris-sparc 1.4.2 176.40 NOTE
r-patched-solaris-x86 1.4.2 41.70 NOTE
r-release-linux-x86_64 1.4.2 1.30 18.09 19.39 NOTE
r-release-osx-x86_64-mavericks 1.4.2 NOTE
r-release-windows-ix86+x86_64 1.4.2 5.00 44.00 49.00 NOTE
r-oldrel-windows-ix86+x86_64 1.4.2 5.00 44.00 49.00 OK

Check Details

Version: 1.4.2
Check: R code for possible problems
Result: NOTE
    NoSep: no visible global function definition for ‘setNames’
    Reshape: no visible global function definition for ‘setNames’
    Reshape: no visible global function definition for ‘reshape’
    read.concat: no visible global function definition for ‘count.fields’
    read.concat: no visible global function definition for ‘read.table’
    Undefined global functions or variables:
     count.fields read.table reshape setNames
    Consider adding
     importFrom("stats", "reshape", "setNames")
     importFrom("utils", "count.fields", "read.table")
    to your NAMESPACE file.
Flavors: r-devel-linux-x86_64-debian-clang, r-devel-linux-x86_64-debian-gcc, r-devel-linux-x86_64-fedora-clang, r-devel-linux-x86_64-fedora-gcc, r-devel-osx-x86_64-clang, r-devel-windows-ix86+x86_64, r-patched-linux-x86_64, r-patched-solaris-sparc, r-patched-solaris-x86, r-release-linux-x86_64, r-release-osx-x86_64-mavericks, r-release-windows-ix86+x86_64