CRAN Package Check Results for Package splitstackshape

Last updated on 2016-12-09 23:49:59.

Flavor Version Tinstall Tcheck Ttotal Status Flags
r-devel-linux-x86_64-debian-clang 1.4.2 1.07 19.35 20.42 NOTE
r-devel-linux-x86_64-debian-gcc 1.4.2 0.97 18.32 19.29 NOTE
r-devel-linux-x86_64-fedora-clang 1.4.2 35.40 NOTE --no-stop-on-test-error
r-devel-linux-x86_64-fedora-gcc 1.4.2 33.15 NOTE --no-stop-on-test-error
r-devel-macos-x86_64-clang 1.4.2 28.20 NOTE --no-stop-on-test-error
r-devel-windows-ix86+x86_64 1.4.2 4.00 49.00 53.00 NOTE
r-patched-linux-x86_64 1.4.2 0.80 16.13 16.93 NOTE
r-patched-solaris-sparc 1.4.2 176.40 NOTE
r-patched-solaris-x86 1.4.2 41.20 NOTE
r-release-linux-x86_64 1.4.2 0.85 15.63 16.49 NOTE
r-release-osx-x86_64-mavericks 1.4.2 NOTE
r-release-windows-ix86+x86_64 1.4.2 2.00 31.00 33.00 NOTE
r-oldrel-windows-ix86+x86_64 1.4.2 7.00 32.00 39.00 OK

Check Details

Version: 1.4.2
Check: R code for possible problems
Result: NOTE
    NoSep: no visible global function definition for ‘setNames’
    Reshape: no visible global function definition for ‘setNames’
    Reshape: no visible global function definition for ‘reshape’
    read.concat: no visible global function definition for ‘count.fields’
    read.concat: no visible global function definition for ‘read.table’
    Undefined global functions or variables:
     count.fields read.table reshape setNames
    Consider adding
     importFrom("stats", "reshape", "setNames")
     importFrom("utils", "count.fields", "read.table")
    to your NAMESPACE file.
Flavors: r-devel-linux-x86_64-debian-clang, r-devel-linux-x86_64-debian-gcc, r-devel-windows-ix86+x86_64, r-patched-linux-x86_64, r-patched-solaris-sparc, r-patched-solaris-x86, r-release-linux-x86_64, r-release-osx-x86_64-mavericks, r-release-windows-ix86+x86_64

Version: 1.4.2
Flags: --no-stop-on-test-error
Check: R code for possible problems
Result: NOTE
    NoSep: no visible global function definition for ‘setNames’
    Reshape: no visible global function definition for ‘setNames’
    Reshape: no visible global function definition for ‘reshape’
    read.concat: no visible global function definition for ‘count.fields’
    read.concat: no visible global function definition for ‘read.table’
    Undefined global functions or variables:
     count.fields read.table reshape setNames
    Consider adding
     importFrom("stats", "reshape", "setNames")
     importFrom("utils", "count.fields", "read.table")
    to your NAMESPACE file.
Flavors: r-devel-linux-x86_64-fedora-clang, r-devel-linux-x86_64-fedora-gcc, r-devel-macos-x86_64-clang