CRAN Package Check Results for Package splitstackshape

Last updated on 2017-11-24 18:51:01 CET.

Flavor Version Tinstall Tcheck Ttotal Status Flags
r-devel-linux-x86_64-debian-clang 1.4.2 1.23 46.22 47.45 NOTE
r-devel-linux-x86_64-debian-gcc 1.4.2 1.04 42.90 43.94 NOTE
r-devel-linux-x86_64-fedora-clang 1.4.2 30.84 NOTE
r-devel-linux-x86_64-fedora-gcc 1.4.2 29.55 NOTE
r-devel-windows-ix86+x86_64 1.4.2 3.00 51.00 54.00 NOTE
r-patched-linux-x86_64 1.4.2 1.61 46.68 48.29 NOTE
r-patched-solaris-x86 1.4.2 44.20 NOTE
r-release-linux-x86_64 1.4.2 1.40 51.33 52.73 NOTE
r-release-windows-ix86+x86_64 1.4.2 3.00 54.00 57.00 NOTE
r-release-osx-x86_64 1.4.2 NOTE
r-oldrel-windows-ix86+x86_64 1.4.2 3.00 37.00 40.00 NOTE
r-oldrel-osx-x86_64 1.4.2 NOTE

Check Details

Version: 1.4.2
Check: R code for possible problems
Result: NOTE
    NoSep: no visible global function definition for ‘setNames’
    Reshape: no visible global function definition for ‘setNames’
    Reshape: no visible global function definition for ‘reshape’
    read.concat: no visible global function definition for ‘count.fields’
    read.concat: no visible global function definition for ‘read.table’
    Undefined global functions or variables:
     count.fields read.table reshape setNames
    Consider adding
     importFrom("stats", "reshape", "setNames")
     importFrom("utils", "count.fields", "read.table")
    to your NAMESPACE file.
Flavors: r-devel-linux-x86_64-debian-clang, r-devel-linux-x86_64-debian-gcc, r-devel-linux-x86_64-fedora-clang, r-devel-linux-x86_64-fedora-gcc, r-devel-windows-ix86+x86_64, r-patched-linux-x86_64, r-patched-solaris-x86, r-release-linux-x86_64, r-release-windows-ix86+x86_64, r-release-osx-x86_64, r-oldrel-windows-ix86+x86_64, r-oldrel-osx-x86_64