CRAN Package Check Results for Package splitstackshape

Last updated on 2015-05-29 07:48:14.

Flavor Version Tinstall Tcheck Ttotal Status Flags
r-devel-linux-x86_64-debian-clang 1.4.2 1.28 17.99 19.27 OK
r-devel-linux-x86_64-debian-gcc 1.4.2 1.31 17.30 18.61 OK
r-devel-linux-x86_64-fedora-clang 1.4.2 36.98 OK
r-devel-linux-x86_64-fedora-gcc 1.4.2 35.45 OK
r-devel-osx-x86_64-clang 1.4.2 41.24 OK
r-devel-windows-ix86+x86_64 1.4.2 4.00 30.00 34.00 OK
r-patched-linux-x86_64 1.4.2 1.18 17.10 18.27 OK
r-patched-solaris-sparc 1.4.2 240.70 OK
r-patched-solaris-x86 1.4.2 52.30 OK
r-release-linux-x86_64 1.4.2 1.17 17.98 19.16 OK
r-release-osx-x86_64-mavericks 1.4.2 OK
r-release-osx-x86_64-snowleopard 1.4.2 NOTE
r-release-windows-ix86+x86_64 1.4.2 4.00 30.00 34.00 OK
r-oldrel-windows-ix86+x86_64 1.4.2 6.00 39.00 45.00 OK

Check Details

Version: 1.4.2
Check: Rd cross-references
Result: NOTE
    Package unavailable to check Rd xrefs: ‘dplyr’
Flavor: r-release-osx-x86_64-snowleopard