CRAN Package Check Results for Package splm

Last updated on 2015-03-30 00:48:33.

Flavor Version Tinstall Tcheck Ttotal Status Flags
r-devel-linux-x86_64-debian-clang 1.3-7 4.85 72.91 77.76 NOTE
r-devel-linux-x86_64-debian-gcc 1.3-7 4.58 74.77 79.35 NOTE
r-devel-linux-x86_64-fedora-clang 1.3-7 159.77 NOTE
r-devel-linux-x86_64-fedora-gcc 1.3-7 156.79 NOTE
r-devel-osx-x86_64-clang 1.3-7 154.24 NOTE
r-prerel-windows-ix86+x86_64 1.3-7 13.00 103.00 116.00 OK
r-prerel-linux-x86_64 1.3-7 4.55 71.86 76.42 NOTE
r-prerel-solaris-sparc 1.3-7 915.90 OK
r-prerel-solaris-x86 1.3-7 193.30 OK
r-release-linux-x86_64 1.3-7 7.29 100.69 107.98 OK
r-release-osx-x86_64-mavericks 1.3-7 OK
r-release-osx-x86_64-snowleopard 1.3-7 OK
r-release-windows-ix86+x86_64 1.3-7 21.00 147.00 168.00 OK
r-oldrel-windows-ix86+x86_64 1.3-7 18.00 134.00 152.00 OK

Check Details

Version: 1.3-7
Check: S3 generic/method consistency
Result: NOTE
    Found the following apparent S3 methods exported but not registered:
     summary.splm
    See section ‘Registering S3 methods’ in the ‘Writing R Extensions’
    manual.
Flavors: r-devel-linux-x86_64-debian-clang, r-devel-linux-x86_64-debian-gcc, r-devel-linux-x86_64-fedora-clang, r-devel-linux-x86_64-fedora-gcc, r-devel-osx-x86_64-clang, r-prerel-linux-x86_64