CRAN Package Check Results for Package splm

Last updated on 2014-04-24 17:49:54.

Flavor Version Tinstall Tcheck Ttotal Status Flags
r-devel-linux-x86_64-debian-clang 1.1-0 7.24 99.26 106.50 NOTE
r-devel-linux-x86_64-debian-gcc 1.1-0 7.32 99.04 106.36 NOTE
r-devel-linux-x86_64-fedora-clang 1.1-0 241.55 NOTE
r-devel-linux-x86_64-fedora-gcc 1.1-0 234.12 NOTE
r-devel-osx-x86_64-clang 1.1-0 201.03 NOTE
r-devel-osx-x86_64-gcc 1.1-0 ERROR
r-devel-windows-ix86+x86_64 1.1-0 23.00 128.00 151.00 NOTE
r-patched-linux-x86_64 1.1-0 7.19 98.19 105.38 NOTE
r-patched-solaris-sparc 1.1-0 1217.40 NOTE
r-patched-solaris-x86 1.1-0 278.90 NOTE
r-release-linux-ix86 1.1-0 11.00 152.00 163.00 NOTE
r-release-linux-x86_64 1.1-0 7.37 98.28 105.65 NOTE
r-release-osx-x86_64-mavericks 1.1-0 ERROR
r-release-osx-x86_64-snowleopard 1.1-0 NOTE
r-release-windows-ix86+x86_64 1.1-0 20.00 145.00 165.00 NOTE
r-oldrel-windows-ix86+x86_64 1.1-0 21.00 124.00 145.00 NOTE

Check Details

Version: 1.1-0
Check: package dependencies
Result: NOTE
    Depends: includes the non-default packages:
     ‘MASS’ ‘nlme’ ‘spdep’ ‘plm’ ‘Matrix’ ‘bdsmatrix’ ‘spam’ ‘ibdreg’
     ‘car’ ‘lmtest’ ‘Ecdat’ ‘maxLik’
    Adding so many packages to the search path is excessive and importing
    selectively is preferable.
Flavors: r-devel-linux-x86_64-debian-clang, r-devel-linux-x86_64-debian-gcc, r-devel-linux-x86_64-fedora-clang, r-devel-linux-x86_64-fedora-gcc, r-devel-osx-x86_64-clang, r-devel-windows-ix86+x86_64, r-patched-linux-x86_64, r-patched-solaris-sparc, r-patched-solaris-x86, r-release-linux-ix86, r-release-linux-x86_64, r-release-osx-x86_64-snowleopard, r-release-windows-ix86+x86_64

Version: 1.1-0
Check: dependencies in R code
Result: NOTE
    'library' or 'require' calls to packages already attached by Depends:
     ‘bdsmatrix’ ‘ibdreg’ ‘maxLik’ ‘nlme’ ‘plm’ ‘spdep’
     Please remove these calls from your code.
    Packages in Depends field not imported from:
     ‘Ecdat’ ‘car’ ‘ibdreg’ ‘lmtest’ ‘maxLik’ ‘plm’ ‘spam’
     These packages need to be imported from (in the NAMESPACE file)
     for when this namespace is loaded but not attached.
    Unexported objects imported by ':::' calls:
     ‘spdep:::.spdepOptions’ ‘spdep:::can.be.simmed’
     ‘spdep:::jacobianSetup’
     See the note in ?`:::` about the use of this operator.
    See the information on DESCRIPTION files in the chapter ‘Creating R
    packages’ of the ‘Writing R Extensions’ manual.
Flavors: r-devel-linux-x86_64-debian-clang, r-devel-linux-x86_64-debian-gcc, r-devel-linux-x86_64-fedora-clang, r-devel-linux-x86_64-fedora-gcc, r-devel-osx-x86_64-clang, r-devel-windows-ix86+x86_64, r-patched-linux-x86_64, r-patched-solaris-sparc, r-patched-solaris-x86, r-release-linux-ix86, r-release-linux-x86_64, r-release-windows-ix86+x86_64, r-oldrel-windows-ix86+x86_64

Version: 1.1-0
Check: package dependencies
Result: ERROR
    Packages required but not available:
     ‘spdep’ ‘plm’ ‘spam’ ‘car’ ‘lmtest’ ‘Ecdat’ ‘maxLik’
    
    Depends: includes the non-default packages:
     ‘MASS’ ‘nlme’ ‘spdep’ ‘plm’ ‘Matrix’ ‘bdsmatrix’ ‘spam’ ‘ibdreg’
     ‘car’ ‘lmtest’ ‘Ecdat’ ‘maxLik’
    Adding so many packages to the search path is excessive and importing
    selectively is preferable.
    
    See the information on DESCRIPTION files in the chapter ‘Creating R
    packages’ of the ‘Writing R Extensions’ manual.
Flavor: r-devel-osx-x86_64-gcc

Version: 1.1-0
Check: package dependencies
Result: ERROR
    Package required but not available: ‘spdep’
    
    Depends: includes the non-default packages:
     ‘MASS’ ‘nlme’ ‘spdep’ ‘plm’ ‘Matrix’ ‘bdsmatrix’ ‘spam’ ‘ibdreg’
     ‘car’ ‘lmtest’ ‘Ecdat’ ‘maxLik’
    Adding so many packages to the search path is excessive and importing
    selectively is preferable.
    
    See the information on DESCRIPTION files in the chapter ‘Creating R
    packages’ of the ‘Writing R Extensions’ manual.
Flavor: r-release-osx-x86_64-mavericks

Version: 1.1-0
Check: dependencies in R code
Result: NOTE
    'library' or 'require' calls to packages already attached by Depends:
     'bdsmatrix' 'ibdreg' 'maxLik' 'nlme' 'plm' 'spdep'
     Please remove these calls from your code.
    Packages in Depends field not imported from:
     'Ecdat' 'car' 'ibdreg' 'lmtest' 'maxLik' 'plm' 'spam'
     These packages need to be imported from for the case when
     this namespace is loaded but not attached.
    Unexported objects imported by ':::' calls:
     'spdep:::.spdepOptions' 'spdep:::can.be.simmed'
     'spdep:::jacobianSetup'
     See the note in ?`:::` about the use of this operator.
    See the information on DESCRIPTION files in the chapter 'Creating R
    packages' of the 'Writing R Extensions' manual.
Flavor: r-release-osx-x86_64-snowleopard