CRAN Package Check Results for Package splm

Last updated on 2014-07-26 11:52:28.

Flavor Version Tinstall Tcheck Ttotal Status Flags
r-devel-linux-x86_64-debian-clang 1.1-0 6.91 96.74 103.65 NOTE
r-devel-linux-x86_64-debian-gcc 1.1-0 6.84 94.21 101.05 NOTE
r-devel-linux-x86_64-fedora-clang 1.1-0 238.19 NOTE
r-devel-linux-x86_64-fedora-gcc 1.1-0 225.08 NOTE
r-devel-osx-x86_64-clang 1.1-0 189.60 NOTE
r-devel-windows-ix86+x86_64 1.1-0 19.00 124.00 143.00 NOTE
r-patched-linux-x86_64 1.1-0 6.79 94.29 101.08 NOTE
r-patched-solaris-sparc 1.1-0 1217.40 NOTE
r-patched-solaris-x86 1.1-0 274.70 NOTE
r-release-linux-ix86 1.1-0 8.19 114.41 122.60 NOTE
r-release-linux-x86_64 1.1-0 7.32 95.64 102.96 NOTE
r-release-osx-x86_64-mavericks 1.1-0 NOTE
r-release-osx-x86_64-snowleopard 1.1-0 NOTE
r-release-windows-ix86+x86_64 1.1-0 17.00 137.00 154.00 NOTE
r-oldrel-windows-ix86+x86_64 1.1-0 22.00 129.00 151.00 NOTE

Check Details

Version: 1.1-0
Check: package dependencies
Result: NOTE
    Depends: includes the non-default packages:
     ‘MASS’ ‘nlme’ ‘spdep’ ‘plm’ ‘Matrix’ ‘bdsmatrix’ ‘spam’ ‘ibdreg’
     ‘car’ ‘lmtest’ ‘Ecdat’ ‘maxLik’
    Adding so many packages to the search path is excessive and importing
    selectively is preferable.
Flavors: r-devel-linux-x86_64-debian-clang, r-devel-linux-x86_64-debian-gcc, r-devel-linux-x86_64-fedora-clang, r-devel-linux-x86_64-fedora-gcc, r-devel-osx-x86_64-clang, r-devel-windows-ix86+x86_64, r-patched-linux-x86_64, r-patched-solaris-sparc, r-patched-solaris-x86, r-release-linux-ix86, r-release-linux-x86_64, r-release-osx-x86_64-mavericks, r-release-osx-x86_64-snowleopard, r-release-windows-ix86+x86_64

Version: 1.1-0
Check: dependencies in R code
Result: NOTE
    'library' or 'require' calls to packages already attached by Depends:
     ‘bdsmatrix’ ‘ibdreg’ ‘maxLik’ ‘nlme’ ‘plm’ ‘spdep’
     Please remove these calls from your code.
    Packages in Depends field not imported from:
     ‘Ecdat’ ‘car’ ‘ibdreg’ ‘lmtest’ ‘maxLik’ ‘plm’ ‘spam’
     These packages need to be imported from (in the NAMESPACE file)
     for when this namespace is loaded but not attached.
    Unexported objects imported by ':::' calls:
     ‘spdep:::.spdepOptions’ ‘spdep:::can.be.simmed’
     ‘spdep:::jacobianSetup’
     See the note in ?`:::` about the use of this operator.
    See the information on DESCRIPTION files in the chapter ‘Creating R
    packages’ of the ‘Writing R Extensions’ manual.
Flavors: r-devel-linux-x86_64-debian-clang, r-devel-linux-x86_64-debian-gcc, r-devel-linux-x86_64-fedora-clang, r-devel-linux-x86_64-fedora-gcc, r-devel-osx-x86_64-clang, r-devel-windows-ix86+x86_64, r-patched-linux-x86_64, r-patched-solaris-sparc, r-patched-solaris-x86, r-release-linux-ix86, r-release-linux-x86_64, r-release-osx-x86_64-mavericks, r-release-windows-ix86+x86_64, r-oldrel-windows-ix86+x86_64

Version: 1.1-0
Check: dependencies in R code
Result: NOTE
    'library' or 'require' calls to packages already attached by Depends:
     'bdsmatrix' 'ibdreg' 'maxLik' 'nlme' 'plm' 'spdep'
     Please remove these calls from your code.
    Packages in Depends field not imported from:
     'Ecdat' 'car' 'ibdreg' 'lmtest' 'maxLik' 'plm' 'spam'
     These packages need to be imported from for the case when
     this namespace is loaded but not attached.
    Unexported objects imported by ':::' calls:
     'spdep:::.spdepOptions' 'spdep:::can.be.simmed'
     'spdep:::jacobianSetup'
     See the note in ?`:::` about the use of this operator.
    See the information on DESCRIPTION files in the chapter 'Creating R
    packages' of the 'Writing R Extensions' manual.
Flavor: r-release-osx-x86_64-snowleopard