CRAN Package Check Results for Package splm

Last updated on 2015-05-25 10:47:25.

Flavor Version Tinstall Tcheck Ttotal Status Flags
r-devel-linux-x86_64-debian-clang 1.3-7 4.73 74.52 79.26 NOTE
r-devel-linux-x86_64-debian-gcc 1.3-7 4.59 75.01 79.60 NOTE
r-devel-linux-x86_64-fedora-clang 1.3-7 162.47 NOTE
r-devel-linux-x86_64-fedora-gcc 1.3-7 159.90 NOTE
r-devel-osx-x86_64-clang 1.3-7 146.99 NOTE
r-devel-windows-ix86+x86_64 1.3-7 12.00 110.00 122.00 OK
r-patched-linux-x86_64 1.3-7 4.66 72.05 76.71 NOTE
r-patched-solaris-sparc 1.3-7 936.90 NOTE
r-patched-solaris-x86 1.3-7 196.80 NOTE
r-release-linux-x86_64 1.3-7 4.56 80.53 85.09 NOTE
r-release-osx-x86_64-mavericks 1.3-7 OK
r-release-osx-x86_64-snowleopard 1.3-7 ERROR
r-release-windows-ix86+x86_64 1.3-7 12.00 101.00 113.00 OK
r-oldrel-windows-ix86+x86_64 1.3-7 20.00 129.00 149.00 OK

Check Details

Version: 1.3-7
Check: S3 generic/method consistency
Result: NOTE
    Found the following apparent S3 methods exported but not registered:
     summary.splm
    See section ‘Registering S3 methods’ in the ‘Writing R Extensions’
    manual.
Flavors: r-devel-linux-x86_64-debian-clang, r-devel-linux-x86_64-debian-gcc, r-devel-linux-x86_64-fedora-clang, r-devel-linux-x86_64-fedora-gcc, r-devel-osx-x86_64-clang, r-patched-linux-x86_64, r-patched-solaris-sparc, r-patched-solaris-x86, r-release-linux-x86_64

Version: 1.3-7
Check: package dependencies
Result: ERROR
    Packages required but not available: ‘spdep’ ‘plm’ ‘maxLik’ ‘spam’
    
    See section ‘The DESCRIPTION file’ in the ‘Writing R Extensions’
    manual.
Flavor: r-release-osx-x86_64-snowleopard