CRAN Package Check Results for Package splm

Last updated on 2015-02-27 13:47:17.

Flavor Version Tinstall Tcheck Ttotal Status Flags
r-devel-linux-x86_64-debian-clang 1.3-7 4.75 74.01 78.76 NOTE
r-devel-linux-x86_64-debian-gcc 1.3-7 4.74 70.17 74.91 NOTE
r-devel-linux-x86_64-fedora-clang 1.3-7 161.29 NOTE
r-devel-linux-x86_64-fedora-gcc 1.3-7 157.70 NOTE
r-devel-osx-x86_64-clang 1.3-7 147.16 NOTE
r-devel-windows-ix86+x86_64 1.3-7 17.00 100.00 117.00 OK
r-patched-linux-x86_64 1.3-7 7.87 100.27 108.14 OK
r-patched-solaris-sparc 1.3-7 1232.50 OK
r-patched-solaris-x86 1.3-7 276.20 OK
r-release-linux-ix86 1.3-7 8.27 121.49 129.76 OK
r-release-linux-x86_64 1.3-7 7.67 100.01 107.68 OK
r-release-osx-x86_64-mavericks 1.3-7 OK
r-release-osx-x86_64-snowleopard 1.3-7 OK
r-release-windows-ix86+x86_64 1.3-7 20.00 141.00 161.00 OK
r-oldrel-windows-ix86+x86_64 1.3-7 19.00 129.00 148.00 OK

Check Details

Version: 1.3-7
Check: S3 generic/method consistency
Result: NOTE
    Found the following apparent S3 methods exported but not registered:
     summary.splm
    See section ‘Registering S3 methods’ in the ‘Writing R Extensions’
    manual.
Flavors: r-devel-linux-x86_64-debian-clang, r-devel-linux-x86_64-debian-gcc, r-devel-linux-x86_64-fedora-clang, r-devel-linux-x86_64-fedora-gcc, r-devel-osx-x86_64-clang