CRAN Package Check Results for Package splm

Last updated on 2015-07-03 07:48:20.

Flavor Version Tinstall Tcheck Ttotal Status Flags
r-devel-linux-x86_64-debian-clang 1.3-7 4.65 72.89 77.54 NOTE
r-devel-linux-x86_64-debian-gcc 1.3-7 4.59 70.63 75.22 NOTE
r-devel-linux-x86_64-fedora-clang 1.3-7 159.92 NOTE
r-devel-linux-x86_64-fedora-gcc 1.3-7 150.39 NOTE
r-devel-osx-x86_64-clang 1.3-7 129.25 NOTE
r-devel-windows-ix86+x86_64 1.3-7 11.00 105.00 116.00 NOTE
r-patched-linux-x86_64 1.3-7 4.58 71.84 76.43 NOTE
r-patched-solaris-sparc 1.3-7 936.90 NOTE
r-patched-solaris-x86 1.3-7 195.10 NOTE
r-release-linux-x86_64 1.3-7 4.62 72.09 76.71 NOTE
r-release-osx-x86_64-mavericks 1.3-7 OK
r-release-windows-ix86+x86_64 1.3-7 13.00 107.00 120.00 OK
r-oldrel-windows-ix86+x86_64 1.3-7 23.00 149.00 172.00 OK

Check Details

Version: 1.3-7
Check: S3 generic/method consistency
Result: NOTE
    Found the following apparent S3 methods exported but not registered:
     summary.splm
    See section ‘Registering S3 methods’ in the ‘Writing R Extensions’
    manual.
Flavors: r-devel-linux-x86_64-debian-clang, r-devel-linux-x86_64-debian-gcc, r-devel-linux-x86_64-fedora-clang, r-devel-linux-x86_64-fedora-gcc, r-devel-osx-x86_64-clang, r-patched-linux-x86_64, r-patched-solaris-sparc, r-patched-solaris-x86, r-release-linux-x86_64

Version: 1.3-7
Check: R code for possible problems
Result: NOTE
    LMHtest: no visible global function definition for ‘model.frame’
    LMHtest: no visible global function definition for ‘lm’
    LMHtest: no visible global function definition for ‘coefficients’
    LMHtest: no visible global function definition for ‘residuals’
    clmltest: no visible global function definition for ‘model.frame’
    clmltest: no visible global function definition for ‘residuals’
    clmltest: no visible global function definition for ‘pnorm’
    clmltest.model: no visible global function definition for ‘pnorm’
    clmltest.model: no visible binding for global variable ‘formula’
    clmmtest: no visible global function definition for ‘model.frame’
    clmmtest: no visible global function definition for ‘residuals’
    clmmtest: no visible global function definition for ‘pnorm’
    clmmtest.model: no visible global function definition for ‘pnorm’
    clmmtest.model: no visible binding for global variable ‘formula’
    effects.splm: no visible global function definition for ‘pnorm’
    impacts.splm: no visible global function definition for ‘vcov’
    ivplm.b2sls: no visible global function definition for ‘var’
    ivplm.ec2sls: no visible global function definition for ‘var’
    ivplm.g2sls: no visible global function definition for ‘var’
    ivplm.w2sls: no visible global function definition for ‘var’
    ivsplm: no visible global function definition for ‘terms’
    ivsplm: no visible global function definition for ‘lm’
    ivsplm: no visible binding for global variable ‘na.fail’
    ivsplm: no visible global function definition for ‘model.extract’
    listw2dgCMatrix: no visible global function definition for ‘new’
    lrtest.splm: no visible global function definition for ‘pchisq’
    pbsjkARtest: no visible global function definition for ‘model.frame’
    pbsjkARtest: no visible global function definition for ‘pchisq’
    pbsjkJtest: no visible global function definition for ‘model.frame’
    pbsjkJtest: no visible global function definition for ‘lm’
    pbsjkJtest: no visible global function definition for ‘pchisq’
    pbsjkSDtest: no visible global function definition for ‘model.frame’
    pbsjkSDtest: no visible global function definition for ‘pchisq’
    print.effects.splm: no visible global function definition for
     ‘printCoefmat’
    print.splm: no visible global function definition for ‘coef’
    print.summary.splm: no visible global function definition for
     ‘printCoefmat’
    slm1test: no visible global function definition for ‘model.frame’
    slm1test: no visible global function definition for ‘lm’
    slm1test: no visible global function definition for ‘coefficients’
    slm1test: no visible global function definition for ‘residuals’
    slm1test: no visible global function definition for ‘pnorm’
    slm2test: no visible global function definition for ‘model.frame’
    slm2test: no visible global function definition for ‘lm’
    slm2test: no visible global function definition for ‘coefficients’
    slm2test: no visible global function definition for ‘residuals’
    slm2test: no visible global function definition for ‘pnorm’
    sperrorgm: no visible global function definition for ‘terms’
    sperrorgm: no visible global function definition for ‘lm’
    sperrorgm: no visible binding for global variable ‘na.fail’
    sperrorgm: no visible global function definition for ‘model.extract’
    sperrorgm: no visible global function definition for ‘var’
    sperrorgm: no visible global function definition for ‘residuals’
    sperrorgm: no visible global function definition for ‘coefficients’
    sperrorlm: no visible global function definition for ‘optimize’
    sperrorlm: no visible global function definition for ‘lm’
    sperrorlm: no visible global function definition for ‘residuals’
    sperrorlm: no visible global function definition for ‘coefficients’
    sperrorlm: no visible global function definition for ‘vcov’
    spfeml: no visible global function definition for ‘model.frame’
    spfeml: no visible global function definition for ‘terms’
    spfeml: no visible global function definition for ‘lm’
    spgm: no visible global function definition for ‘terms’
    spgm: no visible global function definition for ‘as.formula’
    spgm.tsls: no visible global function definition for ‘fitted.values’
    spgm.tsls: no visible global function definition for ‘lm’
    spgm.tsls: no visible global function definition for ‘coefficients’
    sphtest.splm: no visible global function definition for ‘coef’
    sphtest.splm: no visible global function definition for ‘pchisq’
    splaglm: no visible global function definition for ‘optimize’
    splaglm: no visible global function definition for ‘lm’
    splaglm: no visible global function definition for ‘residuals’
    splaglm: no visible global function definition for ‘coefficients’
    splaglm: no visible global function definition for ‘vcov’
    spsarargm: no visible global function definition for ‘terms’
    spsarargm: no visible global function definition for ‘lm’
    spsarargm: no visible binding for global variable ‘na.fail’
    spsarargm: no visible global function definition for ‘model.extract’
    spsarargm: no visible global function definition for ‘var’
    spsarargm: no visible global function definition for ‘residuals’
    spsararlm: no visible global function definition for ‘lm’
    spsararlm: no visible global function definition for ‘residuals’
    spsararlm: no visible global function definition for ‘coefficients’
    spsararlm: no visible global function definition for ‘vcov’
    summary.splm: no visible global function definition for ‘coefficients’
    summary.splm: no visible global function definition for ‘pnorm’
    summary.splm: no visible global function definition for ‘residuals’
    sumres: no visible global function definition for ‘residuals’
    Undefined global functions or variables:
     as.formula coef coefficients fitted.values formula lm model.extract
     model.frame na.fail new optimize pchisq pnorm printCoefmat residuals
     terms var vcov
Flavors: r-devel-linux-x86_64-debian-clang, r-devel-linux-x86_64-debian-gcc, r-devel-linux-x86_64-fedora-clang, r-devel-linux-x86_64-fedora-gcc, r-devel-windows-ix86+x86_64