CRAN Package Check Results for Package splm

Last updated on 2015-04-21 03:49:43.

Flavor Version Tinstall Tcheck Ttotal Status Flags
r-devel-linux-x86_64-debian-clang 1.3-7 4.77 74.07 78.84 NOTE
r-devel-linux-x86_64-debian-gcc 1.3-7 4.78 75.05 79.83 NOTE
r-devel-linux-x86_64-fedora-clang 1.3-7 158.70 NOTE
r-devel-linux-x86_64-fedora-gcc 1.3-7 151.12 NOTE
r-devel-osx-x86_64-clang 1.3-7 140.88 NOTE
r-devel-windows-ix86+x86_64 1.3-7 18.00 102.00 120.00 OK
r-patched-linux-x86_64 1.3-7 4.78 72.63 77.40 NOTE
r-patched-solaris-sparc 1.3-7 915.90 OK
r-patched-solaris-x86 1.3-7 189.20 OK
r-release-linux-x86_64 1.3-7 4.70 75.14 79.84 NOTE
r-release-osx-x86_64-mavericks 1.3-7 OK
r-release-osx-x86_64-snowleopard 1.3-7 ERROR
r-release-windows-ix86+x86_64 1.3-7 11.00 92.00 103.00 OK
r-oldrel-windows-ix86+x86_64 1.3-7 19.00 124.00 143.00 OK

Check Details

Version: 1.3-7
Check: S3 generic/method consistency
Result: NOTE
    Found the following apparent S3 methods exported but not registered:
     summary.splm
    See section ‘Registering S3 methods’ in the ‘Writing R Extensions’
    manual.
Flavors: r-devel-linux-x86_64-debian-clang, r-devel-linux-x86_64-debian-gcc, r-devel-linux-x86_64-fedora-clang, r-devel-linux-x86_64-fedora-gcc, r-devel-osx-x86_64-clang, r-patched-linux-x86_64, r-release-linux-x86_64

Version: 1.3-7
Check: package dependencies
Result: ERROR
    Packages required but not available: ‘spdep’ ‘plm’ ‘maxLik’ ‘spam’
    
    See section ‘The DESCRIPTION file’ in the ‘Writing R Extensions’
    manual.
Flavor: r-release-osx-x86_64-snowleopard