CRAN Package Check Results for Package splm

Last updated on 2014-08-23 20:47:05.

Flavor Version Tinstall Tcheck Ttotal Status Flags
r-devel-linux-x86_64-debian-clang 1.1-0 6.71 91.44 98.15 NOTE
r-devel-linux-x86_64-debian-gcc 1.1-0 6.86 90.37 97.23 NOTE
r-devel-linux-x86_64-fedora-clang 1.1-0 226.18 NOTE
r-devel-linux-x86_64-fedora-gcc 1.1-0 213.32 NOTE
r-devel-osx-x86_64-clang 1.1-0 180.33 NOTE
r-devel-windows-ix86+x86_64 1.1-0 22.00 132.00 154.00 NOTE
r-patched-linux-x86_64 1.1-0 6.76 96.64 103.40 NOTE
r-patched-solaris-sparc 1.1-0 1236.00 NOTE
r-patched-solaris-x86 1.1-0 271.70 NOTE
r-release-linux-ix86 1.1-0 8.37 114.36 122.73 NOTE
r-release-linux-x86_64 1.1-0 7.26 96.94 104.19 NOTE
r-release-osx-x86_64-mavericks 1.1-0 NOTE
r-release-osx-x86_64-snowleopard 1.1-0 NOTE
r-release-windows-ix86+x86_64 1.1-0 21.00 151.00 172.00 NOTE
r-oldrel-windows-ix86+x86_64 1.1-0 21.00 136.00 157.00 NOTE

Check Details

Version: 1.1-0
Check: package dependencies
Result: NOTE
    Depends: includes the non-default packages:
     ‘MASS’ ‘nlme’ ‘spdep’ ‘plm’ ‘Matrix’ ‘bdsmatrix’ ‘spam’ ‘ibdreg’
     ‘car’ ‘lmtest’ ‘Ecdat’ ‘maxLik’
    Adding so many packages to the search path is excessive and importing
    selectively is preferable.
Flavors: r-devel-linux-x86_64-debian-clang, r-devel-linux-x86_64-debian-gcc, r-devel-linux-x86_64-fedora-clang, r-devel-linux-x86_64-fedora-gcc, r-devel-osx-x86_64-clang, r-devel-windows-ix86+x86_64, r-patched-linux-x86_64, r-patched-solaris-sparc, r-patched-solaris-x86, r-release-linux-ix86, r-release-linux-x86_64, r-release-osx-x86_64-mavericks, r-release-osx-x86_64-snowleopard, r-release-windows-ix86+x86_64

Version: 1.1-0
Check: dependencies in R code
Result: NOTE
    'library' or 'require' calls to packages already attached by Depends:
     ‘bdsmatrix’ ‘ibdreg’ ‘maxLik’ ‘nlme’ ‘plm’ ‘spdep’
     Please remove these calls from your code.
    Packages in Depends field not imported from:
     ‘Ecdat’ ‘car’ ‘ibdreg’ ‘lmtest’ ‘maxLik’ ‘plm’ ‘spam’
     These packages need to be imported from (in the NAMESPACE file)
     for when this namespace is loaded but not attached.
    Unexported objects imported by ':::' calls:
     ‘spdep:::.spdepOptions’ ‘spdep:::can.be.simmed’
     ‘spdep:::jacobianSetup’
     See the note in ?`:::` about the use of this operator.
    See the information on DESCRIPTION files in the chapter ‘Creating R
    packages’ of the ‘Writing R Extensions’ manual.
Flavors: r-devel-linux-x86_64-debian-clang, r-devel-linux-x86_64-debian-gcc, r-devel-linux-x86_64-fedora-clang, r-devel-linux-x86_64-fedora-gcc, r-devel-osx-x86_64-clang, r-devel-windows-ix86+x86_64, r-patched-linux-x86_64, r-patched-solaris-sparc, r-patched-solaris-x86, r-release-linux-ix86, r-release-linux-x86_64, r-release-osx-x86_64-mavericks, r-release-windows-ix86+x86_64, r-oldrel-windows-ix86+x86_64

Version: 1.1-0
Check: R code for possible problems
Result: NOTE
    LMHtest: no visible global function definition for ‘plm.data’
    LMHtest: no visible global function definition for ‘pchibar’
    bsjktest.formula: no visible global function definition for ‘plm.data’
    clmltest: no visible global function definition for ‘plm.data’
    clmmtest: no visible global function definition for ‘plm.data’
    ivsplm: no visible global function definition for ‘plm.data’
    ldetB: no visible global function definition for ‘diag.spam’
    pbsjkARtest: no visible global function definition for ‘plm.data’
    pbsjkJtest: no visible global function definition for ‘plm.data’
    pbsjkSDtest: no visible global function definition for ‘plm.data’
    sarem2REmod: no visible global function definition for ‘maxLik’
    sarem2srREmod: no visible global function definition for ‘maxLik’
    saremREmod: no visible global function definition for ‘maxLik’
    saremmod: no visible global function definition for ‘maxLik’
    saremsrREmod: no visible global function definition for ‘maxLik’
    saremsrmod: no visible global function definition for ‘maxLik’
    sem2REmod: no visible global function definition for ‘maxLik’
    sem2srREmod: no visible global function definition for ‘maxLik’
    semREmod: no visible global function definition for ‘maxLik’
    semmod: no visible global function definition for ‘maxLik’
    semsrREmod: no visible global function definition for ‘maxLik’
    semsrmod: no visible global function definition for ‘maxLik’
    similar.listw_spam: no visible global function definition for
     ‘diag.spam’
    slm1test: no visible global function definition for ‘plm.data’
    slm2test: no visible global function definition for ‘plm.data’
    sperrorgm: no visible global function definition for ‘plm.data’
    sperrorgm: no visible global function definition for ‘plm’
    spfeml: no visible global function definition for ‘plm.data’
    spreml: no visible global function definition for ‘plm.data’
    spsarargm: no visible global function definition for ‘plm.data’
    xprodB: no visible global function definition for ‘as.spam’
    xprodB: no visible global function definition for ‘diag.spam’
Flavors: r-devel-linux-x86_64-debian-clang, r-devel-linux-x86_64-debian-gcc, r-devel-linux-x86_64-fedora-clang, r-devel-linux-x86_64-fedora-gcc, r-devel-osx-x86_64-clang

Version: 1.1-0
Check: dependencies in R code
Result: NOTE
    'library' or 'require' calls to packages already attached by Depends:
     'bdsmatrix' 'ibdreg' 'maxLik' 'nlme' 'plm' 'spdep'
     Please remove these calls from your code.
    Packages in Depends field not imported from:
     'Ecdat' 'car' 'ibdreg' 'lmtest' 'maxLik' 'plm' 'spam'
     These packages need to be imported from for the case when
     this namespace is loaded but not attached.
    Unexported objects imported by ':::' calls:
     'spdep:::.spdepOptions' 'spdep:::can.be.simmed'
     'spdep:::jacobianSetup'
     See the note in ?`:::` about the use of this operator.
    See the information on DESCRIPTION files in the chapter 'Creating R
    packages' of the 'Writing R Extensions' manual.
Flavor: r-release-osx-x86_64-snowleopard