CRAN Package Check Results for Package spls

Last updated on 2015-04-25 12:46:23.

Flavor Version Tinstall Tcheck Ttotal Status Flags
r-devel-linux-x86_64-debian-clang 2.2-1 0.86 97.45 98.31 NOTE
r-devel-linux-x86_64-debian-gcc 2.2-1 1.28 91.89 93.17 NOTE
r-devel-linux-x86_64-fedora-clang 2.2-1 183.04 NOTE
r-devel-linux-x86_64-fedora-gcc 2.2-1 177.99 NOTE
r-devel-osx-x86_64-clang 2.2-1 157.79 NOTE
r-devel-windows-ix86+x86_64 2.2-1 3.00 136.00 139.00 NOTE
r-patched-linux-x86_64 2.2-1 0.84 93.62 94.46 NOTE
r-patched-solaris-sparc 2.2-1 1230.80 NOTE
r-patched-solaris-x86 2.2-1 235.70 NOTE
r-release-linux-x86_64 2.2-1 0.83 89.72 90.56 NOTE
r-release-osx-x86_64-mavericks 2.2-1 NOTE
r-release-osx-x86_64-snowleopard 2.2-1 NOTE
r-release-windows-ix86+x86_64 2.2-1 3.00 137.00 140.00 NOTE
r-oldrel-windows-ix86+x86_64 2.2-1 2.00 131.00 133.00 OK

Check Details

Version: 2.2-1
Check: DESCRIPTION meta-information
Result: NOTE
    Malformed Description field: should contain one or more complete sentences.
Flavors: r-devel-windows-ix86+x86_64, r-release-windows-ix86+x86_64