CRAN Package Check Results for Package spls

Last updated on 2015-07-03 11:47:23.

Flavor Version Tinstall Tcheck Ttotal Status Flags
r-devel-linux-x86_64-debian-clang 2.2-1 0.86 92.38 93.23 NOTE
r-devel-linux-x86_64-debian-gcc 2.2-1 0.80 89.18 89.98 NOTE
r-devel-linux-x86_64-fedora-clang 2.2-1 179.62 NOTE
r-devel-linux-x86_64-fedora-gcc 2.2-1 173.19 NOTE
r-devel-osx-x86_64-clang 2.2-1 142.02 NOTE
r-devel-windows-ix86+x86_64 2.2-1 3.00 134.00 137.00 NOTE
r-patched-linux-x86_64 2.2-1 0.82 94.39 95.22 NOTE
r-patched-solaris-sparc 2.2-1 1230.70 NOTE
r-patched-solaris-x86 2.2-1 233.10 NOTE
r-release-linux-x86_64 2.2-1 0.88 96.08 96.96 NOTE
r-release-osx-x86_64-mavericks 2.2-1 NOTE
r-release-windows-ix86+x86_64 2.2-1 4.00 146.00 150.00 NOTE
r-oldrel-windows-ix86+x86_64 2.2-1 4.00 132.00 136.00 OK

Check Details

Version: 2.2-1
Check: DESCRIPTION meta-information
Result: NOTE
    Malformed Description field: should contain one or more complete sentences.
Flavors: r-devel-linux-x86_64-debian-clang, r-devel-linux-x86_64-debian-gcc, r-devel-linux-x86_64-fedora-clang, r-devel-linux-x86_64-fedora-gcc, r-devel-osx-x86_64-clang, r-devel-windows-ix86+x86_64, r-patched-linux-x86_64, r-patched-solaris-sparc, r-patched-solaris-x86, r-release-linux-x86_64, r-release-osx-x86_64-mavericks, r-release-windows-ix86+x86_64

Version: 2.2-1
Check: S3 generic/method consistency
Result: NOTE
    Found the following apparent S3 methods exported but not registered:
     coef.sgpls coef.spls coef.splsda plot.spls predict.sgpls predict.spls
     predict.splsda print.sgpls print.spls print.splsda
    See section ‘Registering S3 methods’ in the ‘Writing R Extensions’
    manual.
Flavors: r-devel-linux-x86_64-debian-clang, r-devel-linux-x86_64-debian-gcc, r-devel-linux-x86_64-fedora-clang, r-devel-linux-x86_64-fedora-gcc, r-devel-osx-x86_64-clang, r-patched-linux-x86_64, r-patched-solaris-sparc, r-patched-solaris-x86, r-release-linux-x86_64

Version: 2.2-1
Check: R code for possible problems
Result: NOTE
    ci.spls: no visible global function definition for ‘coef’
    ci.spls : qt: no visible global function definition for ‘quantile’
    ci.spls: no visible global function definition for ‘dev.new’
    ci.spls: no visible global function definition for ‘plot’
    ci.spls: no visible global function definition for ‘lines’
    ci.spls: no visible global function definition for ‘abline’
    coefplot.spls: no visible global function definition for ‘split.screen’
    coefplot.spls: no visible global function definition for ‘dev.new’
    coefplot.spls: no visible global function definition for ‘screen’
    coefplot.spls: no visible global function definition for ‘plot’
    coefplot.spls: no visible global function definition for ‘abline’
    coefplot.spls: no visible global function definition for ‘close.screen’
    correct.spls: no visible global function definition for ‘dev.new’
    cv.sgpls.binary : .fit.sgpls.binary: no visible global function
     definition for ‘predict’
    cv.sgpls.multi : .fit.sgpls.multi: no visible global function
     definition for ‘predict’
    cv.splsda : .fit.splsda: no visible global function definition for
     ‘predict’
    heatmap.spls: no visible global function definition for ‘par’
    heatmap.spls: no visible global function definition for ‘image’
    heatmap.spls: no visible global function definition for ‘cm.colors’
    heatmap.spls: no visible global function definition for ‘axis’
    plot.spls: no visible global function definition for ‘dev.new’
    plot.spls: no visible global function definition for ‘plot’
    plot.spls: no visible global function definition for ‘lines’
    plot.spls: no visible global function definition for ‘points’
    plot.spls: no visible global function definition for ‘abline’
    predict.splsda: no visible global function definition for ‘predict’
    predict.splsda: no visible global function definition for ‘coef’
    sgpls.binary: no visible binding for global variable ‘sd’
    sgpls.binary: no visible global function definition for ‘hat’
    sgpls.binary: no visible global function definition for ‘median’
    sgpls.binary: no visible global function definition for ‘weighted.mean’
    sgpls.multi: no visible binding for global variable ‘sd’
    sgpls.multi: no visible global function definition for ‘hat’
    sgpls.multi: no visible global function definition for ‘median’
    sgpls.multi: no visible global function definition for ‘weighted.mean’
    spls: no visible global function definition for ‘coef’
    spls.dv: no visible global function definition for ‘median’
    spls.dv: no visible global function definition for ‘uniroot’
    splsda: no visible global function definition for ‘model.matrix’
    splsda: no visible global function definition for ‘glm’
    splsda: no visible binding for global variable ‘binomial’
    Undefined global functions or variables:
     abline axis binomial close.screen cm.colors coef dev.new glm hat
     image lines median model.matrix par plot points predict quantile
     screen sd split.screen uniroot weighted.mean
Flavors: r-devel-linux-x86_64-debian-clang, r-devel-linux-x86_64-debian-gcc, r-devel-linux-x86_64-fedora-clang, r-devel-linux-x86_64-fedora-gcc, r-devel-windows-ix86+x86_64