CRAN Package Check Results for Package spls

Last updated on 2015-05-27 17:47:28.

Flavor Version Tinstall Tcheck Ttotal Status Flags
r-devel-linux-x86_64-debian-clang 2.2-1 0.85 96.71 97.56 NOTE
r-devel-linux-x86_64-debian-gcc 2.2-1 0.90 94.18 95.08 NOTE
r-devel-linux-x86_64-fedora-clang 2.2-1 182.67 NOTE
r-devel-linux-x86_64-fedora-gcc 2.2-1 181.04 NOTE
r-devel-osx-x86_64-clang 2.2-1 162.17 NOTE
r-devel-windows-ix86+x86_64 2.2-1 3.00 133.00 136.00 NOTE
r-patched-linux-x86_64 2.2-1 0.82 95.55 96.37 NOTE
r-patched-solaris-sparc 2.2-1 1230.70 NOTE
r-patched-solaris-x86 2.2-1 237.40 NOTE
r-release-linux-x86_64 2.2-1 0.84 93.88 94.72 NOTE
r-release-osx-x86_64-mavericks 2.2-1 NOTE
r-release-osx-x86_64-snowleopard 2.2-1 NOTE
r-release-windows-ix86+x86_64 2.2-1 3.00 139.00 142.00 NOTE
r-oldrel-windows-ix86+x86_64 2.2-1 4.00 172.00 176.00 OK

Check Details

Version: 2.2-1
Check: DESCRIPTION meta-information
Result: NOTE
    Malformed Description field: should contain one or more complete sentences.
Flavors: r-devel-linux-x86_64-debian-clang, r-devel-linux-x86_64-debian-gcc, r-devel-linux-x86_64-fedora-clang, r-devel-linux-x86_64-fedora-gcc, r-devel-osx-x86_64-clang, r-devel-windows-ix86+x86_64, r-patched-linux-x86_64, r-patched-solaris-sparc, r-patched-solaris-x86, r-release-linux-x86_64, r-release-osx-x86_64-mavericks, r-release-osx-x86_64-snowleopard, r-release-windows-ix86+x86_64

Version: 2.2-1
Check: S3 generic/method consistency
Result: NOTE
    Found the following apparent S3 methods exported but not registered:
     coef.sgpls coef.spls coef.splsda plot.spls predict.sgpls predict.spls
     predict.splsda print.sgpls print.spls print.splsda
    See section ‘Registering S3 methods’ in the ‘Writing R Extensions’
    manual.
Flavors: r-devel-linux-x86_64-debian-clang, r-devel-linux-x86_64-debian-gcc, r-devel-linux-x86_64-fedora-clang, r-devel-linux-x86_64-fedora-gcc, r-devel-osx-x86_64-clang, r-patched-linux-x86_64, r-patched-solaris-sparc, r-patched-solaris-x86, r-release-linux-x86_64