CRAN Package Check Results for Package spls

Last updated on 2015-03-30 10:54:35.

Flavor Version Tinstall Tcheck Ttotal Status Flags
r-devel-linux-x86_64-debian-clang 2.2-1 0.95 94.00 94.94 NOTE
r-devel-linux-x86_64-debian-gcc 2.2-1 1.02 93.95 94.97 NOTE
r-devel-linux-x86_64-fedora-clang 2.2-1 179.82 NOTE
r-devel-linux-x86_64-fedora-gcc 2.2-1 185.87 NOTE
r-devel-osx-x86_64-clang 2.2-1 164.50 NOTE
r-prerel-windows-ix86+x86_64 2.2-1 4.00 134.00 138.00 NOTE
r-prerel-linux-x86_64 2.2-1 1.09 95.41 96.50 NOTE
r-prerel-solaris-sparc 2.2-1 1230.80 NOTE
r-prerel-solaris-x86 2.2-1 242.70 NOTE
r-release-linux-x86_64 2.2-1 1.38 103.17 104.55 OK
r-release-osx-x86_64-mavericks 2.2-1 OK
r-release-windows-ix86+x86_64 2.2-1 4.00 144.00 148.00 OK
r-oldrel-windows-ix86+x86_64 2.2-1 4.00 200.00 204.00 OK

Check Details

Version: 2.2-1
Check: DESCRIPTION meta-information
Result: NOTE
    Malformed Description field: should contain one or more complete sentences.
Flavors: r-devel-linux-x86_64-debian-clang, r-devel-linux-x86_64-debian-gcc, r-devel-linux-x86_64-fedora-clang, r-devel-linux-x86_64-fedora-gcc, r-devel-osx-x86_64-clang, r-prerel-windows-ix86+x86_64, r-prerel-linux-x86_64, r-prerel-solaris-sparc, r-prerel-solaris-x86

Version: 2.2-1
Check: S3 generic/method consistency
Result: NOTE
    Found the following apparent S3 methods exported but not registered:
     coef.sgpls coef.spls coef.splsda plot.spls predict.sgpls predict.spls
     predict.splsda print.sgpls print.spls print.splsda
    See section ‘Registering S3 methods’ in the ‘Writing R Extensions’
    manual.
Flavors: r-devel-linux-x86_64-debian-clang, r-devel-linux-x86_64-debian-gcc, r-devel-linux-x86_64-fedora-clang, r-devel-linux-x86_64-fedora-gcc, r-devel-osx-x86_64-clang, r-prerel-linux-x86_64