CRAN Package Check Results for Package spls

Last updated on 2015-02-01 03:49:34.

Flavor Version Tinstall Tcheck Ttotal Status Flags
r-devel-linux-x86_64-debian-clang 2.2-1 0.89 92.56 93.46 NOTE
r-devel-linux-x86_64-debian-gcc 2.2-1 1.16 90.53 91.69 NOTE
r-devel-linux-x86_64-fedora-clang 2.2-1 197.22 NOTE
r-devel-linux-x86_64-fedora-gcc 2.2-1 181.39 NOTE
r-devel-osx-x86_64-clang 2.2-1 166.44 NOTE
r-devel-windows-ix86+x86_64 2.2-1 5.00 133.00 138.00 OK
r-patched-linux-x86_64 2.2-1 0.99 96.21 97.20 OK
r-patched-solaris-sparc 2.2-1 1245.10 OK
r-patched-solaris-x86 2.2-1 251.10 OK
r-release-linux-ix86 2.2-1 1.40 142.98 144.38 OK
r-release-linux-x86_64 2.2-1 0.98 95.96 96.93 OK
r-release-osx-x86_64-mavericks 2.2-1 OK
r-release-windows-ix86+x86_64 2.2-1 4.00 139.00 143.00 OK
r-oldrel-windows-ix86+x86_64 2.2-1 4.00 134.00 138.00 OK

Check Details

Version: 2.2-1
Check: S3 generic/method consistency
Result: NOTE
    Found the following apparent S3 methods exported but not registered:
     print.sgpls print.spls print.splsda plot.spls coef.sgpls coef.spls
     coef.splsda predict.sgpls predict.spls predict.splsda
    See section ‘Registering S3 methods’ in the ‘Writing R Extensions’
    manual.
Flavors: r-devel-linux-x86_64-debian-clang, r-devel-linux-x86_64-debian-gcc, r-devel-linux-x86_64-fedora-clang, r-devel-linux-x86_64-fedora-gcc, r-devel-osx-x86_64-clang