CRAN Package Check Results for Package splus2R

Last updated on 2019-07-19 03:47:01 CEST.

Flavor Version Tinstall Tcheck Ttotal Status Flags
r-devel-linux-x86_64-debian-clang 1.2-2 5.85 36.91 42.76 OK
r-devel-linux-x86_64-debian-gcc 1.2-2 5.21 29.79 35.00 OK
r-devel-linux-x86_64-fedora-clang 1.2-2 54.51 NOTE
r-devel-linux-x86_64-fedora-gcc 1.2-2 50.27 NOTE
r-devel-windows-ix86+x86_64 1.2-2 15.00 67.00 82.00 OK
r-patched-linux-x86_64 1.2-2 6.08 36.51 42.59 OK
r-patched-solaris-x86 1.2-2 74.70 OK
r-release-linux-x86_64 1.2-2 6.00 36.71 42.71 OK
r-release-windows-ix86+x86_64 1.2-2 13.00 86.00 99.00 OK
r-release-osx-x86_64 1.2-2 OK
r-oldrel-windows-ix86+x86_64 1.2-2 10.00 56.00 66.00 OK
r-oldrel-osx-x86_64 1.2-2 OK

Check Details

Version: 1.2-2
Check: compiled code
Result: NOTE
    File ‘splus2R/libs/splus2R.so’:
     Found no calls to: ‘R_registerRoutines’, ‘R_useDynamicSymbols’
    
    It is good practice to register native routines and to disable symbol
    search.
    
    See ‘Writing portable packages’ in the ‘Writing R Extensions’ manual.
Flavors: r-devel-linux-x86_64-fedora-clang, r-devel-linux-x86_64-fedora-gcc