CRAN Package Check Results for Package splus2R

Last updated on 2019-10-16 19:46:35 CEST.

Flavor Version Tinstall Tcheck Ttotal Status Flags
r-devel-linux-x86_64-debian-clang 1.2-2 5.98 36.73 42.71 OK
r-devel-linux-x86_64-debian-gcc 1.2-2 5.54 29.04 34.58 OK
r-devel-linux-x86_64-fedora-clang 1.2-2 57.49 NOTE
r-devel-linux-x86_64-fedora-gcc 1.2-2 51.62 NOTE
r-devel-windows-ix86+x86_64 1.2-2 18.00 63.00 81.00 OK
r-patched-linux-x86_64 1.2-2 6.00 36.17 42.17 OK
r-patched-solaris-x86 1.2-2 75.50 OK
r-release-linux-x86_64 1.2-2 6.62 36.50 43.12 OK
r-release-windows-ix86+x86_64 1.2-2 13.00 86.00 99.00 OK
r-release-osx-x86_64 1.2-2 OK
r-oldrel-windows-ix86+x86_64 1.2-2 10.00 56.00 66.00 OK
r-oldrel-osx-x86_64 1.2-2 OK

Check Details

Version: 1.2-2
Check: compiled code
Result: NOTE
    File ‘splus2R/libs/splus2R.so’:
     Found no calls to: ‘R_registerRoutines’, ‘R_useDynamicSymbols’
    
    It is good practice to register native routines and to disable symbol
    search.
    
    See ‘Writing portable packages’ in the ‘Writing R Extensions’ manual.
Flavors: r-devel-linux-x86_64-fedora-clang, r-devel-linux-x86_64-fedora-gcc