Last updated on 2022-08-12 03:53:39 CEST.
Flavor | Version | Tinstall | Tcheck | Ttotal | Status | Flags |
---|---|---|---|---|---|---|
r-devel-linux-x86_64-debian-clang | 0.2.0 | 5.56 | 379.31 | 384.87 | OK | |
r-devel-linux-x86_64-debian-gcc | 0.2.0 | 4.67 | 281.40 | 286.07 | OK | |
r-devel-linux-x86_64-fedora-clang | 0.2.0 | 463.89 | NOTE | |||
r-devel-linux-x86_64-fedora-gcc | 0.2.0 | 418.61 | NOTE | |||
r-devel-windows-x86_64 | 0.2.0 | 11.00 | 392.00 | 403.00 | OK | |
r-patched-linux-x86_64 | 0.2.0 | 4.67 | 356.21 | 360.88 | OK | |
r-release-linux-x86_64 | 0.2.0 | 3.88 | 354.61 | 358.49 | OK | |
r-release-macos-arm64 | 0.1.0 | 85.00 | NOTE | |||
r-release-macos-x86_64 | 0.2.0 | 139.00 | NOTE | |||
r-release-windows-x86_64 | 0.2.0 | 15.00 | 410.00 | 425.00 | OK | |
r-oldrel-macos-arm64 | 0.1.0 | 87.00 | NOTE | |||
r-oldrel-macos-x86_64 | 0.2.0 | 137.00 | NOTE | |||
r-oldrel-windows-ix86+x86_64 | 0.2.0 | 17.00 | 317.00 | 334.00 | OK |
Version: 0.2.0
Check: dependencies in R code
Result: NOTE
Namespaces in Imports field not imported from:
‘rmarkdown’ ‘tmap’
All declared Imports should be used.
Flavors: r-devel-linux-x86_64-fedora-clang, r-devel-linux-x86_64-fedora-gcc, r-release-macos-x86_64, r-oldrel-macos-x86_64
Version: 0.1.0
Check: dependencies in R code
Result: NOTE
Namespaces in Imports field not imported from:
‘rmarkdown’ ‘tmap’
All declared Imports should be used.
Flavors: r-release-macos-arm64, r-oldrel-macos-arm64