CRAN Package Check Results for Package sport

Last updated on 2019-10-14 05:47:10 CEST.

Flavor Version Tinstall Tcheck Ttotal Status Flags
r-devel-linux-x86_64-debian-clang 0.1.2 48.16 181.89 230.05 OK
r-devel-linux-x86_64-debian-gcc 0.1.2 34.40 137.18 171.58 OK
r-devel-linux-x86_64-fedora-clang 0.1.2 302.93 NOTE
r-devel-linux-x86_64-fedora-gcc 0.1.2 261.37 NOTE
r-devel-windows-ix86+x86_64 0.1.2 90.00 286.00 376.00 OK
r-patched-linux-x86_64 0.1.2 40.58 171.84 212.42 OK
r-patched-solaris-x86 0.1.2 329.60 NOTE
r-release-linux-x86_64 0.1.2 39.81 176.97 216.78 OK
r-release-windows-ix86+x86_64 0.1.2 125.00 196.00 321.00 OK
r-release-osx-x86_64 0.1.2 NOTE
r-oldrel-windows-ix86+x86_64 0.1.2 89.00 183.00 272.00 OK
r-oldrel-osx-x86_64 0.1.2 NOTE

Check Details

Version: 0.1.2
Check: data for non-ASCII characters
Result: NOTE
     Note: found 6863 marked UTF-8 strings
Flavors: r-devel-linux-x86_64-fedora-clang, r-devel-linux-x86_64-fedora-gcc, r-patched-solaris-x86, r-release-osx-x86_64, r-oldrel-osx-x86_64