CRAN Package Check Results for Package sport

Last updated on 2019-07-16 07:51:06 CEST.

Flavor Version Tinstall Tcheck Ttotal Status Flags
r-devel-linux-x86_64-debian-clang 0.1.2 41.31 180.75 222.06 OK
r-devel-linux-x86_64-debian-gcc 0.1.2 37.84 139.82 177.66 OK
r-devel-linux-x86_64-fedora-clang 0.1.2 285.61 NOTE
r-devel-linux-x86_64-fedora-gcc 0.1.2 245.92 NOTE
r-devel-windows-ix86+x86_64 0.1.2 128.00 202.00 330.00 OK
r-patched-linux-x86_64 0.1.2 43.62 183.64 227.26 OK
r-patched-solaris-x86 0.1.2 329.20 NOTE
r-release-linux-x86_64 0.1.2 42.15 176.10 218.25 OK
r-release-windows-ix86+x86_64 0.1.2 84.00 283.00 367.00 OK
r-release-osx-x86_64 0.1.2 NOTE
r-oldrel-windows-ix86+x86_64 0.1.2 108.00 263.00 371.00 OK
r-oldrel-osx-x86_64 0.1.2 NOTE

Check Details

Version: 0.1.2
Check: data for non-ASCII characters
Result: NOTE
     Note: found 6863 marked UTF-8 strings
Flavors: r-devel-linux-x86_64-fedora-clang, r-devel-linux-x86_64-fedora-gcc, r-patched-solaris-x86, r-release-osx-x86_64, r-oldrel-osx-x86_64