CRAN Package Check Results for Package sprint

Last updated on 2018-04-23 03:50:57 CEST.

Flavor Version Tinstall Tcheck Ttotal Status Flags
r-release-osx-x86_64 1.0.7 ERROR

Check Details

Version: 1.0.7
Check: package dependencies
Result: NOTE
    Packages suggested but not available for checking:
     ‘Biostrings’ ‘ShortRead’ ‘golubEsets’ ‘RankProd’
Flavor: r-release-osx-x86_64

Version: 1.0.7
Check: whether package can be installed
Result: ERROR
    Installation failed.
Flavor: r-release-osx-x86_64