CRAN Package Check Results for Package sprint

Last updated on 2016-12-09 07:48:54.

Flavor Version Tinstall Tcheck Ttotal Status Flags
r-devel-linux-x86_64-debian-clang 1.0.7 10.43 27.68 38.11 NOTE
r-devel-linux-x86_64-debian-gcc 1.0.7 10.44 27.73 38.17 NOTE
r-devel-linux-x86_64-fedora-clang 1.0.7 60.19 NOTE --no-stop-on-test-error
r-devel-linux-x86_64-fedora-gcc 1.0.7 57.84 NOTE --no-stop-on-test-error
r-devel-macos-x86_64-clang 1.0.7 42.21 NOTE
r-patched-linux-x86_64 1.0.7 10.63 26.11 36.74 NOTE
r-patched-solaris-sparc 1.0.7 38.30 ERROR
r-patched-solaris-x86 1.0.7 6.90 ERROR
r-release-linux-x86_64 1.0.7 10.55 26.06 36.60 NOTE
r-release-osx-x86_64-mavericks 1.0.7 ERROR

Check Details

Version: 1.0.7
Check: dependencies in R code
Result: NOTE
    'library' or 'require' call to ‘RankProd’ in package code.
     Please use :: or requireNamespace() instead.
     See section 'Suggested packages' in the 'Writing R Extensions' manual.
Flavors: r-devel-linux-x86_64-debian-clang, r-devel-linux-x86_64-debian-gcc, r-devel-macos-x86_64-clang, r-patched-linux-x86_64, r-release-linux-x86_64

Version: 1.0.7
Check: R code for possible problems
Result: NOTE
    pRP: no visible global function definition for ‘plotRP’
    pRPadvance: no visible global function definition for ‘plotRP’
    pboot: no visible global function definition for ‘runif’
    prandomForest.formula: no visible binding for global variable ‘na.fail’
    prandomForest.formula: no visible global function definition for
     ‘model.response’
    prandomForest.formula: no visible global function definition for
     ‘model.frame’
    prandomForest.formula: no visible global function definition for
     ‘terms’
    prandomForest.formula: no visible global function definition for
     ‘reformulate’
    Undefined global functions or variables:
     model.frame model.response na.fail plotRP reformulate runif terms
    Consider adding
     importFrom("stats", "model.frame", "model.response", "na.fail",
     "reformulate", "runif", "terms")
    to your NAMESPACE file.
Flavors: r-devel-linux-x86_64-debian-clang, r-devel-linux-x86_64-debian-gcc, r-devel-macos-x86_64-clang, r-patched-linux-x86_64, r-release-linux-x86_64

Version: 1.0.7
Check: compiled code
Result: NOTE
    Note: information on .o files is not available
Flavors: r-devel-linux-x86_64-debian-clang, r-devel-linux-x86_64-debian-gcc, r-devel-macos-x86_64-clang, r-patched-linux-x86_64, r-release-linux-x86_64

Version: 1.0.7
Flags: --no-stop-on-test-error
Check: dependencies in R code
Result: NOTE
    'library' or 'require' call to ‘RankProd’ in package code.
     Please use :: or requireNamespace() instead.
     See section 'Suggested packages' in the 'Writing R Extensions' manual.
Flavors: r-devel-linux-x86_64-fedora-clang, r-devel-linux-x86_64-fedora-gcc

Version: 1.0.7
Flags: --no-stop-on-test-error
Check: R code for possible problems
Result: NOTE
    pRP: no visible global function definition for ‘plotRP’
    pRPadvance: no visible global function definition for ‘plotRP’
    pboot: no visible global function definition for ‘runif’
    prandomForest.formula: no visible binding for global variable ‘na.fail’
    prandomForest.formula: no visible global function definition for
     ‘model.response’
    prandomForest.formula: no visible global function definition for
     ‘model.frame’
    prandomForest.formula: no visible global function definition for
     ‘terms’
    prandomForest.formula: no visible global function definition for
     ‘reformulate’
    Undefined global functions or variables:
     model.frame model.response na.fail plotRP reformulate runif terms
    Consider adding
     importFrom("stats", "model.frame", "model.response", "na.fail",
     "reformulate", "runif", "terms")
    to your NAMESPACE file.
Flavors: r-devel-linux-x86_64-fedora-clang, r-devel-linux-x86_64-fedora-gcc

Version: 1.0.7
Flags: --no-stop-on-test-error
Check: compiled code
Result: NOTE
    Note: information on .o files is not available
Flavors: r-devel-linux-x86_64-fedora-clang, r-devel-linux-x86_64-fedora-gcc

Version: 1.0.7
Check: whether package can be installed
Result: ERROR
    Installation failed.
Flavors: r-patched-solaris-sparc, r-patched-solaris-x86, r-release-osx-x86_64-mavericks

Version: 1.0.7
Check: package dependencies
Result: NOTE
    Package suggested but not available for checking: ‘golubEsets’
Flavor: r-release-osx-x86_64-mavericks