CRAN Package Check Results for Package spsmooth

Last updated on 2017-05-26 20:47:55.

Flavor Version Tinstall Tcheck Ttotal Status Flags
r-release-osx-x86_64 1.1-3 NOTE

Check Details

Version: 1.1-3
Check: DESCRIPTION meta-information
Result: NOTE
    Malformed Title field: should not end in a period.
Flavor: r-release-osx-x86_64

Version: 1.1-3
Check: R code for possible problems
Result: NOTE
    .dpssToEigenvalues: no visible global function definition for ‘mvfft’
    smooth.construct.sp.smooth.spec: no visible global function definition
     for ‘str’
    Undefined global functions or variables:
     mvfft str
    Consider adding
     importFrom("stats", "mvfft")
     importFrom("utils", "str")
    to your NAMESPACE file.
Flavor: r-release-osx-x86_64