CRAN Package Check Results for Package spsmooth

Last updated on 2016-07-28 05:50:30.

Flavor Version Tinstall Tcheck Ttotal Status Flags
r-devel-linux-x86_64-debian-clang 1.1-3 1.96 23.70 25.66 NOTE
r-devel-linux-x86_64-debian-gcc 1.1-3 1.70 21.71 23.40 NOTE
r-devel-linux-x86_64-fedora-clang 1.1-3 38.36 NOTE
r-devel-linux-x86_64-fedora-gcc 1.1-3 36.67 NOTE
r-devel-osx-x86_64-clang 1.1-3 30.62 NOTE
r-devel-windows-ix86+x86_64 1.1-3 8.00 71.00 79.00 NOTE
r-patched-linux-x86_64 1.1-3 1.61 23.14 24.75 NOTE
r-patched-solaris-sparc 1.1-3 348.80 NOTE
r-patched-solaris-x86 1.1-3 70.70 NOTE
r-release-linux-x86_64 1.1-3 1.48 22.82 24.31 NOTE
r-release-osx-x86_64-mavericks 1.1-3 NOTE
r-release-windows-ix86+x86_64 1.1-3 8.00 76.00 84.00 NOTE
r-oldrel-windows-ix86+x86_64 1.1-3 8.00 77.00 85.00 NOTE

Check Details

Version: 1.1-3
Check: DESCRIPTION meta-information
Result: NOTE
    Malformed Title field: should not end in a period.
Flavors: r-devel-linux-x86_64-debian-clang, r-devel-linux-x86_64-debian-gcc, r-devel-linux-x86_64-fedora-clang, r-devel-linux-x86_64-fedora-gcc, r-devel-osx-x86_64-clang, r-devel-windows-ix86+x86_64, r-patched-linux-x86_64, r-patched-solaris-sparc, r-patched-solaris-x86, r-release-linux-x86_64, r-release-osx-x86_64-mavericks, r-release-windows-ix86+x86_64, r-oldrel-windows-ix86+x86_64

Version: 1.1-3
Check: S3 generic/method consistency
Result: NOTE
    Found the following apparent S3 methods exported but not registered:
     summary.gam
    See section ‘Registering S3 methods’ in the ‘Writing R Extensions’
    manual.
Flavors: r-devel-linux-x86_64-debian-clang, r-devel-linux-x86_64-debian-gcc, r-devel-linux-x86_64-fedora-clang, r-devel-linux-x86_64-fedora-gcc, r-devel-osx-x86_64-clang, r-patched-linux-x86_64, r-patched-solaris-sparc, r-patched-solaris-x86, r-release-linux-x86_64

Version: 1.1-3
Check: R code for possible problems
Result: NOTE
    .dpssToEigenvalues: no visible global function definition for ‘mvfft’
    smooth.construct.sp.smooth.spec: no visible global function definition
     for ‘str’
    Undefined global functions or variables:
     mvfft str
    Consider adding
     importFrom("stats", "mvfft")
     importFrom("utils", "str")
    to your NAMESPACE file.
Flavors: r-devel-linux-x86_64-debian-clang, r-devel-linux-x86_64-debian-gcc, r-devel-linux-x86_64-fedora-clang, r-devel-linux-x86_64-fedora-gcc, r-devel-osx-x86_64-clang, r-devel-windows-ix86+x86_64, r-patched-linux-x86_64, r-patched-solaris-sparc, r-patched-solaris-x86, r-release-linux-x86_64, r-release-osx-x86_64-mavericks, r-release-windows-ix86+x86_64