CRAN Package Check Results for Package spsmooth

Last updated on 2015-03-03 22:48:32.

Flavor Version Tinstall Tcheck Ttotal Status Flags
r-devel-linux-x86_64-debian-clang 1.1-3 1.20 20.66 21.86 NOTE
r-devel-linux-x86_64-debian-gcc 1.1-3 1.32 19.12 20.44 NOTE
r-devel-linux-x86_64-fedora-clang 1.1-3 42.11 NOTE
r-devel-linux-x86_64-fedora-gcc 1.1-3 40.46 NOTE
r-devel-osx-x86_64-clang 1.1-3 38.91 NOTE
r-devel-windows-ix86+x86_64 1.1-3 7.00 52.00 59.00 NOTE
r-patched-linux-x86_64 1.1-3 1.32 21.77 23.09 OK
r-patched-solaris-sparc 1.1-3 414.80 OK
r-patched-solaris-x86 1.1-3 91.50 OK
r-release-linux-ix86 1.1-3 1.87 29.60 31.47 OK
r-release-linux-x86_64 1.1-3 1.41 21.26 22.68 OK
r-release-osx-x86_64-mavericks 1.1-3 OK
r-release-osx-x86_64-snowleopard 1.1-3 OK
r-release-windows-ix86+x86_64 1.1-3 10.00 56.00 66.00 OK
r-oldrel-windows-ix86+x86_64 1.1-3 6.00 53.00 59.00 OK

Check Details

Version: 1.1-3
Check: DESCRIPTION meta-information
Result: NOTE
    Malformed Title field: should not end in a period.
Flavors: r-devel-linux-x86_64-debian-clang, r-devel-linux-x86_64-debian-gcc, r-devel-linux-x86_64-fedora-clang, r-devel-linux-x86_64-fedora-gcc, r-devel-osx-x86_64-clang, r-devel-windows-ix86+x86_64

Version: 1.1-3
Check: S3 generic/method consistency
Result: NOTE
    Found the following apparent S3 methods exported but not registered:
     summary.gam
    See section ‘Registering S3 methods’ in the ‘Writing R Extensions’
    manual.
Flavors: r-devel-linux-x86_64-debian-clang, r-devel-linux-x86_64-debian-gcc, r-devel-linux-x86_64-fedora-clang, r-devel-linux-x86_64-fedora-gcc, r-devel-osx-x86_64-clang