CRAN Package Check Results for Package spsmooth

Last updated on 2015-07-01 06:48:56.

Flavor Version Tinstall Tcheck Ttotal Status Flags
r-devel-linux-x86_64-debian-clang 1.1-3 1.16 19.55 20.71 NOTE
r-devel-linux-x86_64-debian-gcc 1.1-3 1.15 19.53 20.68 NOTE
r-devel-linux-x86_64-fedora-clang 1.1-3 40.34 NOTE
r-devel-linux-x86_64-fedora-gcc 1.1-3 37.98 NOTE
r-devel-osx-x86_64-clang 1.1-3 34.66 NOTE
r-devel-windows-ix86+x86_64 1.1-3 9.00 51.00 60.00 NOTE
r-patched-linux-x86_64 1.1-3 1.23 19.28 20.50 NOTE
r-patched-solaris-sparc 1.1-3 373.40 NOTE
r-patched-solaris-x86 1.1-3 77.00 NOTE
r-release-linux-x86_64 1.1-3 1.20 19.60 20.80 NOTE
r-release-osx-x86_64-mavericks 1.1-3 NOTE
r-release-windows-ix86+x86_64 1.1-3 6.00 49.00 55.00 NOTE
r-oldrel-windows-ix86+x86_64 1.1-3 6.00 51.00 57.00 OK

Check Details

Version: 1.1-3
Check: DESCRIPTION meta-information
Result: NOTE
    Malformed Title field: should not end in a period.
Flavors: r-devel-linux-x86_64-debian-clang, r-devel-linux-x86_64-debian-gcc, r-devel-linux-x86_64-fedora-clang, r-devel-linux-x86_64-fedora-gcc, r-devel-osx-x86_64-clang, r-devel-windows-ix86+x86_64, r-patched-linux-x86_64, r-patched-solaris-sparc, r-patched-solaris-x86, r-release-linux-x86_64, r-release-osx-x86_64-mavericks, r-release-windows-ix86+x86_64

Version: 1.1-3
Check: S3 generic/method consistency
Result: NOTE
    Found the following apparent S3 methods exported but not registered:
     summary.gam
    See section ‘Registering S3 methods’ in the ‘Writing R Extensions’
    manual.
Flavors: r-devel-linux-x86_64-debian-clang, r-devel-linux-x86_64-debian-gcc, r-devel-linux-x86_64-fedora-clang, r-devel-linux-x86_64-fedora-gcc, r-devel-osx-x86_64-clang, r-patched-linux-x86_64, r-patched-solaris-sparc, r-patched-solaris-x86, r-release-linux-x86_64

Version: 1.1-3
Check: R code for possible problems
Result: NOTE
    .dpssToEigenvalues: no visible global function definition for ‘mvfft’
    smooth.construct.sp.smooth.spec: no visible global function definition
     for ‘str’
Flavors: r-devel-linux-x86_64-debian-clang, r-devel-linux-x86_64-debian-gcc, r-devel-linux-x86_64-fedora-clang, r-devel-linux-x86_64-fedora-gcc, r-devel-windows-ix86+x86_64