CRAN Package Check Results for Package spsmooth

Last updated on 2015-01-30 03:49:15.

Flavor Version Tinstall Tcheck Ttotal Status Flags
r-devel-linux-x86_64-debian-clang 1.1-3 1.22 20.42 21.64 NOTE
r-devel-linux-x86_64-debian-gcc 1.1-3 1.26 19.89 21.15 NOTE
r-devel-linux-x86_64-fedora-clang 1.1-3 47.63 NOTE
r-devel-linux-x86_64-fedora-gcc 1.1-3 45.96 NOTE
r-devel-osx-x86_64-clang 1.1-3 42.94 NOTE
r-devel-windows-ix86+x86_64 1.1-3 10.00 51.00 61.00 OK
r-patched-linux-x86_64 1.1-3 1.35 21.14 22.49 OK
r-patched-solaris-sparc 1.1-3 402.90 OK
r-patched-solaris-x86 1.1-3 85.40 OK
r-release-linux-ix86 1.1-3 1.82 28.90 30.72 OK
r-release-linux-x86_64 1.1-3 1.30 21.39 22.69 OK
r-release-osx-x86_64-mavericks 1.1-3 OK
r-release-osx-x86_64-snowleopard 1.1-3 OK
r-release-windows-ix86+x86_64 1.1-3 6.00 54.00 60.00 OK
r-oldrel-windows-ix86+x86_64 1.1-3 6.00 58.00 64.00 OK

Check Details

Version: 1.1-3
Check: S3 generic/method consistency
Result: NOTE
    Found the following apparent S3 methods exported but not registered:
     summary.gam
    See section ‘Registering S3 methods’ in the ‘Writing R Extensions’
    manual.
Flavors: r-devel-linux-x86_64-debian-clang, r-devel-linux-x86_64-debian-gcc, r-devel-linux-x86_64-fedora-clang, r-devel-linux-x86_64-fedora-gcc, r-devel-osx-x86_64-clang