CRAN Package Check Results for Package spsmooth

Last updated on 2017-03-23 23:51:13.

Flavor Version Tinstall Tcheck Ttotal Status Flags
r-devel-linux-x86_64-debian-clang 1.1-3 1.26 21.64 22.90 WARN
r-devel-linux-x86_64-debian-gcc 1.1-3 1.30 21.09 22.39 WARN
r-devel-linux-x86_64-fedora-clang 1.1-3 51.21 WARN --no-stop-on-test-error
r-devel-linux-x86_64-fedora-gcc 1.1-3 43.68 WARN --no-stop-on-test-error
r-devel-macos-x86_64-clang 1.1-3 32.89 WARN --no-stop-on-test-error
r-devel-windows-ix86+x86_64 1.1-3 7.00 92.00 99.00 WARN
r-patched-linux-x86_64 1.1-3 1.14 19.95 21.09 NOTE
r-patched-solaris-sparc 1.1-3 373.20 NOTE
r-patched-solaris-x86 1.1-3 108.90 NOTE
r-release-linux-x86_64 1.1-3 1.32 19.69 21.01 NOTE
r-release-osx-x86_64-mavericks 1.1-3 NOTE
r-release-windows-ix86+x86_64 1.1-3 10.00 55.00 65.00 NOTE
r-oldrel-windows-ix86+x86_64 1.1-3 9.00 132.00 141.00 NOTE

Check Details

Version: 1.1-3
Check: whether package can be installed
Result: WARN
    Found the following significant warnings:
     Warning: GNU Extension: Symbol ‘k’ is used before it is typed at (1)
Flavors: r-devel-linux-x86_64-debian-clang, r-devel-linux-x86_64-debian-gcc, r-devel-windows-ix86+x86_64

Version: 1.1-3
Check: DESCRIPTION meta-information
Result: NOTE
    Malformed Title field: should not end in a period.
Flavors: r-devel-linux-x86_64-debian-clang, r-devel-linux-x86_64-debian-gcc, r-devel-windows-ix86+x86_64, r-patched-linux-x86_64, r-patched-solaris-sparc, r-patched-solaris-x86, r-release-linux-x86_64, r-release-osx-x86_64-mavericks, r-release-windows-ix86+x86_64, r-oldrel-windows-ix86+x86_64

Version: 1.1-3
Check: S3 generic/method consistency
Result: NOTE
    Found the following apparent S3 methods exported but not registered:
     summary.gam
    See section ‘Registering S3 methods’ in the ‘Writing R Extensions’
    manual.
Flavors: r-devel-linux-x86_64-debian-clang, r-devel-linux-x86_64-debian-gcc, r-patched-linux-x86_64, r-patched-solaris-sparc, r-patched-solaris-x86, r-release-linux-x86_64

Version: 1.1-3
Check: R code for possible problems
Result: NOTE
    .dpssToEigenvalues: no visible global function definition for ‘mvfft’
    smooth.construct.sp.smooth.spec: no visible global function definition
     for ‘str’
    Undefined global functions or variables:
     mvfft str
    Consider adding
     importFrom("stats", "mvfft")
     importFrom("utils", "str")
    to your NAMESPACE file.
Flavors: r-devel-linux-x86_64-debian-clang, r-devel-linux-x86_64-debian-gcc, r-devel-windows-ix86+x86_64, r-patched-linux-x86_64, r-patched-solaris-sparc, r-patched-solaris-x86, r-release-linux-x86_64, r-release-osx-x86_64-mavericks, r-release-windows-ix86+x86_64

Version: 1.1-3
Check: compiled code
Result: NOTE
    File ‘spsmooth/libs/spsmooth.so’:
     Found no calls to: ‘R_registerRoutines’, ‘R_useDynamicSymbols’
    
    It is good practice to register native routines and to disable symbol
    search.
    
    See ‘Writing portable packages’ in the ‘Writing R Extensions’ manual.
Flavors: r-devel-linux-x86_64-debian-clang, r-devel-linux-x86_64-debian-gcc

Version: 1.1-3
Flags: --no-stop-on-test-error
Check: whether package can be installed
Result: WARN
    Found the following significant warnings:
     Warning: GNU Extension: Symbol ‘k’ is used before it is typed at (1)
Flavors: r-devel-linux-x86_64-fedora-clang, r-devel-linux-x86_64-fedora-gcc, r-devel-macos-x86_64-clang

Version: 1.1-3
Flags: --no-stop-on-test-error
Check: DESCRIPTION meta-information
Result: NOTE
    Malformed Title field: should not end in a period.
Flavors: r-devel-linux-x86_64-fedora-clang, r-devel-linux-x86_64-fedora-gcc, r-devel-macos-x86_64-clang

Version: 1.1-3
Flags: --no-stop-on-test-error
Check: S3 generic/method consistency
Result: NOTE
    Found the following apparent S3 methods exported but not registered:
     summary.gam
    See section ‘Registering S3 methods’ in the ‘Writing R Extensions’
    manual.
Flavors: r-devel-linux-x86_64-fedora-clang, r-devel-linux-x86_64-fedora-gcc, r-devel-macos-x86_64-clang

Version: 1.1-3
Flags: --no-stop-on-test-error
Check: R code for possible problems
Result: NOTE
    .dpssToEigenvalues: no visible global function definition for ‘mvfft’
    smooth.construct.sp.smooth.spec: no visible global function definition
     for ‘str’
    Undefined global functions or variables:
     mvfft str
    Consider adding
     importFrom("stats", "mvfft")
     importFrom("utils", "str")
    to your NAMESPACE file.
Flavors: r-devel-linux-x86_64-fedora-clang, r-devel-linux-x86_64-fedora-gcc, r-devel-macos-x86_64-clang

Version: 1.1-3
Flags: --no-stop-on-test-error
Check: compiled code
Result: NOTE
    File ‘spsmooth/libs/spsmooth.so’:
     Found no calls to: ‘R_registerRoutines’, ‘R_useDynamicSymbols’
    
    It is good practice to register native routines and to disable symbol
    search.
    
    See ‘Writing portable packages’ in the ‘Writing R Extensions’ manual.
Flavors: r-devel-linux-x86_64-fedora-clang, r-devel-linux-x86_64-fedora-gcc, r-devel-macos-x86_64-clang