CRAN Package Check Results for Package spsmooth

Last updated on 2015-04-28 21:46:50.

Flavor Version Tinstall Tcheck Ttotal Status Flags
r-devel-linux-x86_64-debian-clang 1.1-3 1.19 20.16 21.35 NOTE
r-devel-linux-x86_64-debian-gcc 1.1-3 1.17 21.89 23.06 NOTE
r-devel-linux-x86_64-fedora-clang 1.1-3 40.25 NOTE
r-devel-linux-x86_64-fedora-gcc 1.1-3 39.67 NOTE
r-devel-osx-x86_64-clang 1.1-3 38.52 NOTE
r-devel-windows-ix86+x86_64 1.1-3 6.00 52.00 58.00 NOTE
r-patched-linux-x86_64 1.1-3 1.17 20.13 21.30 NOTE
r-patched-solaris-sparc 1.1-3 373.00 NOTE
r-patched-solaris-x86 1.1-3 79.40 NOTE
r-release-linux-x86_64 1.1-3 1.19 19.37 20.56 NOTE
r-release-osx-x86_64-mavericks 1.1-3 NOTE
r-release-osx-x86_64-snowleopard 1.1-3 NOTE
r-release-windows-ix86+x86_64 1.1-3 6.00 50.00 56.00 NOTE
r-oldrel-windows-ix86+x86_64 1.1-3 5.00 54.00 59.00 OK

Check Details

Version: 1.1-3
Check: DESCRIPTION meta-information
Result: NOTE
    Malformed Title field: should not end in a period.
Flavors: r-devel-linux-x86_64-debian-clang, r-devel-linux-x86_64-debian-gcc, r-devel-linux-x86_64-fedora-clang, r-devel-linux-x86_64-fedora-gcc, r-devel-osx-x86_64-clang, r-devel-windows-ix86+x86_64, r-patched-linux-x86_64, r-patched-solaris-sparc, r-patched-solaris-x86, r-release-linux-x86_64, r-release-osx-x86_64-mavericks, r-release-osx-x86_64-snowleopard, r-release-windows-ix86+x86_64

Version: 1.1-3
Check: S3 generic/method consistency
Result: NOTE
    Found the following apparent S3 methods exported but not registered:
     summary.gam
    See section ‘Registering S3 methods’ in the ‘Writing R Extensions’
    manual.
Flavors: r-devel-linux-x86_64-debian-clang, r-devel-linux-x86_64-debian-gcc, r-devel-linux-x86_64-fedora-clang, r-devel-linux-x86_64-fedora-gcc, r-devel-osx-x86_64-clang, r-patched-linux-x86_64, r-patched-solaris-x86, r-release-linux-x86_64