CRAN Package Check Results for Package spsurvey

Last updated on 2018-04-24 13:47:13 CEST.

Flavor Version Tinstall Tcheck Ttotal Status Flags
r-devel-linux-x86_64-debian-clang 3.3 35.69 456.27 491.96 OK
r-devel-linux-x86_64-debian-gcc 3.3 28.88 350.83 379.71 OK
r-devel-linux-x86_64-fedora-clang 3.3 602.35 OK
r-devel-linux-x86_64-fedora-gcc 3.3 615.57 OK
r-devel-windows-ix86+x86_64 3.3 90.00 503.00 593.00 OK
r-patched-linux-x86_64 3.3 34.92 472.51 507.43 OK
r-patched-solaris-x86 3.3 1253.10 OK
r-release-linux-x86_64 3.3 37.65 471.37 509.02 OK
r-release-windows-ix86+x86_64 3.3 90.00 503.00 593.00 OK
r-release-osx-x86_64 3.3 FAIL
r-oldrel-windows-ix86+x86_64 3.3 38.00 688.00 726.00 OK
r-oldrel-osx-x86_64 3.3 NOTE

Additional issues

clang-ASAN

Check Details

Version: 3.3
Check: re-building of vignette outputs
Result: FAIL
    
Flavor: r-release-osx-x86_64

Version: 3.3
Check: re-building of vignette outputs
Result: NOTE
    Error in re-building vignettes:
     ...
    Loading required package: sp
    
    Version 3.3 of the spsurvey package was loaded successfully.
    
    Warning in grts(design = Paneldsgn, DesignID = "UNEQUAL", type.frame = "area", :
    
    Oversample size is not proportional to category sample sizes for stratum
    "None".
    
    Error in texi2dvi(file = file, pdf = TRUE, clean = clean, quiet = quiet, :
     Running 'texi2dvi' on 'CDF_Analysis.tex' failed.
    LaTeX errors:
    ! LaTeX Error: File `chicago.sty' not found.
    
    Type X to quit or <RETURN> to proceed,
    or enter new name. (Default extension: sty)
    
    ! Emergency stop.
    <read *>
    
    l.7 \bibliographystyle
     {chicago}^^M
    ! ==> Fatal error occurred, no output PDF file produced!
    Calls: buildVignettes -> texi2pdf -> texi2dvi
    Execution halted
Flavor: r-oldrel-osx-x86_64