CRAN Package Check Results for Package spsurvey

Last updated on 2014-07-28 08:49:02.

Flavor Version Tinstall Tcheck Ttotal Status Flags
r-devel-linux-x86_64-debian-clang 2.6 19.24 250.98 270.22 OK
r-devel-linux-x86_64-debian-gcc 2.6 20.24 271.78 292.03 NOTE
r-devel-linux-x86_64-fedora-clang 2.6 601.68 OK
r-devel-linux-x86_64-fedora-gcc 2.6 629.28 OK
r-devel-osx-x86_64-clang 2.6 457.74 OK
r-devel-windows-ix86+x86_64 2.6 57.00 373.00 430.00 NOTE
r-patched-linux-x86_64 2.6 20.00 271.40 291.40 NOTE
r-patched-solaris-sparc 2.6 2631.60 ERROR
r-patched-solaris-x86 2.6 1070.90 NOTE
r-release-linux-ix86 2.6 24.10 362.94 387.04 OK
r-release-linux-x86_64 2.6 20.56 272.02 292.57 NOTE
r-release-osx-x86_64-mavericks 2.6 ERROR
r-release-osx-x86_64-snowleopard 2.6 NOTE
r-release-windows-ix86+x86_64 2.6 56.00 385.00 441.00 OK
r-oldrel-windows-ix86+x86_64 2.6 56.00 415.00 471.00 OK

Memtest notes: valgrind

Check Details

Version: 2.6
Check: installed package size
Result: NOTE
     installed size is 5.0Mb
     sub-directories of 1Mb or more:
     doc 3.2Mb
Flavors: r-devel-linux-x86_64-debian-gcc, r-patched-linux-x86_64, r-patched-solaris-sparc, r-patched-solaris-x86, r-release-linux-x86_64

Version: 2.6
Check: re-building of vignette outputs
Result: NOTE
    Error in re-building vignettes:
     ...
    Loading required package: sp
    
    Version 2.5 of the spsurvey package was loaded successfully.
    
    Warning in grts(design = Paneldsgn, DesignID = "UNEQUAL", type.frame = "area", :
    
    Oversample size is not proportional to category sample sizes for stratum
    "None".
    
    Warning in grts(design = Paneldsgn, DesignID = "UNEQUAL", type.frame = "finite", :
    
    Oversample size is not proportional to category sample sizes for stratum
    "None".
    
    Warning in write.csv(Extent_Estimates, file = "Extent_Estimates.csv", sep = ",", :
     attempt to set 'sep' ignored
    Warning: running command '"D:\compiler\texmf\miktex\bin\texi2dvi.exe" --quiet --pdf "Linear_Design.tex" --max-iterations=20 -I "D:/RCompile/recent/R/share/texmf/tex/latex" -I "D:/RCompile/recent/R/share/texmf/bibtex/bst"' had status 1
    Error in find_vignette_product(name, by = "texi2pdf", engine = engine) :
     Failed to locate the 'texi2pdf' output file (by engine 'utils::Sweave') for vignette with name 'Linear_Design'. The following files exist in directory '.': 'Area_Analysis.Rnw', 'Area_Analysis.aux', 'Area_Analysis.log', 'Area_Analysis.out', 'Area_Analysis.pdf', 'Area_Analysis.tex', 'Area_Analysis.toc', 'Area_Analysis_plot.pdf', 'Area_Design-figure.pdf', 'Area_Design.Rnw', 'Area_Design.aux', 'Area_Design.log', 'Area_Design.out', 'Area_Design.pdf', 'Area_Design.tex', 'Area_Design.toc', 'CDF_Analysis-figure1.pdf', 'CDF_Analysis-figure2.pdf', 'CDF_Analysis.Rnw', 'CDF_Analysis.aux', 'CDF_Analysis.bbl', 'CDF_Analysis.blg', 'CDF_Analysis.log', 'CDF_Analysis.out', 'CDF_Analysis.pdf', 'CDF_Analysis.tex', 'CDF_Analysis.toc', 'CDF_Deconvolution-figure1.pdf', 'CDF_Deconvolution-figure2.pdf', 'CDF_Deconvolution.Rnw', 'CDF_Deconvolution.aux', 'CDF_Deconvolution.bbl', 'CDF_Deconvolution.blg', 'CDF_Deconvolution.log', 'CDF_Deconvolution.out', 'CDF_Deconvolution.pdf', 'CDF_Deconvolution.tex',
    Calls: buildVignettes -> find_vignette_product
    Execution halted
Flavor: r-devel-windows-ix86+x86_64

Version: 2.6
Check: running R code from vignettes
Result: ERROR
    Errors in running code in vignettes:
    when running code in Area_Design.Rnw
     ...
     4: withVisible(eval(ei, envir))
     5: source(output, echo = TRUE)
     6: doTryCatch(return(expr), name, parentenv, handler)
     7: tryCatchOne(expr, names, parentenv, handlers[[1L]])
     8: tryCatchList(expr, classes, parentenv, handlers)
     9: tryCatch({ source(output, echo = TRUE)}, error = function(e) { cat("\n When sourcing ", sQuote(output), ":\n", sep = "") stop(conditionMessage(e), call. = FALSE, domain = NA)})
    10: tools:::.run_one_vignette("Area_Design.Rnw", "/home/ripley/R/packages/tests32/spsurvey/vignettes", pkgdir = "/home/ripley/R/packages/tests32/spsurvey")
    aborting ...
    
    ... incomplete output. Crash?
    when running code in Finite_Design.Rnw
     ...
    Initial number of levels: 5
    Current number of levels: 5
    Error: Reading .shp file in grtspts.c
    Error: In C function cWtFcn.
    
     When sourcing Finite_Design.R :
    Error:
    An error occured while determining the number of levels for hierarchical
    randomization.
    Execution halted
    when running code in Linear_Design.Rnw
     ...
    Initial number of levels: 3
    Current number of levels: 3
    Error: reading shape file in C function lintFcn.
    Error: In C function lintFcn.
    
     When sourcing Linear_Design.R :
    Error:
    An error occured while determining the number of levels for hierarchical
    randomization.
    Execution halted
Flavor: r-patched-solaris-sparc

Version: 2.6
Check: package dependencies
Result: ERROR
    Package required but not available: rgeos
    
    See the information on DESCRIPTION files in the chapter Creating R
    packages of the Writing R Extensions manual.
Flavor: r-release-osx-x86_64-mavericks

Version: 2.6
Check: re-building of vignette outputs
Result: NOTE
    Error in re-building vignettes:
     ...
    Loading required package: sp
    
    Version 2.5 of the spsurvey package was loaded successfully.
    
    Warning in grts(design = Paneldsgn, DesignID = "UNEQUAL", type.frame = "area", :
    
    Oversample size is not proportional to category sample sizes for stratum
    "None".
    
    Error in texi2dvi(file = file, pdf = TRUE, clean = clean, quiet = quiet, :
     Running 'texi2dvi' on 'CDF_Analysis.tex' failed.
    LaTeX errors:
    ! LaTeX Error: File `chicago.sty' not found.
    
    Type X to quit or <RETURN> to proceed,
    or enter new name. (Default extension: sty)
    Calls: buildVignettes -> texi2pdf -> texi2dvi
    Execution halted
Flavor: r-release-osx-x86_64-snowleopard