CRAN Package Check Results for Package spsurvey

Last updated on 2016-08-28 17:48:19.

Flavor Version Tinstall Tcheck Ttotal Status Flags
r-devel-linux-x86_64-debian-clang 3.3 10.88 291.19 302.07 OK
r-devel-linux-x86_64-debian-gcc 3.3 10.57 294.07 304.64 OK
r-devel-linux-x86_64-fedora-clang 3.3 590.34 OK
r-devel-linux-x86_64-fedora-gcc 3.3 591.45 OK
r-devel-osx-x86_64-clang 3.3 442.36 OK
r-devel-windows-ix86+x86_64 3.3 53.00 803.00 856.00 OK
r-patched-linux-x86_64 3.3 9.89 292.58 302.48 OK
r-patched-solaris-sparc 3.3 1268.70 WARN
r-patched-solaris-x86 3.3 1043.80 OK
r-release-linux-x86_64 3.3 11.02 293.61 304.63 OK
r-release-osx-x86_64-mavericks 3.3 OK
r-release-windows-ix86+x86_64 3.3 50.00 500.00 550.00 OK
r-oldrel-windows-ix86+x86_64 3.3 58.00 1103.00 1161.00 OK

Memtest notes: valgrind

Check Details

Version: 3.3
Check: re-building of vignette outputs
Result: WARN
    Error in re-building vignettes:
     ...
    Loading required package: sp
    
    Version 3.3 of the spsurvey package was loaded successfully.
    
    
    Error: processing vignette 'Area_Design.Rnw' failed with diagnostics:
     chunk 1 (label = processor)
    Error in eval(expr, envir, enclos) :
    A little-endian processor is required for this vignette.
    Execution halted
Flavor: r-patched-solaris-sparc