CRAN Package Check Results for Package spsurvey

Last updated on 2017-12-11 17:49:21 CET.

Flavor Version Tinstall Tcheck Ttotal Status Flags
r-devel-linux-x86_64-debian-clang 3.3 13.86 437.23 451.09 OK
r-devel-linux-x86_64-debian-gcc 3.3 13.05 382.61 395.66 OK
r-devel-linux-x86_64-fedora-clang 3.3 598.41 OK
r-devel-linux-x86_64-fedora-gcc 3.3 622.57 OK
r-devel-windows-ix86+x86_64 3.3 64.00 544.00 608.00 OK
r-patched-linux-x86_64 3.3 14.71 537.72 552.43 OK
r-patched-solaris-x86 3.3 1212.50 OK
r-release-linux-x86_64 3.3 17.12 535.46 552.58 OK
r-release-windows-ix86+x86_64 3.3 46.00 719.00 765.00 OK
r-release-osx-x86_64 3.3 NOTE
r-oldrel-windows-ix86+x86_64 3.3 49.00 645.00 694.00 OK
r-oldrel-osx-x86_64 3.3 OK

Additional issues

clang-ASAN rchk

Check Details

Version: 3.3
Check: re-building of vignette outputs
Result: NOTE
    Error in re-building vignettes:
     ...
    Loading required package: sp
    
    Version 3.3 of the spsurvey package was loaded successfully.
    
    Warning in grts(design = Paneldsgn, DesignID = "UNEQUAL", type.frame = "area", :
    
    Oversample size is not proportional to category sample sizes for stratum
    "None".
    
    Error in texi2dvi(file = file, pdf = TRUE, clean = clean, quiet = quiet, :
     Running 'texi2dvi' on 'CDF_Analysis.tex' failed.
    LaTeX errors:
    ! LaTeX Error: File `chicago.sty' not found.
    
    Type X to quit or <RETURN> to proceed,
    or enter new name. (Default extension: sty)
    
    ! Emergency stop.
    <read *>
    
    l.7 \bibliographystyle
     {chicago}^^M
    ! ==> Fatal error occurred, no output PDF file produced!
    Calls: buildVignettes -> texi2pdf -> texi2dvi
    Execution halted
Flavor: r-release-osx-x86_64