CRAN Package Check Results for Package spsurvey

Last updated on 2016-09-24 23:48:26.

Flavor Version Tinstall Tcheck Ttotal Status Flags
r-devel-linux-x86_64-debian-clang 3.3 9.82 284.50 294.33 OK
r-devel-linux-x86_64-debian-gcc 3.3 9.95 292.95 302.90 OK
r-devel-linux-x86_64-fedora-clang 3.3 594.16 OK
r-devel-linux-x86_64-fedora-gcc 3.3 579.60 OK
r-devel-macos-x86_64-clang 3.3 434.70 OK
r-devel-windows-ix86+x86_64 3.3 46.00 476.00 522.00 OK
r-patched-linux-x86_64 3.3 9.76 289.19 298.95 OK
r-patched-solaris-sparc 3.3 1268.70 WARN
r-patched-solaris-x86 3.3 1108.60 OK
r-release-linux-x86_64 3.3 9.69 296.27 305.96 OK
r-release-osx-x86_64-mavericks 3.3 OK
r-release-windows-ix86+x86_64 3.3 29.00 477.00 506.00 OK
r-oldrel-windows-ix86+x86_64 3.3 57.00 943.00 1000.00 OK

Memtest notes: valgrind

Check Details

Version: 3.3
Check: re-building of vignette outputs
Result: WARN
    Error in re-building vignettes:
     ...
    Loading required package: sp
    
    Version 3.3 of the spsurvey package was loaded successfully.
    
    
    Error: processing vignette 'Area_Design.Rnw' failed with diagnostics:
     chunk 1 (label = processor)
    Error in eval(expr, envir, enclos) :
    A little-endian processor is required for this vignette.
    Execution halted
Flavor: r-patched-solaris-sparc