CRAN Package Check Results for Package spsurvey

Last updated on 2018-02-19 22:49:06 CET.

Flavor Version Tinstall Tcheck Ttotal Status Flags
r-devel-linux-x86_64-debian-clang 3.3 36.65 407.34 443.99 OK
r-devel-linux-x86_64-debian-gcc 3.3 31.34 355.00 386.34 OK
r-devel-linux-x86_64-fedora-clang 3.3 600.98 OK
r-devel-linux-x86_64-fedora-gcc 3.3 608.22 OK
r-devel-windows-ix86+x86_64 3.3 61.00 504.00 565.00 OK
r-patched-linux-x86_64 3.3 15.50 518.35 533.85 OK
r-patched-solaris-x86 3.3 1128.20 OK
r-release-linux-x86_64 3.3 15.57 517.03 532.60 OK
r-release-windows-ix86+x86_64 3.3 54.00 497.00 551.00 OK
r-release-osx-x86_64 3.3 NOTE
r-oldrel-windows-ix86+x86_64 3.3 73.00 622.00 695.00 OK
r-oldrel-osx-x86_64 3.3 OK

Additional issues

clang-ASAN rchk

Check Details

Version: 3.3
Check: re-building of vignette outputs
Result: NOTE
    Error in re-building vignettes:
     ...
    Loading required package: sp
    
    Version 3.3 of the spsurvey package was loaded successfully.
    
    Warning in grts(design = Paneldsgn, DesignID = "UNEQUAL", type.frame = "area", :
    
    Oversample size is not proportional to category sample sizes for stratum
    "None".
    
    Error in texi2dvi(file = file, pdf = TRUE, clean = clean, quiet = quiet, :
     Running 'texi2dvi' on 'CDF_Analysis.tex' failed.
    LaTeX errors:
    ! LaTeX Error: File `chicago.sty' not found.
    
    Type X to quit or <RETURN> to proceed,
    or enter new name. (Default extension: sty)
    
    ! Emergency stop.
    <read *>
    
    l.7 \bibliographystyle
     {chicago}^^M
    ! ==> Fatal error occurred, no output PDF file produced!
    Calls: buildVignettes -> texi2pdf -> texi2dvi
    Execution halted
Flavor: r-release-osx-x86_64