CRAN Package Check Results for Package spsurvey

Last updated on 2015-05-24 03:48:15.

Flavor Version Tinstall Tcheck Ttotal Status Flags
r-devel-linux-x86_64-debian-clang 3.0 6.84 247.51 254.35 OK
r-devel-linux-x86_64-debian-gcc 3.0 8.14 269.60 277.74 OK
r-devel-linux-x86_64-fedora-clang 3.0 276.77 OK
r-devel-linux-x86_64-fedora-gcc 3.0 308.41 OK
r-devel-osx-x86_64-clang 3.0 440.17 OK
r-devel-windows-ix86+x86_64 3.0 41.00 380.00 421.00 OK
r-patched-linux-x86_64 3.0 8.65 267.78 276.43 OK
r-patched-solaris-sparc 3.0 2213.90 ERROR
r-patched-solaris-x86 3.0 762.80 OK
r-release-linux-x86_64 2.6 18.30 272.41 290.71 NOTE
r-release-osx-x86_64-mavericks 3.0 OK
r-release-osx-x86_64-snowleopard 2.6 ERROR
r-release-windows-ix86+x86_64 3.0 34.00 303.00 337.00 OK
r-oldrel-windows-ix86+x86_64 2.6 53.00 411.00 464.00 OK

Memtest notes: valgrind

Check Details

Version: 3.0
Check: running R code from vignettes
Result: ERROR
    Errors in running code in vignettes:
    when running code in ‘Area_Design.Rnw’
     ...
     5: withVisible(eval(ei, envir))
     6: source(output, echo = TRUE)
     7: doTryCatch(return(expr), name, parentenv, handler)
     8: tryCatchOne(expr, names, parentenv, handlers[[1L]])
     9: tryCatchList(expr, classes, parentenv, handlers)
    10: tryCatch({ source(output, echo = TRUE)}, error = function(e) { cat("\n When sourcing ", sQuote(output), ":\n", sep = "") stop(conditionMessage(e), call. = FALSE, domain = NA)})
    11: tools:::.run_one_vignette("Area_Design.Rnw", "/home/ripley/R/packages/tests32/spsurvey/vignettes", pkgdir = "/home/ripley/R/packages/tests32/spsurvey")
    aborting ...
    
    ... incomplete output. Crash?
    when running code in ‘Finite_Design.Rnw’
     ...
    Initial number of levels: 5
    Current number of levels: 5
    Error: Reading .shp file in grtspts.c
    Error: In C function cWtFcn.
    
     When sourcing ‘Finite_Design.R’:
    Error:
    An error occured while determining the number of levels for hierarchical
    randomization.
    Execution halted
    when running code in ‘Linear_Design.Rnw’
     ...
    Initial number of levels: 3
    Current number of levels: 3
    Error: reading shape file in C function lintFcn.
    Error: In C function lintFcn.
    
     When sourcing ‘Linear_Design.R’:
    Error:
    An error occured while determining the number of levels for hierarchical
    randomization.
    Execution halted
Flavor: r-patched-solaris-sparc

Version: 3.0
Check: re-building of vignette outputs
Result: NOTE
    Error in re-building vignettes:
     ...
    address b2c00000, cause 'memory not mapped'
    
    Traceback:
     1: .Call("readDbfFile", filename)
     2: read.dbf("UT_ecoregions")
     3: eval(expr, envir, enclos)
     4: eval(expr, .GlobalEnv)
     5: withVisible(eval(expr, .GlobalEnv))
     6: doTryCatch(return(expr), name, parentenv, handler)
     7: tryCatchOne(expr, names, parentenv, handlers[[1L]])
     8: tryCatchList(expr, classes, parentenv, handlers)
     9: tryCatch(expr, error = function(e) { call <- conditionCall(e) if (!is.null(call)) { if (identical(call[[1L]], quote(doTryCatch))) call <- sys.call(-4L) dcall <- deparse(call)[1L] prefix <- paste("Error in", dcall, ": ") LONG <- 75L msg <- conditionMessage(e) sm <- strsplit(msg, "\n")[[1L]] w <- 14L + nchar(dcall, type = "w") + nchar(sm[1L], type = "w") if (is.na(w)) w <- 14L + nchar(dcall, type = "b") + nchar(sm[1L], type = "b") if (w > LONG) prefix <- paste0(prefix, "\n ") } else prefix <- "Error : " msg <- paste0(prefix, conditionMessage(e), "\n") .Internal(seterrmessage(msg[1L])) if (!silent && identical(getOption("show.error.messages"), TRUE)) { cat(msg, file = stderr()) .Internal(printDeferredWarnings()) } invisible(structure(msg, class = "try-error", condition = e))})
    10: try(withVisible(eval(expr, .GlobalEnv)), silent = TRUE)
    11: evalFunc(ce, options)
    12: tryCatchList(expr, classes, parentenv, handlers)
    13: tryCatch(evalFunc(ce, options), finally = { cat("\n") sink()})
    14: driver$runcode(drobj, chunk, chunkopts)
    15: utils::Sweave(...)
    16: engine$weave(file, quiet = quiet, encoding = enc)
    17: doTryCatch(return(expr), name, parentenv, handler)
    18: tryCatchOne(expr, names, parentenv, handlers[[1L]])
    19: tryCatchList(expr, classes, parentenv, handlers)
    20: tryCatch({ engine$weave(file, quiet = quiet, encoding = enc) setwd(startdir) find_vignette_product(name, by = "weave", engine = engine)}, error = function(e) { stop(gettextf("processing vignette '%s' failed with diagnostics:\n%s", file, conditionMessage(e)), domain = NA, call. = FALSE)})
    21: buildVignettes(dir = "/home/ripley/R/packages/tests32/spsurvey.Rcheck/vign_test/spsurvey")
    aborting ...
Flavor: r-patched-solaris-sparc

Version: 2.6
Check: installed package size
Result: NOTE
     installed size is 5.0Mb
     sub-directories of 1Mb or more:
     doc 3.2Mb
Flavor: r-release-linux-x86_64

Version: 2.6
Check: package dependencies
Result: ERROR
    Package required but not available: ‘rgeos’
    
    See section ‘The DESCRIPTION file’ in the ‘Writing R Extensions’
    manual.
Flavor: r-release-osx-x86_64-snowleopard