CRAN Package Check Results for Package spsurvey

Last updated on 2017-08-17 20:47:08.

Flavor Version Tinstall Tcheck Ttotal Status Flags
r-devel-linux-x86_64-debian-clang 3.3 10.89 302.33 313.22 OK
r-devel-linux-x86_64-debian-gcc 3.3 10.35 310.38 320.72 OK
r-devel-linux-x86_64-fedora-clang 3.3 633.69 OK
r-devel-linux-x86_64-fedora-gcc 3.3 644.28 OK
r-devel-windows-ix86+x86_64 3.3 42.00 499.00 541.00 OK
r-patched-linux-x86_64 3.3 10.93 318.21 329.15 OK
r-patched-solaris-x86 3.3 1251.00 OK
r-release-linux-x86_64 3.3 10.61 316.36 326.97 OK
r-release-windows-ix86+x86_64 3.3 45.00 561.00 606.00 OK
r-release-osx-x86_64 3.3 NOTE
r-oldrel-windows-ix86+x86_64 3.3 46.00 624.00 670.00 OK
r-oldrel-osx-x86_64 3.3 OK

Additional issues

clang-ASAN rchk valgrind

Check Details

Version: 3.3
Check: re-building of vignette outputs
Result: NOTE
    Error in re-building vignettes:
     ...
    Loading required package: sp
    
    Version 3.3 of the spsurvey package was loaded successfully.
    
    Warning in grts(design = Paneldsgn, DesignID = "UNEQUAL", type.frame = "area", :
    
    Oversample size is not proportional to category sample sizes for stratum
    "None".
    
    Error in texi2dvi(file = file, pdf = TRUE, clean = clean, quiet = quiet, :
     Running 'texi2dvi' on 'CDF_Analysis.tex' failed.
    LaTeX errors:
    ! LaTeX Error: File `chicago.sty' not found.
    
    Type X to quit or <RETURN> to proceed,
    or enter new name. (Default extension: sty)
    
    ! Emergency stop.
    <read *>
    
    l.7 \bibliographystyle
     {chicago}^^M
    ! ==> Fatal error occurred, no output PDF file produced!
    Calls: buildVignettes -> texi2pdf -> texi2dvi
    Execution halted
Flavor: r-release-osx-x86_64