CRAN Package Check Results for Package spsurvey

Last updated on 2016-05-26 21:49:43.

Flavor Version Tinstall Tcheck Ttotal Status Flags
r-devel-linux-x86_64-debian-gcc 3.1 7.99 176.93 184.91 OK
r-devel-linux-x86_64-fedora-clang 3.1 335.03 OK
r-devel-linux-x86_64-fedora-gcc 3.1 342.31 OK
r-devel-osx-x86_64-clang 3.1 373.16 OK
r-devel-windows-ix86+x86_64 3.1 29.00 328.00 357.00 OK
r-patched-linux-x86_64 3.1 7.73 175.13 182.86 OK
r-patched-solaris-sparc 3.1 930.80 WARN
r-patched-solaris-x86 3.1 560.10 OK
r-release-linux-x86_64 3.1 7.45 173.83 181.29 OK
r-release-osx-x86_64-mavericks 3.1 OK
r-release-windows-ix86+x86_64 3.1 37.00 294.00 331.00 OK
r-oldrel-windows-ix86+x86_64 3.1 35.00 441.00 476.00 OK

Memtest notes: valgrind

Check Details

Version: 3.1
Check: re-building of vignette outputs
Result: WARN
    Error in re-building vignettes:
     ...
    Loading required package: sp
    
    Version 3.1 of the spsurvey package was loaded successfully.
    
    
    Error: processing vignette 'Area_Design.Rnw' failed with diagnostics:
     chunk 3 (label = att)
    Error in read.dbf("UT_ecoregions") :
    An error occurred while reading the dbf file(s) in the working directory.
    Execution halted
Flavor: r-patched-solaris-sparc