CRAN Package Check Results for Package spsurvey

Last updated on 2017-03-24 06:48:41.

Flavor Version Tinstall Tcheck Ttotal Status Flags
r-devel-linux-x86_64-debian-clang 3.3 10.90 303.71 314.61 OK
r-devel-linux-x86_64-debian-gcc 3.3 10.55 311.81 322.37 OK
r-devel-linux-x86_64-fedora-clang 3.3 659.08 OK --no-stop-on-test-error
r-devel-linux-x86_64-fedora-gcc 3.3 659.63 OK --no-stop-on-test-error
r-devel-macos-x86_64-clang 3.3 474.96 OK --no-stop-on-test-error
r-devel-windows-ix86+x86_64 3.3 47.00 524.00 571.00 OK
r-patched-linux-x86_64 3.3 10.17 298.43 308.60 OK
r-patched-solaris-sparc 3.3 1597.00 WARN
r-patched-solaris-x86 3.3 1272.00 OK
r-release-linux-x86_64 3.3 10.43 300.44 310.87 OK
r-release-osx-x86_64-mavericks 3.3 OK
r-release-windows-ix86+x86_64 3.3 49.00 468.00 517.00 OK
r-oldrel-windows-ix86+x86_64 3.3 58.00 1004.00 1062.00 OK

Memtest notes: valgrind

Check Details

Version: 3.3
Check: re-building of vignette outputs
Result: WARN
    Error in re-building vignettes:
     ...
    Loading required package: sp
    
    Version 3.3 of the spsurvey package was loaded successfully.
    
    
    Error: processing vignette 'Area_Design.Rnw' failed with diagnostics:
     chunk 1 (label = processor)
    Error in eval(expr, .GlobalEnv) :
    A little-endian processor is required for this vignette.
    Execution halted
Flavor: r-patched-solaris-sparc