CRAN Package Check Results for Package spsurvey

Last updated on 2014-10-31 17:49:23.

Flavor Version Tinstall Tcheck Ttotal Status Flags
r-devel-linux-x86_64-debian-clang 2.6 17.09 255.86 272.94 OK
r-devel-linux-x86_64-debian-gcc 2.6 18.41 276.44 294.84 NOTE
r-devel-linux-x86_64-fedora-clang 2.6 565.86 OK
r-devel-linux-x86_64-fedora-gcc 2.6 606.29 OK
r-devel-osx-x86_64-clang 2.6 463.42 OK
r-devel-windows-ix86+x86_64 2.6 51.00 360.00 411.00 OK
r-patched-linux-x86_64 2.6 20.26 281.23 301.48 NOTE
r-patched-solaris-sparc 2.6 2551.90 ERROR
r-patched-solaris-x86 2.6 1077.50 NOTE
r-release-linux-ix86 2.6 24.32 368.02 392.34 OK
r-release-linux-x86_64 2.6 20.35 282.87 303.22 NOTE
r-release-osx-x86_64-mavericks 2.6 ERROR
r-release-osx-x86_64-snowleopard 2.6 NOTE
r-release-windows-ix86+x86_64 2.6 58.00 373.00 431.00 OK
r-oldrel-windows-ix86+x86_64 2.6 61.00 401.00 462.00 OK

Memtest notes: valgrind

Check Details

Version: 2.6
Check: installed package size
Result: NOTE
     installed size is 5.0Mb
     sub-directories of 1Mb or more:
     doc 3.2Mb
Flavors: r-devel-linux-x86_64-debian-gcc, r-patched-linux-x86_64, r-patched-solaris-sparc, r-patched-solaris-x86, r-release-linux-x86_64

Version: 2.6
Check: running R code from vignettes
Result: ERROR
    Errors in running code in vignettes:
    when running code in ‘Area_Design.Rnw’
     ...
     4: withVisible(eval(ei, envir))
     5: source(output, echo = TRUE)
     6: doTryCatch(return(expr), name, parentenv, handler)
     7: tryCatchOne(expr, names, parentenv, handlers[[1L]])
     8: tryCatchList(expr, classes, parentenv, handlers)
     9: tryCatch({ source(output, echo = TRUE)}, error = function(e) { cat("\n When sourcing ", sQuote(output), ":\n", sep = "") stop(conditionMessage(e), call. = FALSE, domain = NA)})
    10: tools:::.run_one_vignette("Area_Design.Rnw", "/home/ripley/R/packages/tests32/spsurvey/vignettes", pkgdir = "/home/ripley/R/packages/tests32/spsurvey")
    aborting ...
    
    ... incomplete output. Crash?
    when running code in ‘Finite_Design.Rnw’
     ...
    Initial number of levels: 5
    Current number of levels: 5
    Error: Reading .shp file in grtspts.c
    Error: In C function cWtFcn.
    
     When sourcing ‘Finite_Design.R’:
    Error:
    An error occured while determining the number of levels for hierarchical
    randomization.
    Execution halted
    when running code in ‘Linear_Design.Rnw’
     ...
    Initial number of levels: 3
    Current number of levels: 3
    Error: reading shape file in C function lintFcn.
    Error: In C function lintFcn.
    
     When sourcing ‘Linear_Design.R’:
    Error:
    An error occured while determining the number of levels for hierarchical
    randomization.
    Execution halted
Flavor: r-patched-solaris-sparc

Version: 2.6
Check: package dependencies
Result: ERROR
    Package required but not available: ‘rgeos’
    
    See the information on DESCRIPTION files in the chapter ‘Creating R
    packages’ of the ‘Writing R Extensions’ manual.
Flavor: r-release-osx-x86_64-mavericks

Version: 2.6
Check: re-building of vignette outputs
Result: NOTE
    Error in re-building vignettes:
     ...
    Loading required package: sp
    
    Version 2.5 of the spsurvey package was loaded successfully.
    
    Warning in grts(design = Paneldsgn, DesignID = "UNEQUAL", type.frame = "area", :
    
    Oversample size is not proportional to category sample sizes for stratum
    "None".
    
    Error in texi2dvi(file = file, pdf = TRUE, clean = clean, quiet = quiet, :
     Running 'texi2dvi' on 'CDF_Analysis.tex' failed.
    LaTeX errors:
    ! LaTeX Error: File `chicago.sty' not found.
    
    Type X to quit or <RETURN> to proceed,
    or enter new name. (Default extension: sty)
    Calls: buildVignettes -> texi2pdf -> texi2dvi
    Execution halted
Flavor: r-release-osx-x86_64-snowleopard