CRAN Package Check Results for Package spsurvey

Last updated on 2016-07-23 14:48:40.

Flavor Version Tinstall Tcheck Ttotal Status Flags
r-devel-linux-x86_64-debian-clang 3.1 9.91 193.10 203.01 OK
r-devel-linux-x86_64-debian-gcc 3.1 10.40 196.28 206.68 OK
r-devel-linux-x86_64-fedora-clang 3.1 333.64 OK
r-devel-linux-x86_64-fedora-gcc 3.1 345.80 OK
r-devel-osx-x86_64-clang 3.1 263.07 OK
r-devel-windows-ix86+x86_64 3.1 42.00 405.00 447.00 OK
r-patched-linux-x86_64 3.1 9.56 196.92 206.48 OK
r-patched-solaris-sparc 3.1 932.30 WARN
r-patched-solaris-x86 3.1 545.00 OK
r-release-linux-x86_64 3.1 8.98 195.36 204.34 OK
r-release-osx-x86_64-mavericks 3.1 OK
r-release-windows-ix86+x86_64 3.1 28.00 406.00 434.00 OK
r-oldrel-windows-ix86+x86_64 3.1 43.00 471.00 514.00 OK

Memtest notes: valgrind

Check Details

Version: 3.1
Check: re-building of vignette outputs
Result: WARN
    Error in re-building vignettes:
     ...
    Loading required package: sp
    
    Version 3.1 of the spsurvey package was loaded successfully.
    
    
    Error: processing vignette 'Area_Design.Rnw' failed with diagnostics:
     chunk 3 (label = att)
    Error in read.dbf("UT_ecoregions") :
    An error occurred while reading the dbf file(s) in the working directory.
    Execution halted
Flavor: r-patched-solaris-sparc