CRAN Package Check Results for Package spsurvey

Last updated on 2018-06-24 09:49:25 CEST.

Flavor Version Tinstall Tcheck Ttotal Status Flags
r-devel-linux-x86_64-debian-clang 3.4 38.36 477.66 516.02 OK
r-devel-linux-x86_64-debian-gcc 3.4 29.39 367.58 396.97 OK
r-devel-linux-x86_64-fedora-clang 3.4 626.98 OK
r-devel-linux-x86_64-fedora-gcc 3.4 361.48 OK
r-devel-windows-ix86+x86_64 3.4 86.00 536.00 622.00 OK
r-patched-linux-x86_64 3.4 32.15 474.27 506.42 OK
r-patched-solaris-x86 3.4 1279.50 OK
r-release-linux-x86_64 3.4 32.89 475.08 507.97 OK
r-release-windows-ix86+x86_64 3.4 91.00 467.00 558.00 OK
r-release-osx-x86_64 3.4 OK
r-oldrel-windows-ix86+x86_64 3.4 54.00 521.00 575.00 OK
r-oldrel-osx-x86_64 3.3 NOTE

Check Details

Version: 3.3
Check: re-building of vignette outputs
Result: NOTE
    Error in re-building vignettes:
     ...
    Loading required package: sp
    
    Version 3.3 of the spsurvey package was loaded successfully.
    
    Warning in grts(design = Paneldsgn, DesignID = "UNEQUAL", type.frame = "area", :
    
    Oversample size is not proportional to category sample sizes for stratum
    "None".
    
    Error in texi2dvi(file = file, pdf = TRUE, clean = clean, quiet = quiet, :
     Running 'texi2dvi' on 'CDF_Analysis.tex' failed.
    LaTeX errors:
    ! LaTeX Error: File `chicago.sty' not found.
    
    Type X to quit or <RETURN> to proceed,
    or enter new name. (Default extension: sty)
    
    ! Emergency stop.
    <read *>
    
    l.7 \bibliographystyle
     {chicago}^^M
    ! ==> Fatal error occurred, no output PDF file produced!
    Calls: buildVignettes -> texi2pdf -> texi2dvi
    Execution halted
Flavor: r-oldrel-osx-x86_64