CRAN Package Check Results for Package spsurvey

Last updated on 2017-02-20 13:51:20.

Flavor Version Tinstall Tcheck Ttotal Status Flags
r-devel-linux-x86_64-debian-clang 3.3 10.36 307.48 317.84 OK
r-devel-linux-x86_64-debian-gcc 3.3 10.63 314.54 325.17 OK
r-devel-linux-x86_64-fedora-clang 3.3 652.01 OK --no-stop-on-test-error
r-devel-linux-x86_64-fedora-gcc 3.3 661.54 OK --no-stop-on-test-error
r-devel-macos-x86_64-clang 3.3 477.05 OK --no-stop-on-test-error
r-devel-windows-ix86+x86_64 3.3 66.00 534.00 600.00 OK
r-patched-linux-x86_64 3.3 10.42 298.50 308.92 OK
r-patched-solaris-sparc 3.3 1414.60 WARN
r-patched-solaris-x86 3.3 1087.80 OK
r-release-linux-x86_64 3.3 10.22 293.59 303.81 OK
r-release-osx-x86_64-mavericks 3.3 OK
r-release-windows-ix86+x86_64 3.3 36.00 537.00 573.00 OK
r-oldrel-windows-ix86+x86_64 3.3 43.00 860.00 903.00 OK

Memtest notes: valgrind

Check Details

Version: 3.3
Check: re-building of vignette outputs
Result: WARN
    Error in re-building vignettes:
     ...
    Loading required package: sp
    
    Version 3.3 of the spsurvey package was loaded successfully.
    
    
    Error: processing vignette 'Area_Design.Rnw' failed with diagnostics:
     chunk 1 (label = processor)
    Error in eval(expr, envir, enclos) :
    A little-endian processor is required for this vignette.
    Execution halted
Flavor: r-patched-solaris-sparc