CRAN Package Check Results for Package spsurvey

Last updated on 2015-04-19 05:50:04.

Flavor Version Tinstall Tcheck Ttotal Status Flags
r-devel-linux-x86_64-debian-clang 2.6 17.10 242.94 260.04 OK
r-devel-linux-x86_64-debian-gcc 2.6 18.74 269.16 287.90 NOTE
r-devel-linux-x86_64-fedora-clang 2.6 529.05 OK
r-devel-linux-x86_64-fedora-gcc 2.6 566.12 OK
r-devel-osx-x86_64-clang 2.6 457.37 OK
r-patched-linux-x86_64 2.6 18.35 265.86 284.20 NOTE
r-patched-solaris-sparc 2.6 ERROR
r-patched-solaris-x86 2.6 1017.10 NOTE
r-release-linux-x86_64 2.6 18.06 245.30 263.36 NOTE
r-release-osx-x86_64-mavericks 2.6 ERROR
r-release-osx-x86_64-snowleopard 2.6 ERROR
r-release-windows-ix86+x86_64 2.6 55.00 462.00 517.00 OK
r-oldrel-windows-ix86+x86_64 2.6 61.00 530.00 591.00 OK

Memtest notes: valgrind

Check Details

Version: 2.6
Check: installed package size
Result: NOTE
     installed size is 5.0Mb
     sub-directories of 1Mb or more:
     doc 3.2Mb
Flavors: r-devel-linux-x86_64-debian-gcc, r-patched-linux-x86_64, r-patched-solaris-sparc, r-patched-solaris-x86, r-release-linux-x86_64

Version: 2.6
Check: running R code from vignettes
Result: ERROR
    Errors in running code in vignettes:
    when running code in ‘Area_Design.Rnw’
     ...
     4: withVisible(eval(ei, envir))
     5: source(output, echo = TRUE)
     6: doTryCatch(return(expr), name, parentenv, handler)
     7: tryCatchOne(expr, names, parentenv, handlers[[1L]])
     8: tryCatchList(expr, classes, parentenv, handlers)
     9: tryCatch({ source(output, echo = TRUE)}, error = function(e) { cat("\n When sourcing ", sQuote(output), ":\n", sep = "") stop(conditionMessage(e), call. = FALSE, domain = NA)})
    10: tools:::.run_one_vignette("Area_Design.Rnw", "/home/ripley/R/packages/tests32/spsurvey/vignettes", pkgdir = "/home/ripley/R/packages/tests32/spsurvey")
    aborting ...
    
    ... incomplete output. Crash?
    when running code in ‘Finite_Design.Rnw’
     ...
    Initial number of levels: 5
    Current number of levels: 5
    Error: Reading .shp file in grtspts.c
    Error: In C function cWtFcn.
    
     When sourcing ‘Finite_Design.R’:
    Error:
    An error occured while determining the number of levels for hierarchical
    randomization.
    Execution halted
    when running code in ‘Linear_Design.Rnw’
     ...
    Initial number of levels: 3
    Current number of levels: 3
    Error: reading shape file in C function lintFcn.
    Error: In C function lintFcn.
    
     When sourcing ‘Linear_Design.R’:
    Error:
    An error occured while determining the number of levels for hierarchical
    randomization.
    Execution halted
Flavor: r-patched-solaris-sparc

Version: 2.6
Check: re-building of vignette outputs
Result: NOTE
    Error in re-building vignettes:
     ...
     *** caught segfault ***
    address b2800000, cause 'memory not mapped'
    
    Traceback:
     1: read.dbf("UT_ecoregions")
     2: eval(expr, envir, enclos)
     3: eval(expr, .GlobalEnv)
     4: withVisible(eval(expr, .GlobalEnv))
     5: doTryCatch(return(expr), name, parentenv, handler)
     6: tryCatchOne(expr, names, parentenv, handlers[[1L]])
     7: tryCatchList(expr, classes, parentenv, handlers)
     8: tryCatch(expr, error = function(e) { call <- conditionCall(e) if (!is.null(call)) { if (identical(call[[1L]], quote(doTryCatch))) call <- sys.call(-4L) dcall <- deparse(call)[1L] prefix <- paste("Error in", dcall, ": ") LONG <- 75L msg <- conditionMessage(e) sm <- strsplit(msg, "\n")[[1L]] w <- 14L + nchar(dcall, type = "w") + nchar(sm[1L], type = "w") if (is.na(w)) w <- 14L + nchar(dcall, type = "b") + nchar(sm[1L], type = "b") if (w > LONG) prefix <- paste0(prefix, "\n ") } else prefix <- "Error : " msg <- paste0(prefix, conditionMessage(e), "\n") .Internal(seterrmessage(msg[1L])) if (!silent && identical(getOption("show.error.messages"), TRUE)) { cat(msg, file = stderr()) .Internal(printDeferredWarnings()) } invisible(structure(msg, class = "try-error", condition = e))})
     9: try(withVisible(eval(expr, .GlobalEnv)), silent = TRUE)
    10: evalFunc(ce, options)
    11: tryCatchList(expr, classes, parentenv, handlers)
    12: tryCatch(evalFunc(ce, options), finally = { cat("\n") sink()})
    13: driver$runcode(drobj, chunk, chunkopts)
    14: utils::Sweave(...)
    15: engine$weave(file, quiet = quiet, encoding = enc)
    16: doTryCatch(return(expr), name, parentenv, handler)
    17: tryCatchOne(expr, names, parentenv, handlers[[1L]])
    18: tryCatchList(expr, classes, parentenv, handlers)
    19: tryCatch({ engine$weave(file, quiet = quiet, encoding = enc) setwd(startdir) find_vignette_product(name, by = "weave", engine = engine)}, error = function(e) { stop(gettextf("processing vignette '%s' failed with diagnostics:\n%s", file, conditionMessage(e)), domain = NA, call. = FALSE)})
    20: buildVignettes(dir = "/home/ripley/R/packages/tests32/spsurvey.Rcheck/vign_test/spsurvey")
    aborting ...
Flavor: r-patched-solaris-sparc

Version: 2.6
Check: package dependencies
Result: ERROR
    Package required but not available: ‘rgeos’
    
    See section ‘The DESCRIPTION file’ in the ‘Writing R Extensions’
    manual.
Flavors: r-release-osx-x86_64-mavericks, r-release-osx-x86_64-snowleopard