CRAN Package Check Results for Package spsurvey

Last updated on 2016-04-30 06:47:43.

Flavor Version Tinstall Tcheck Ttotal Status Flags
r-devel-linux-x86_64-debian-gcc 3.1 7.67 175.91 183.57 OK
r-devel-linux-x86_64-fedora-clang 3.1 334.34 OK
r-devel-linux-x86_64-fedora-gcc 3.1 339.36 OK
r-devel-osx-x86_64-clang 3.1 371.08 OK
r-devel-windows-ix86+x86_64 3.1 30.00 312.00 342.00 OK
r-patched-linux-x86_64 3.1 7.39 171.38 178.77 OK
r-patched-solaris-sparc 3.1 937.30 WARN
r-patched-solaris-x86 3.1 578.90 OK
r-release-linux-x86_64 3.1 7.56 278.63 286.19 OK
r-release-osx-x86_64-mavericks 3.1 OK
r-release-windows-ix86+x86_64 3.1 34.00 418.00 452.00 OK
r-oldrel-windows-ix86+x86_64 3.1 44.00 430.00 474.00 OK

Memtest notes: valgrind

Check Details

Version: 3.1
Check: re-building of vignette outputs
Result: WARN
    Error in re-building vignettes:
     ...
    Loading required package: sp
    
    Version 3.1 of the spsurvey package was loaded successfully.
    
    
    Error: processing vignette 'Area_Design.Rnw' failed with diagnostics:
     chunk 3 (label = att)
    Error in read.dbf("UT_ecoregions") :
    An error occurred while reading the dbf file(s) in the working directory.
    Execution halted
Flavor: r-patched-solaris-sparc