CRAN Package Check Results for Package spsurvey

Last updated on 2017-01-20 19:47:25.

Flavor Version Tinstall Tcheck Ttotal Status Flags
r-devel-linux-x86_64-debian-clang 3.3 10.71 304.31 315.02 OK
r-devel-linux-x86_64-debian-gcc 3.3 10.41 310.79 321.20 OK
r-devel-linux-x86_64-fedora-clang 3.3 642.66 OK --no-stop-on-test-error
r-devel-linux-x86_64-fedora-gcc 3.3 687.88 OK --no-stop-on-test-error
r-devel-macos-x86_64-clang 3.3 472.67 OK --no-stop-on-test-error
r-devel-windows-ix86+x86_64 3.3 53.00 696.00 749.00 OK
r-patched-linux-x86_64 3.3 10.08 295.82 305.90 OK
r-patched-solaris-sparc 3.3 1414.60 WARN
r-patched-solaris-x86 3.3 1147.30 OK
r-release-linux-x86_64 3.3 9.76 297.30 307.06 OK
r-release-osx-x86_64-mavericks 3.3 OK
r-release-windows-ix86+x86_64 3.3 37.00 548.00 585.00 OK
r-oldrel-windows-ix86+x86_64 3.3 57.00 1009.00 1066.00 OK

Memtest notes: valgrind

Check Details

Version: 3.3
Check: re-building of vignette outputs
Result: WARN
    Error in re-building vignettes:
     ...
    Loading required package: sp
    
    Version 3.3 of the spsurvey package was loaded successfully.
    
    
    Error: processing vignette 'Area_Design.Rnw' failed with diagnostics:
     chunk 1 (label = processor)
    Error in eval(expr, envir, enclos) :
    A little-endian processor is required for this vignette.
    Execution halted
Flavor: r-patched-solaris-sparc