CRAN Package Check Results for Package spsurvey

Last updated on 2016-02-08 19:48:40.

Flavor Version Tinstall Tcheck Ttotal Status Flags
r-devel-linux-x86_64-debian-gcc 3.1 7.74 174.15 181.89 OK
r-devel-linux-x86_64-fedora-clang 3.1 336.51 OK
r-devel-linux-x86_64-fedora-gcc 3.1 343.57 OK
r-devel-osx-x86_64-clang 3.1 366.45 OK
r-devel-windows-ix86+x86_64 3.1 46.00 309.00 355.00 OK
r-patched-linux-x86_64 3.1 7.81 272.54 280.35 OK
r-patched-solaris-sparc 3.1 2314.80 ERROR
r-patched-solaris-x86 3.1 903.20 OK
r-release-linux-x86_64 3.1 7.62 272.53 280.14 OK
r-release-osx-x86_64-mavericks 3.1 OK
r-release-windows-ix86+x86_64 3.1 45.00 371.00 416.00 OK
r-oldrel-windows-ix86+x86_64 3.1 43.00 415.00 458.00 OK

Memtest notes: valgrind

Check Details

Version: 3.1
Check: running R code from vignettes
Result: ERROR
    Errors in running code in vignettes:
    when running code in ‘Area_Design.Rnw’
     ...
    > sp2shape(sp.obj = UT_ecoregions, shpfilename = "UT_ecoregions")
    
    > att <- read.dbf("UT_ecoregions")
    Error: Unrecognized shape type.
    Error: Occured in C function readDbfFile.
    
     When sourcing ‘Area_Design.R’:
    Error:
    An error occurred while reading the dbf file(s) in the working directory.
    Execution halted
    when running code in ‘Finite_Design.Rnw’
     ...
    > sp2shape(sp.obj = NE_lakes, shpfilename = "NE_lakes")
    
    > att <- read.dbf("NE_lakes")
    Error: Unrecognized shape type.
    Error: Occured in C function readDbfFile.
    
     When sourcing ‘Finite_Design.R’:
    Error:
    An error occurred while reading the dbf file(s) in the working directory.
    Execution halted
    when running code in ‘Linear_Design.Rnw’
     ...
    > sp2shape(sp.obj = Luck_Ash_streams, shpfilename = "Luck_Ash_streams")
    
    > att <- read.dbf("Luck_Ash_streams")
    Error: Unrecognized shape type.
    Error: Occured in C function readDbfFile.
    
     When sourcing ‘Linear_Design.R’:
    Error:
    An error occurred while reading the dbf file(s) in the working directory.
    Execution halted
Flavor: r-patched-solaris-sparc

Version: 3.1
Check: re-building of vignette outputs
Result: NOTE
    Error in re-building vignettes:
     ...
    Loading required package: sp
    
    Version 3.1 of the spsurvey package was loaded successfully.
    
    
    Error: processing vignette 'Area_Design.Rnw' failed with diagnostics:
     chunk 3 (label = att)
    Error in read.dbf("UT_ecoregions") :
    An error occurred while reading the dbf file(s) in the working directory.
    Execution halted
Flavor: r-patched-solaris-sparc