CRAN Package Check Results for Package spsurvey

Last updated on 2016-06-28 12:47:04.

Flavor Version Tinstall Tcheck Ttotal Status Flags
r-devel-linux-x86_64-debian-gcc 3.1 8.03 178.61 186.64 OK
r-devel-linux-x86_64-fedora-clang 3.1 341.97 OK
r-devel-linux-x86_64-fedora-gcc 3.1 342.10 OK
r-devel-osx-x86_64-clang 3.1 260.36 OK
r-devel-windows-ix86+x86_64 3.1 41.00 272.00 313.00 OK
r-patched-linux-x86_64 3.1 7.91 177.79 185.70 OK
r-patched-solaris-sparc 3.1 932.30 WARN
r-patched-solaris-x86 3.1 581.80 OK
r-release-linux-x86_64 3.1 7.50 174.76 182.25 OK
r-release-osx-x86_64-mavericks 3.1 OK
r-release-windows-ix86+x86_64 3.1 41.00 283.00 324.00 OK
r-oldrel-windows-ix86+x86_64 3.1 45.00 403.00 448.00 OK

Memtest notes: valgrind

Check Details

Version: 3.1
Check: re-building of vignette outputs
Result: WARN
    Error in re-building vignettes:
     ...
    Loading required package: sp
    
    Version 3.1 of the spsurvey package was loaded successfully.
    
    
    Error: processing vignette 'Area_Design.Rnw' failed with diagnostics:
     chunk 3 (label = att)
    Error in read.dbf("UT_ecoregions") :
    An error occurred while reading the dbf file(s) in the working directory.
    Execution halted
Flavor: r-patched-solaris-sparc