CRAN Package Check Results for Package spsurvey

Last updated on 2016-12-04 16:47:33.

Flavor Version Tinstall Tcheck Ttotal Status Flags
r-devel-linux-x86_64-debian-clang 3.3 10.77 311.82 322.59 OK
r-devel-linux-x86_64-debian-gcc 3.3 10.59 315.95 326.55 OK
r-devel-linux-x86_64-fedora-clang 3.3 655.96 OK --no-stop-on-test-error
r-devel-linux-x86_64-fedora-gcc 3.3 660.75 OK
r-devel-macos-x86_64-clang 3.3 474.75 OK --no-stop-on-test-error
r-devel-windows-ix86+x86_64 3.3 35.00 512.00 547.00 OK
r-patched-linux-x86_64 3.3 9.78 293.18 302.96 OK
r-patched-solaris-sparc 3.3 1401.10 WARN
r-patched-solaris-x86 3.3 1147.70 OK
r-release-linux-x86_64 3.3 9.91 300.84 310.75 OK
r-release-osx-x86_64-mavericks 3.3 OK
r-release-windows-ix86+x86_64 3.3 53.00 524.00 577.00 OK
r-oldrel-windows-ix86+x86_64 3.3 43.00 814.00 857.00 OK

Memtest notes: valgrind

Check Details

Version: 3.3
Check: re-building of vignette outputs
Result: WARN
    Error in re-building vignettes:
     ...
    Loading required package: sp
    
    Version 3.3 of the spsurvey package was loaded successfully.
    
    
    Error: processing vignette 'Area_Design.Rnw' failed with diagnostics:
     chunk 1 (label = processor)
    Error in eval(expr, envir, enclos) :
    A little-endian processor is required for this vignette.
    Execution halted
Flavor: r-patched-solaris-sparc