CRAN Package Check Results for Package spsurvey

Last updated on 2017-06-28 01:55:19.

Flavor Version Tinstall Tcheck Ttotal Status Flags
r-devel-linux-x86_64-debian-clang 3.3 11.15 303.93 315.08 OK
r-devel-linux-x86_64-debian-gcc 3.3 10.47 325.48 335.95 OK
r-devel-linux-x86_64-fedora-clang 3.3 640.43 OK
r-devel-linux-x86_64-fedora-gcc 3.3 645.52 OK
r-devel-windows-ix86+x86_64 3.3 67.00 518.00 585.00 OK
r-patched-linux-x86_64 3.3 10.62 311.24 321.85 OK
r-patched-solaris-sparc 3.3 1597.00 WARN
r-patched-solaris-x86 3.3 1255.00 OK
r-release-linux-x86_64 3.3 10.59 318.21 328.81 OK
r-release-windows-ix86+x86_64 3.3 46.00 708.00 754.00 OK
r-release-osx-x86_64 3.3 NOTE
r-oldrel-windows-ix86+x86_64 3.3 61.00 655.00 716.00 OK
r-oldrel-osx-x86_64 3.3 OK

Additional issues

rchk valgrind

Check Details

Version: 3.3
Check: re-building of vignette outputs
Result: WARN
    Error in re-building vignettes:
     ...
    Loading required package: sp
    
    Version 3.3 of the spsurvey package was loaded successfully.
    
    
    Error: processing vignette 'Area_Design.Rnw' failed with diagnostics:
     chunk 1 (label = processor)
    Error in eval(expr, .GlobalEnv) :
    A little-endian processor is required for this vignette.
    Execution halted
Flavor: r-patched-solaris-sparc

Version: 3.3
Check: re-building of vignette outputs
Result: NOTE
    Error in re-building vignettes:
     ...
    Loading required package: sp
    
    Version 3.3 of the spsurvey package was loaded successfully.
    
    Warning in grts(design = Paneldsgn, DesignID = "UNEQUAL", type.frame = "area", :
    
    Oversample size is not proportional to category sample sizes for stratum
    "None".
    
    Error in texi2dvi(file = file, pdf = TRUE, clean = clean, quiet = quiet, :
     Running 'texi2dvi' on 'CDF_Analysis.tex' failed.
    LaTeX errors:
    ! LaTeX Error: File `chicago.sty' not found.
    
    Type X to quit or <RETURN> to proceed,
    or enter new name. (Default extension: sty)
    
    ! Emergency stop.
    <read *>
    
    l.7 \bibliographystyle
     {chicago}^^M
    ! ==> Fatal error occurred, no output PDF file produced!
    Calls: buildVignettes -> texi2pdf -> texi2dvi
    Execution halted
Flavor: r-release-osx-x86_64