CRAN Package Check Results for Package spt

Last updated on 2017-12-18 05:48:21 CET.

Flavor Version Tinstall Tcheck Ttotal Status Flags
r-devel-linux-x86_64-debian-clang 1.13-8-8 1.27 16.66 17.93 NOTE
r-devel-linux-x86_64-debian-gcc NOTE
r-devel-linux-x86_64-fedora-clang 1.13-8-8 23.08 NOTE
r-devel-linux-x86_64-fedora-gcc 1.13-8-8 22.56 NOTE
r-devel-windows-ix86+x86_64 1.13-8-8 7.00 30.00 37.00 NOTE
r-patched-linux-x86_64 1.13-8-8 1.14 16.92 18.06 NOTE
r-patched-solaris-x86 1.13-8-8 32.00 NOTE
r-release-linux-x86_64 1.13-8-8 1.32 16.94 18.26 NOTE
r-release-windows-ix86+x86_64 1.13-8-8 7.00 33.00 40.00 NOTE
r-release-osx-x86_64 1.13-8-8 NOTE
r-oldrel-windows-ix86+x86_64 1.13-8-8 5.00 28.00 33.00 NOTE
r-oldrel-osx-x86_64 1.13-8-8 NOTE

Check Details

Version: 1.13-8-8
Check: S3 generic/method consistency
Result: NOTE
    Found the following apparent S3 methods exported but not registered:
     chaos.default chaos.spt chaos.st plot.spt plot.st print.spt print.st
    See section ‘Registering S3 methods’ in the ‘Writing R Extensions’
    manual.
Flavors: r-devel-linux-x86_64-debian-clang, r-devel-linux-x86_64-debian-gcc, r-devel-linux-x86_64-fedora-clang, r-devel-linux-x86_64-fedora-gcc, r-patched-linux-x86_64, r-patched-solaris-x86, r-release-linux-x86_64

Version: 1.13-8-8
Check: R code for possible problems
Result: NOTE
    .GameSPT: no visible global function definition for ‘runif’
    .GameSPT: no visible global function definition for ‘points’
    .GameST: no visible global function definition for ‘runif’
    .GameST: no visible global function definition for ‘points’
    .arc: no visible global function definition for ‘lines’
    .ptpedal: no visible global function definition for ‘polygon’
    .sptpedal2: no visible global function definition for ‘segments’
    .sptpedal3: no visible global function definition for ‘polygon’
    .sptpedal4: no visible global function definition for ‘polygon’
    chaos.spt: no visible global function definition for ‘plot’
    chaos.spt: no visible global function definition for ‘polygon’
    chaos.spt: no visible global function definition for ‘runif’
    chaos.spt: no visible global function definition for ‘points’
    chaos.st: no visible global function definition for ‘plot’
    chaos.st: no visible global function definition for ‘polygon’
    chaos.st: no visible global function definition for ‘runif’
    chaos.st: no visible global function definition for ‘points’
    plot.spt: no visible global function definition for ‘plot’
    plot.spt: no visible global function definition for ‘polygon’
    plot.st: no visible global function definition for ‘plot’
    plot.st: no visible global function definition for ‘polygon’
    Undefined global functions or variables:
     lines plot points polygon runif segments
    Consider adding
     importFrom("graphics", "lines", "plot", "points", "polygon",
     "segments")
     importFrom("stats", "runif")
    to your NAMESPACE file.
Flavors: r-devel-linux-x86_64-debian-clang, r-devel-linux-x86_64-debian-gcc, r-devel-linux-x86_64-fedora-clang, r-devel-linux-x86_64-fedora-gcc, r-devel-windows-ix86+x86_64, r-patched-linux-x86_64, r-patched-solaris-x86, r-release-linux-x86_64, r-release-windows-ix86+x86_64, r-release-osx-x86_64, r-oldrel-windows-ix86+x86_64, r-oldrel-osx-x86_64