CRAN Package Check Results for Package spup

Last updated on 2020-05-27 14:49:06 CEST.

Flavor Version Tinstall Tcheck Ttotal Status Flags
r-devel-linux-x86_64-debian-clang 1.3-2 12.09 171.03 183.12 OK
r-devel-linux-x86_64-debian-gcc 1.3-2 9.75 128.32 138.07 OK
r-devel-linux-x86_64-fedora-clang 1.3-2 198.16 NOTE
r-devel-linux-x86_64-fedora-gcc 1.3-2 219.26 NOTE
r-devel-windows-ix86+x86_64 1.3-2 28.00 243.00 271.00 OK
r-patched-linux-x86_64 1.3-2 11.55 167.63 179.18 OK
r-patched-solaris-x86 1.3-2 319.30 NOTE
r-release-linux-x86_64 1.3-2 12.21 169.18 181.39 OK
r-release-osx-x86_64 1.3-2 NOTE
r-release-windows-ix86+x86_64 1.3-2 22.00 238.00 260.00 OK
r-oldrel-osx-x86_64 1.3-2 NOTE
r-oldrel-windows-ix86+x86_64 1.3-2 27.00 170.00 197.00 OK

Check Details

Version: 1.3-2
Check: dependencies in R code
Result: NOTE
    Namespace in Imports field not imported from: ‘sp’
     All declared Imports should be used.
Flavors: r-devel-linux-x86_64-fedora-clang, r-devel-linux-x86_64-fedora-gcc, r-patched-solaris-x86, r-release-osx-x86_64, r-oldrel-osx-x86_64