CRAN Package Check Results for Package sqldf

Last updated on 2017-05-23 18:48:48.

Flavor Version Tinstall Tcheck Ttotal Status Flags
r-devel-linux-x86_64-debian-clang 0.4-10 1.88 23.04 24.92 NOTE
r-devel-linux-x86_64-debian-gcc 0.4-10 1.98 22.88 24.87 NOTE
r-devel-linux-x86_64-fedora-clang 0.4-10 48.59 NOTE --no-stop-on-test-error
r-devel-linux-x86_64-fedora-gcc 0.4-10 44.12 NOTE --no-stop-on-test-error
r-devel-windows-ix86+x86_64 0.4-10 7.00 49.00 56.00 NOTE
r-patched-linux-x86_64 0.4-10 1.94 23.09 25.03 NOTE
r-patched-solaris-sparc 0.4-10 290.90 NOTE
r-patched-solaris-x86 0.4-10 66.20 NOTE
r-release-linux-x86_64 0.4-10 2.19 23.08 25.27 NOTE
r-release-windows-ix86+x86_64 0.4-10 5.00 61.00 66.00 NOTE
r-release-osx-x86_64 0.4-10 NOTE
r-oldrel-windows-ix86+x86_64 0.4-10 7.00 56.00 63.00 NOTE
r-oldrel-osx-x86_64 0.4-10 WARN

Check Details

Version: 0.4-10
Check: dependencies in R code
Result: NOTE
    'library' or 'require' call to ‘tcltk’ in package code.
     Please use :: or requireNamespace() instead.
     See section 'Suggested packages' in the 'Writing R Extensions' manual.
Flavors: r-devel-linux-x86_64-debian-clang, r-devel-linux-x86_64-debian-gcc, r-devel-windows-ix86+x86_64, r-patched-linux-x86_64, r-patched-solaris-sparc, r-patched-solaris-x86, r-release-linux-x86_64, r-release-windows-ix86+x86_64, r-release-osx-x86_64, r-oldrel-windows-ix86+x86_64

Version: 0.4-10
Check: R code for possible problems
Result: NOTE
    read.csv.sql: no visible global function definition for ‘download.file’
    sqldf: no visible global function definition for ‘modifyList’
    sqldf: no visible global function definition for ‘head’
    Undefined global functions or variables:
     download.file head modifyList
    Consider adding
     importFrom("utils", "download.file", "head", "modifyList")
    to your NAMESPACE file.
Flavors: r-devel-linux-x86_64-debian-clang, r-devel-linux-x86_64-debian-gcc, r-devel-windows-ix86+x86_64, r-patched-linux-x86_64, r-patched-solaris-sparc, r-patched-solaris-x86, r-release-linux-x86_64, r-release-windows-ix86+x86_64, r-release-osx-x86_64, r-oldrel-windows-ix86+x86_64, r-oldrel-osx-x86_64

Version: 0.4-10
Flags: --no-stop-on-test-error
Check: dependencies in R code
Result: NOTE
    'library' or 'require' call to ‘tcltk’ in package code.
     Please use :: or requireNamespace() instead.
     See section 'Suggested packages' in the 'Writing R Extensions' manual.
Flavors: r-devel-linux-x86_64-fedora-clang, r-devel-linux-x86_64-fedora-gcc

Version: 0.4-10
Flags: --no-stop-on-test-error
Check: R code for possible problems
Result: NOTE
    read.csv.sql: no visible global function definition for ‘download.file’
    sqldf: no visible global function definition for ‘modifyList’
    sqldf: no visible global function definition for ‘head’
    Undefined global functions or variables:
     download.file head modifyList
    Consider adding
     importFrom("utils", "download.file", "head", "modifyList")
    to your NAMESPACE file.
Flavors: r-devel-linux-x86_64-fedora-clang, r-devel-linux-x86_64-fedora-gcc

Version: 0.4-10
Check: package dependencies
Result: NOTE
    Package suggested but not available for checking: ‘RMySQL’
Flavors: r-patched-solaris-sparc, r-patched-solaris-x86

Version: 0.4-10
Check: package dependencies
Result: NOTE
    Package suggested but not available for checking: ‘RPostgreSQL’
Flavors: r-release-osx-x86_64, r-oldrel-osx-x86_64

Version: 0.4-10
Check: dependencies in R code
Result: NOTE
    Invalid MIT-MAGIC-COOKIE-1 keyInvalid MIT-MAGIC-COOKIE-1 key'library' or 'require' call to ‘tcltk’ in package code.
     Please use :: or requireNamespace() instead.
     See section 'Suggested packages' in the 'Writing R Extensions' manual.
Flavor: r-oldrel-osx-x86_64

Version: 0.4-10
Check: S3 generic/method consistency
Result: WARN
    Invalid MIT-MAGIC-COOKIE-1 keyInvalid MIT-MAGIC-COOKIE-1 key
    See section ‘Generic functions and methods’ in the ‘Writing R
    Extensions’ manual.
Flavor: r-oldrel-osx-x86_64

Version: 0.4-10
Check: replacement functions
Result: WARN
    Invalid MIT-MAGIC-COOKIE-1 keyInvalid MIT-MAGIC-COOKIE-1 key
    The argument of a replacement function which corresponds to the right
    hand side must be named ‘value’.
Flavor: r-oldrel-osx-x86_64

Version: 0.4-10
Check: foreign function calls
Result: NOTE
    Invalid MIT-MAGIC-COOKIE-1 keyInvalid MIT-MAGIC-COOKIE-1 key
    See chapter ‘System and foreign language interfaces’ in the ‘Writing R
    Extensions’ manual.
Flavor: r-oldrel-osx-x86_64

Version: 0.4-10
Check: for missing documentation entries
Result: WARN
    Invalid MIT-MAGIC-COOKIE-1 keyInvalid MIT-MAGIC-COOKIE-1 key
    All user-level objects in a package should have documentation entries.
    See chapter ‘Writing R documentation files’ in the ‘Writing R
    Extensions’ manual.
Flavor: r-oldrel-osx-x86_64

Version: 0.4-10
Check: for code/documentation mismatches
Result: WARN
    Invalid MIT-MAGIC-COOKIE-1 keyInvalid MIT-MAGIC-COOKIE-1 key
    Invalid MIT-MAGIC-COOKIE-1 keyInvalid MIT-MAGIC-COOKIE-1 key
    Invalid MIT-MAGIC-COOKIE-1 keyInvalid MIT-MAGIC-COOKIE-1 key
Flavor: r-oldrel-osx-x86_64

Version: 0.4-10
Check: Rd \usage sections
Result: NOTE
    Invalid MIT-MAGIC-COOKIE-1 keyInvalid MIT-MAGIC-COOKIE-1 key
    The \usage entries for S3 methods should use the \method markup and not
    their full name.
    See chapter ‘Writing R documentation files’ in the ‘Writing R
    Extensions’ manual.
Flavor: r-oldrel-osx-x86_64