CRAN Package Check Results for Package sqldf

Last updated on 2017-11-21 21:53:37 CET.

Flavor Version Tinstall Tcheck Ttotal Status Flags
r-devel-linux-x86_64-debian-clang 0.4-11 2.26 23.62 25.88 OK
r-devel-linux-x86_64-debian-gcc 0.4-11 1.95 61.08 63.02 OK
r-devel-linux-x86_64-fedora-clang 0.4-11 42.44 OK
r-devel-linux-x86_64-fedora-gcc 0.4-11 83.27 OK
r-devel-windows-ix86+x86_64 0.4-11 6.00 49.00 55.00 OK
r-patched-linux-x86_64 0.4-11 2.83 24.81 27.64 OK
r-patched-solaris-x86 0.4-11 74.60 NOTE
r-release-linux-x86_64 0.4-11 2.37 25.58 27.94 OK
r-release-windows-ix86+x86_64 0.4-11 5.00 75.00 80.00 OK
r-release-osx-x86_64 0.4-11 OK
r-oldrel-windows-ix86+x86_64 0.4-11 6.00 53.00 59.00 OK
r-oldrel-osx-x86_64 0.4-11 OK

Check Details

Version: 0.4-11
Check: package dependencies
Result: NOTE
    Package suggested but not available for checking: ‘RMySQL’
Flavor: r-patched-solaris-x86