CRAN Package Check Results for Package sqldf

Last updated on 2017-10-24 05:47:57.

Flavor Version Tinstall Tcheck Ttotal Status Flags
r-devel-linux-x86_64-debian-clang 0.4-11 2.14 24.62 26.76 OK
r-devel-linux-x86_64-debian-gcc 0.4-11 2.02 28.04 30.06 OK
r-devel-linux-x86_64-fedora-clang 0.4-11 46.99 OK
r-devel-linux-x86_64-fedora-gcc 0.4-11 46.11 OK
r-devel-windows-ix86+x86_64 0.4-11 5.00 63.00 68.00 OK
r-patched-linux-x86_64 0.4-11 2.27 25.64 27.92 OK
r-patched-solaris-x86 0.4-11 77.00 NOTE
r-release-linux-x86_64 0.4-11 2.38 25.03 27.40 OK
r-release-windows-ix86+x86_64 0.4-11 9.00 46.00 55.00 OK
r-release-osx-x86_64 0.4-11 OK
r-oldrel-windows-ix86+x86_64 0.4-11 4.00 44.00 48.00 OK
r-oldrel-osx-x86_64 0.4-11 OK

Check Details

Version: 0.4-11
Check: package dependencies
Result: NOTE
    Package suggested but not available for checking: ‘RMySQL’
Flavor: r-patched-solaris-x86