CRAN Package Check Results for Package sqldf

Last updated on 2015-04-18 19:51:37.

Flavor Version Tinstall Tcheck Ttotal Status Flags
r-devel-linux-x86_64-debian-clang 0.4-10 1.51 18.57 20.08 NOTE
r-devel-linux-x86_64-debian-gcc 0.4-10 1.46 18.08 19.54 NOTE
r-devel-linux-x86_64-fedora-clang 0.4-10 39.89 NOTE
r-devel-linux-x86_64-fedora-gcc 0.4-10 37.44 NOTE
r-devel-osx-x86_64-clang 0.4-10 46.57 NOTE
r-patched-linux-x86_64 0.4-10 1.47 17.87 19.34 NOTE
r-patched-solaris-sparc 0.4-10 260.60 NOTE
r-patched-solaris-x86 0.4-10 60.20 NOTE
r-release-linux-x86_64 0.4-10 1.53 16.52 18.05 NOTE
r-release-osx-x86_64-mavericks 0.4-10 NOTE
r-release-osx-x86_64-snowleopard 0.4-10 NOTE
r-release-windows-ix86+x86_64 0.4-10 4.00 34.00 38.00 NOTE
r-oldrel-windows-ix86+x86_64 0.4-7.1 7.00 30.00 37.00 ERROR

Check Details

Version: 0.4-10
Check: dependencies in R code
Result: NOTE
    'library' or 'require' call to ‘tcltk’ in package code.
     Please use :: or requireNamespace() instead.
     See section 'Suggested packages' in the 'Writing R Extensions' manual.
Flavors: r-devel-linux-x86_64-debian-clang, r-devel-linux-x86_64-debian-gcc, r-devel-linux-x86_64-fedora-clang, r-devel-linux-x86_64-fedora-gcc, r-devel-osx-x86_64-clang, r-patched-linux-x86_64, r-patched-solaris-sparc, r-patched-solaris-x86, r-release-linux-x86_64, r-release-osx-x86_64-mavericks, r-release-osx-x86_64-snowleopard, r-release-windows-ix86+x86_64

Version: 0.4-10
Check: package dependencies
Result: NOTE
    Package suggested but not available for checking: ‘RMySQL’
Flavors: r-patched-solaris-sparc, r-patched-solaris-x86

Version: 0.4-10
Check: package dependencies
Result: NOTE
    Package suggested but not available for checking: ‘RPostgreSQL’
Flavor: r-release-osx-x86_64-mavericks

Version: 0.4-7.1
Check: package dependencies
Result: NOTE
    Package suggested but not available for checking: 'RMySQL'
Flavor: r-oldrel-windows-ix86+x86_64

Version: 0.4-7.1
Check: examples
Result: ERROR
    Running examples in 'sqldf-Ex.R' failed
    The error most likely occurred in:
    
    > ### Name: sqldf
    > ### Title: SQL select on data frames
    > ### Aliases: sqldf
    > ### Keywords: manip
    >
    > ### ** Examples
    >
    >
    > #
    > # These examples show how to run a variety of data frame manipulations
    > # in R without SQL and then again with SQL
    > #
    >
    > # head
    > a1r <- head(warpbreaks)
    > a1s <- sqldf("select * from warpbreaks limit 6")
    Error in if (.allows_extensions(db)) { :
     missing value where TRUE/FALSE needed
    Calls: sqldf -> init_extensions
    Execution halted
Flavor: r-oldrel-windows-ix86+x86_64