CRAN Package Check Results for Package sqldf

Last updated on 2014-09-03 05:47:54.

Flavor Version Tinstall Tcheck Ttotal Status Flags
r-devel-linux-x86_64-debian-clang 0.4-7.1 1.63 19.45 21.08 NOTE
r-devel-linux-x86_64-debian-gcc 0.4-7.1 1.67 19.18 20.85 NOTE
r-devel-linux-x86_64-fedora-clang 0.4-7.1 42.98 NOTE
r-devel-linux-x86_64-fedora-gcc 0.4-7.1 40.04 NOTE
r-devel-osx-x86_64-clang 0.4-7.1 43.93 NOTE
r-devel-windows-ix86+x86_64 0.4-7.1 5.00 31.00 36.00 NOTE
r-patched-linux-x86_64 0.4-7.1 1.68 21.69 23.37 OK
r-patched-solaris-sparc 0.4-7.1 288.00 NOTE
r-patched-solaris-x86 0.4-7.1 70.10 NOTE
r-release-linux-ix86 0.4-7.1 2.33 30.70 33.03 OK
r-release-linux-x86_64 0.4-7.1 1.69 21.35 23.04 OK
r-release-osx-x86_64-mavericks 0.4-7.1 NOTE
r-release-osx-x86_64-snowleopard 0.4-7.1 OK
r-release-windows-ix86+x86_64 0.4-7.1 6.00 34.00 40.00 NOTE
r-oldrel-windows-ix86+x86_64 0.4-7.1 6.00 36.00 42.00 NOTE

Check Details

Version: 0.4-7.1
Check: R code for possible problems
Result: NOTE
    sqldf: no visible global function definition for ‘dbSendUpdate’
Flavors: r-devel-linux-x86_64-debian-clang, r-devel-linux-x86_64-debian-gcc, r-devel-linux-x86_64-fedora-clang, r-devel-linux-x86_64-fedora-gcc, r-devel-osx-x86_64-clang, r-devel-windows-ix86+x86_64

Version: 0.4-7.1
Check: package dependencies
Result: NOTE
    Package suggested but not available for checking: ‘RMySQL’
Flavors: r-devel-osx-x86_64-clang, r-devel-windows-ix86+x86_64, r-patched-solaris-sparc, r-patched-solaris-x86, r-release-windows-ix86+x86_64, r-oldrel-windows-ix86+x86_64

Version: 0.4-7.1
Check: package dependencies
Result: NOTE
    Packages suggested but not available for checking: ‘RMySQL’ ‘RPostgreSQL’
Flavor: r-release-osx-x86_64-mavericks