CRAN Package Check Results for Package sqldf

Last updated on 2014-07-24 11:53:31.

Flavor Version Tinstall Tcheck Ttotal Status Flags
r-devel-linux-x86_64-debian-clang 0.4-7.1 1.62 20.88 22.50 OK
r-devel-linux-x86_64-debian-gcc 0.4-7.1 1.73 21.00 22.72 OK
r-devel-linux-x86_64-fedora-clang 0.4-7.1 46.94 OK
r-devel-linux-x86_64-fedora-gcc 0.4-7.1 45.03 OK
r-devel-osx-x86_64-clang 0.4-7.1 55.42 NOTE
r-devel-windows-ix86+x86_64 0.4-7.1 5.00 33.00 38.00 NOTE
r-patched-linux-x86_64 0.4-7.1 1.63 20.91 22.54 OK
r-patched-solaris-sparc 0.4-7.1 255.90 NOTE
r-patched-solaris-x86 0.4-7.1 70.80 NOTE
r-release-linux-ix86 0.4-7.1 2.90 31.18 34.07 OK
r-release-linux-x86_64 0.4-7.1 1.76 21.79 23.55 OK
r-release-osx-x86_64-mavericks 0.4-7.1 NOTE
r-release-osx-x86_64-snowleopard 0.4-7.1 OK
r-release-windows-ix86+x86_64 0.4-7.1 6.00 35.00 41.00 NOTE
r-oldrel-windows-ix86+x86_64 0.4-7.1 5.00 37.00 42.00 NOTE

Check Details

Version: 0.4-7.1
Check: package dependencies
Result: NOTE
    Package suggested but not available for checking: ‘RMySQL’
Flavors: r-devel-osx-x86_64-clang, r-devel-windows-ix86+x86_64, r-patched-solaris-sparc, r-patched-solaris-x86, r-release-windows-ix86+x86_64, r-oldrel-windows-ix86+x86_64

Version: 0.4-7.1
Check: package dependencies
Result: NOTE
    Packages suggested but not available for checking: ‘RMySQL’ ‘RPostgreSQL’
Flavor: r-release-osx-x86_64-mavericks