CRAN Package Check Results for Package sqldf

Last updated on 2014-12-22 01:47:48.

Flavor Version Tinstall Tcheck Ttotal Status Flags
r-devel-linux-x86_64-debian-clang 0.4-10 1.75 21.61 23.36 OK
r-devel-linux-x86_64-debian-gcc 0.4-10 1.94 21.96 23.91 OK
r-devel-linux-x86_64-fedora-clang 0.4-10 49.48 OK
r-devel-linux-x86_64-fedora-gcc 0.4-10 46.14 OK
r-devel-osx-x86_64-clang 0.4-10 53.25 NOTE
r-devel-windows-ix86+x86_64 0.4-10 6.00 35.00 41.00 NOTE
r-patched-linux-x86_64 0.4-10 1.87 22.00 23.88 OK
r-patched-solaris-sparc 0.4-10 261.80 NOTE
r-patched-solaris-x86 0.4-10 71.30 NOTE
r-release-linux-ix86 0.4-10 2.42 29.69 32.11 OK
r-release-linux-x86_64 0.4-10 1.82 22.05 23.87 OK
r-release-osx-x86_64-mavericks 0.4-10 NOTE
r-release-osx-x86_64-snowleopard 0.4-10 OK
r-release-windows-ix86+x86_64 0.4-10 6.00 36.00 42.00 NOTE
r-oldrel-windows-ix86+x86_64 0.4-7.1 7.00 30.00 37.00 ERROR

Check Details

Version: 0.4-10
Check: package dependencies
Result: NOTE
    Package suggested but not available for checking: ‘RMySQL’
Flavors: r-devel-osx-x86_64-clang, r-devel-windows-ix86+x86_64, r-patched-solaris-sparc, r-patched-solaris-x86, r-release-windows-ix86+x86_64

Version: 0.4-10
Check: package dependencies
Result: NOTE
    Packages suggested but not available for checking: ‘RMySQL’ ‘RPostgreSQL’
Flavor: r-release-osx-x86_64-mavericks

Version: 0.4-7.1
Check: package dependencies
Result: NOTE
    Package suggested but not available for checking: 'RMySQL'
Flavor: r-oldrel-windows-ix86+x86_64

Version: 0.4-7.1
Check: examples
Result: ERROR
    Running examples in 'sqldf-Ex.R' failed
    The error most likely occurred in:
    
    > ### Name: sqldf
    > ### Title: SQL select on data frames
    > ### Aliases: sqldf
    > ### Keywords: manip
    >
    > ### ** Examples
    >
    >
    > #
    > # These examples show how to run a variety of data frame manipulations
    > # in R without SQL and then again with SQL
    > #
    >
    > # head
    > a1r <- head(warpbreaks)
    > a1s <- sqldf("select * from warpbreaks limit 6")
    Error in if (.allows_extensions(db)) { :
     missing value where TRUE/FALSE needed
    Calls: sqldf -> init_extensions
    Execution halted
Flavor: r-oldrel-windows-ix86+x86_64