CRAN Package Check Results for Package sqldf

Last updated on 2017-06-26 09:48:31.

Flavor Version Tinstall Tcheck Ttotal Status Flags
r-devel-linux-x86_64-debian-clang 0.4-10 2.22 23.60 25.82 ERROR
r-devel-linux-x86_64-debian-gcc 0.4-10 2.36 24.66 27.02 ERROR
r-devel-linux-x86_64-fedora-clang 0.4-10 51.11 ERROR
r-devel-linux-x86_64-fedora-gcc 0.4-10 45.94 ERROR
r-devel-windows-ix86+x86_64 0.4-10 8.00 48.00 56.00 ERROR
r-patched-linux-x86_64 0.4-10 2.10 23.72 25.82 ERROR
r-patched-solaris-sparc 0.4-10 290.90 NOTE
r-patched-solaris-x86 0.4-10 80.40 ERROR
r-release-linux-x86_64 0.4-10 2.28 23.88 26.16 ERROR
r-release-windows-ix86+x86_64 0.4-10 9.00 72.00 81.00 ERROR
r-release-osx-x86_64 0.4-10 NOTE
r-oldrel-windows-ix86+x86_64 0.4-10 7.00 64.00 71.00 ERROR
r-oldrel-osx-x86_64 0.4-10 WARN

Check Details

Version: 0.4-10
Check: dependencies in R code
Result: NOTE
    'library' or 'require' call to ‘tcltk’ in package code.
     Please use :: or requireNamespace() instead.
     See section 'Suggested packages' in the 'Writing R Extensions' manual.
Flavors: r-devel-linux-x86_64-debian-clang, r-devel-linux-x86_64-debian-gcc, r-devel-linux-x86_64-fedora-clang, r-devel-linux-x86_64-fedora-gcc, r-devel-windows-ix86+x86_64, r-patched-linux-x86_64, r-patched-solaris-sparc, r-patched-solaris-x86, r-release-linux-x86_64, r-release-windows-ix86+x86_64, r-release-osx-x86_64, r-oldrel-windows-ix86+x86_64

Version: 0.4-10
Check: R code for possible problems
Result: NOTE
    read.csv.sql: no visible global function definition for ‘download.file’
    sqldf: no visible global function definition for ‘modifyList’
    sqldf: no visible global function definition for ‘head’
    Undefined global functions or variables:
     download.file head modifyList
    Consider adding
     importFrom("utils", "download.file", "head", "modifyList")
    to your NAMESPACE file.
Flavors: r-devel-linux-x86_64-debian-clang, r-devel-linux-x86_64-debian-gcc, r-devel-linux-x86_64-fedora-clang, r-devel-linux-x86_64-fedora-gcc, r-devel-windows-ix86+x86_64, r-patched-linux-x86_64, r-patched-solaris-sparc, r-patched-solaris-x86, r-release-linux-x86_64, r-release-windows-ix86+x86_64, r-release-osx-x86_64, r-oldrel-windows-ix86+x86_64, r-oldrel-osx-x86_64

Version: 0.4-10
Check: examples
Result: ERROR
    Running examples in ‘sqldf-Ex.R’ failed
    The error most likely occurred in:
    
    > base::assign(".ptime", proc.time(), pos = "CheckExEnv")
    > ### Name: sqldf
    > ### Title: SQL select on data frames
    > ### Aliases: sqldf
    > ### Keywords: manip
    >
    > ### ** Examples
    >
    >
    > #
    > # These examples show how to run a variety of data frame manipulations
    > # in R without SQL and then again with SQL
    > #
    >
    > # head
    > a1r <- head(warpbreaks)
    > a1s <- sqldf("select * from warpbreaks limit 6")
    Loading required package: tcltk
    Error in rsqlite_send_query(conn@ptr, statement) :
     no such table: warpbreaks
    Calls: sqldf ... initialize -> initialize -> rsqlite_send_query -> .Call
    Execution halted
Flavors: r-devel-linux-x86_64-debian-clang, r-devel-linux-x86_64-debian-gcc, r-patched-linux-x86_64, r-release-linux-x86_64

Version: 0.4-10
Check: examples
Result: ERROR
    Running examples in ‘sqldf-Ex.R’ failed
    The error most likely occurred in:
    
    > ### Name: sqldf
    > ### Title: SQL select on data frames
    > ### Aliases: sqldf
    > ### Keywords: manip
    >
    > ### ** Examples
    >
    >
    > #
    > # These examples show how to run a variety of data frame manipulations
    > # in R without SQL and then again with SQL
    > #
    >
    > # head
    > a1r <- head(warpbreaks)
    > a1s <- sqldf("select * from warpbreaks limit 6")
    Loading required package: tcltk
    Error in rsqlite_send_query(conn@ptr, statement) :
     no such table: warpbreaks
    Calls: sqldf ... initialize -> initialize -> rsqlite_send_query -> .Call
    Execution halted
Flavors: r-devel-linux-x86_64-fedora-clang, r-devel-linux-x86_64-fedora-gcc, r-devel-windows-ix86+x86_64, r-patched-solaris-x86, r-release-windows-ix86+x86_64, r-oldrel-windows-ix86+x86_64

Version: 0.4-10
Check: package dependencies
Result: NOTE
    Package suggested but not available for checking: ‘RMySQL’
Flavors: r-patched-solaris-sparc, r-patched-solaris-x86

Version: 0.4-10
Check: package dependencies
Result: NOTE
    Package suggested but not available for checking: ‘RPostgreSQL’
Flavors: r-release-osx-x86_64, r-oldrel-osx-x86_64

Version: 0.4-10
Check: dependencies in R code
Result: NOTE
    Invalid MIT-MAGIC-COOKIE-1 keyInvalid MIT-MAGIC-COOKIE-1 key'library' or 'require' call to ‘tcltk’ in package code.
     Please use :: or requireNamespace() instead.
     See section 'Suggested packages' in the 'Writing R Extensions' manual.
Flavor: r-oldrel-osx-x86_64

Version: 0.4-10
Check: S3 generic/method consistency
Result: WARN
    Invalid MIT-MAGIC-COOKIE-1 keyInvalid MIT-MAGIC-COOKIE-1 key
    See section ‘Generic functions and methods’ in the ‘Writing R
    Extensions’ manual.
Flavor: r-oldrel-osx-x86_64

Version: 0.4-10
Check: replacement functions
Result: WARN
    Invalid MIT-MAGIC-COOKIE-1 keyInvalid MIT-MAGIC-COOKIE-1 key
    The argument of a replacement function which corresponds to the right
    hand side must be named ‘value’.
Flavor: r-oldrel-osx-x86_64

Version: 0.4-10
Check: foreign function calls
Result: NOTE
    Invalid MIT-MAGIC-COOKIE-1 keyInvalid MIT-MAGIC-COOKIE-1 key
    See chapter ‘System and foreign language interfaces’ in the ‘Writing R
    Extensions’ manual.
Flavor: r-oldrel-osx-x86_64

Version: 0.4-10
Check: for missing documentation entries
Result: WARN
    Invalid MIT-MAGIC-COOKIE-1 keyInvalid MIT-MAGIC-COOKIE-1 key
    All user-level objects in a package should have documentation entries.
    See chapter ‘Writing R documentation files’ in the ‘Writing R
    Extensions’ manual.
Flavor: r-oldrel-osx-x86_64

Version: 0.4-10
Check: for code/documentation mismatches
Result: WARN
    Invalid MIT-MAGIC-COOKIE-1 keyInvalid MIT-MAGIC-COOKIE-1 key
    Invalid MIT-MAGIC-COOKIE-1 keyInvalid MIT-MAGIC-COOKIE-1 key
    Invalid MIT-MAGIC-COOKIE-1 keyInvalid MIT-MAGIC-COOKIE-1 key
Flavor: r-oldrel-osx-x86_64

Version: 0.4-10
Check: Rd \usage sections
Result: NOTE
    Invalid MIT-MAGIC-COOKIE-1 keyInvalid MIT-MAGIC-COOKIE-1 key
    The \usage entries for S3 methods should use the \method markup and not
    their full name.
    See chapter ‘Writing R documentation files’ in the ‘Writing R
    Extensions’ manual.
Flavor: r-oldrel-osx-x86_64