CRAN Package Check Results for Package sqldf

Last updated on 2017-08-19 17:48:19.

Flavor Version Tinstall Tcheck Ttotal Status Flags
r-devel-linux-x86_64-debian-clang 0.4-11 2.11 25.15 27.26 OK
r-devel-linux-x86_64-debian-gcc 0.4-11 2.19 25.04 27.22 OK
r-devel-linux-x86_64-fedora-clang 0.4-11 51.99 OK
r-devel-linux-x86_64-fedora-gcc 0.4-11 51.97 OK
r-devel-windows-ix86+x86_64 0.4-11 5.00 43.00 48.00 OK
r-patched-linux-x86_64 0.4-11 2.27 26.16 28.43 OK
r-patched-solaris-x86 0.4-11 77.90 NOTE
r-release-linux-x86_64 0.4-11 2.32 24.94 27.26 OK
r-release-windows-ix86+x86_64 0.4-11 8.00 70.00 78.00 OK
r-release-osx-x86_64 0.4-11 OK
r-oldrel-windows-ix86+x86_64 0.4-11 5.00 38.00 43.00 OK
r-oldrel-osx-x86_64 0.4-11 OK

Check Details

Version: 0.4-11
Check: package dependencies
Result: NOTE
    Package suggested but not available for checking: ‘RMySQL’
Flavor: r-patched-solaris-x86