CRAN Package Check Results for Package sqldf

Last updated on 2016-04-29 11:48:45.

Flavor Version Tinstall Tcheck Ttotal Status Flags
r-devel-linux-x86_64-debian-gcc 0.4-10 1.61 18.62 20.23 NOTE
r-devel-linux-x86_64-fedora-clang 0.4-10 33.77 NOTE
r-devel-linux-x86_64-fedora-gcc 0.4-10 32.05 NOTE
r-devel-osx-x86_64-clang 0.4-10 43.44 NOTE
r-devel-windows-ix86+x86_64 0.4-10 5.00 37.00 42.00 NOTE
r-patched-linux-x86_64 0.4-10 1.47 17.32 18.79 NOTE
r-patched-solaris-sparc 0.4-10 224.60 NOTE
r-patched-solaris-x86 0.4-10 52.80 NOTE
r-release-linux-x86_64 0.4-10 1.72 20.15 21.87 NOTE
r-release-osx-x86_64-mavericks 0.4-10 NOTE
r-release-windows-ix86+x86_64 0.4-10 5.00 36.00 41.00 NOTE
r-oldrel-windows-ix86+x86_64 0.4-10 11.00 40.00 51.00 NOTE

Check Details

Version: 0.4-10
Check: dependencies in R code
Result: NOTE
    'library' or 'require' call to ‘tcltk’ in package code.
     Please use :: or requireNamespace() instead.
     See section 'Suggested packages' in the 'Writing R Extensions' manual.
Flavors: r-devel-linux-x86_64-debian-gcc, r-devel-linux-x86_64-fedora-clang, r-devel-linux-x86_64-fedora-gcc, r-devel-osx-x86_64-clang, r-devel-windows-ix86+x86_64, r-patched-linux-x86_64, r-patched-solaris-sparc, r-patched-solaris-x86, r-release-linux-x86_64, r-release-osx-x86_64-mavericks, r-release-windows-ix86+x86_64, r-oldrel-windows-ix86+x86_64

Version: 0.4-10
Check: R code for possible problems
Result: NOTE
    read.csv.sql: no visible global function definition for ‘download.file’
    sqldf: no visible global function definition for ‘modifyList’
    sqldf: no visible global function definition for ‘head’
    Undefined global functions or variables:
     download.file head modifyList
    Consider adding
     importFrom("utils", "download.file", "head", "modifyList")
    to your NAMESPACE file.
Flavors: r-devel-linux-x86_64-debian-gcc, r-devel-linux-x86_64-fedora-clang, r-devel-linux-x86_64-fedora-gcc, r-devel-osx-x86_64-clang, r-devel-windows-ix86+x86_64, r-patched-linux-x86_64, r-patched-solaris-sparc, r-patched-solaris-x86

Version: 0.4-10
Check: package dependencies
Result: NOTE
    Package suggested but not available for checking: ‘RMySQL’
Flavors: r-patched-solaris-sparc, r-patched-solaris-x86

Version: 0.4-10
Check: package dependencies
Result: NOTE
    Package suggested but not available for checking: ‘RPostgreSQL’
Flavor: r-release-osx-x86_64-mavericks