CRAN Package Check Results for Package sqlshare

Last updated on 2014-11-27 16:48:22.

Flavor Version Tinstall Tcheck Ttotal Status Flags
r-devel-linux-x86_64-debian-clang 1.0.3 0.95 16.62 17.57 NOTE
r-devel-linux-x86_64-debian-gcc 1.0.3 0.96 16.32 17.28 NOTE
r-devel-linux-x86_64-fedora-clang 1.0.3 32.97 NOTE
r-devel-linux-x86_64-fedora-gcc 1.0.3 30.79 NOTE
r-devel-osx-x86_64-clang 1.0.3 35.02 NOTE
r-devel-windows-ix86+x86_64 1.0.3 3.00 19.00 22.00 ERROR
r-patched-linux-x86_64 1.0.3 0.98 16.27 17.24 NOTE
r-patched-solaris-sparc 1.0.3 NOTE
r-patched-solaris-x86 1.0.3 NOTE
r-release-linux-ix86 1.0.3 1.22 21.38 22.60 NOTE
r-release-linux-x86_64 1.0.3 1.00 15.96 16.96 NOTE
r-release-osx-x86_64-mavericks 1.0.3 OK
r-release-osx-x86_64-snowleopard 1.0.3 OK
r-release-windows-ix86+x86_64 1.0.3 4.00 29.00 33.00 ERROR
r-oldrel-windows-ix86+x86_64 1.0.3 6.00 36.00 42.00 OK

Check Details

Version: 1.0.3
Check: R code for possible problems
Result: NOTE
    Please create a config file at /home/hornik/.sqlshare/config
    Following this format
    [sqlshare]
    host=rest.sqlshare.escience.washington.edu
    user=your_username
    password=your_api_key
Flavors: r-devel-linux-x86_64-debian-clang, r-devel-linux-x86_64-debian-gcc, r-patched-linux-x86_64, r-release-linux-ix86, r-release-linux-x86_64

Version: 1.0.3
Check: R code for possible problems
Result: NOTE
    Please create a config file at /data/gannet/ripley/.sqlshare/config
    Following this format
    [sqlshare]
    host=rest.sqlshare.escience.washington.edu
    user=your_username
    password=your_api_key
Flavors: r-devel-linux-x86_64-fedora-clang, r-devel-linux-x86_64-fedora-gcc

Version: 1.0.3
Check: R code for possible problems
Result: NOTE
    Please create a config file at /Users/ripley/.sqlshare/config
    Following this format
    [sqlshare]
    host=rest.sqlshare.escience.washington.edu
    user=your_username
    password=your_api_key
Flavor: r-devel-osx-x86_64-clang

Version: 1.0.3
Check: R code for possible problems
Result: NOTE
    Please create a config file at C:\Users\CRAN\Documents/.sqlshare/config
    Following this format
    [sqlshare]
    host=rest.sqlshare.escience.washington.edu
    user=your_username
    password=your_api_key
Flavors: r-devel-windows-ix86+x86_64, r-release-windows-ix86+x86_64

Version: 1.0.3
Check: examples
Result: ERROR
    Running examples in 'sqlshare-Ex.R' failed
    The error most likely occurred in:
    
    > ### Name: fetch.data.frame
    > ### Title: fetch.data.frame
    > ### Aliases: fetch.data.frame
    > ### Keywords: IO
    >
    > ### ** Examples
    >
    >
    > ## Don't show:
    > guest.session <-
    + list(loaded=TRUE, host="rest.sqlshare.escience.washington.edu", user="sqlshare2012@gmail.com",
    + key="4916f21df583c0e0bc5361c42d2e6b58")
    > ## End(Don't show)
    >
    > #get the periodic table of elements
    > sql <- "select * from [sqlshare@uw.edu].[periodic_table]"
    >
    > #execute the sqlshare statement. Note, the extra session argument
    > #isn't necessary if a config file is created
    >
    > elements <- fetch.data.frame(sql, session=guest.session)
    Error in function (type, msg, asError = TRUE) :
     error:1411809D:SSL routines:SSL_CHECK_SERVERHELLO_TLSEXT:tls invalid ecpointformat list
    Calls: fetch.data.frame ... getURL -> curlPerform -> .Call -> <Anonymous> -> fun
    Execution halted
Flavor: r-devel-windows-ix86+x86_64

Version: 1.0.3
Check: R code for possible problems
Result: NOTE
    Please create a config file at /home/ripley/.sqlshare/config
    Following this format
    [sqlshare]
    host=rest.sqlshare.escience.washington.edu
    user=your_username
    password=your_api_key
Flavors: r-patched-solaris-sparc, r-patched-solaris-x86

Version: 1.0.3
Check: examples
Result: ERROR
    Running examples in 'sqlshare-Ex.R' failed
    The error most likely occurred in:
    
    > ### Name: fetch.data.frame
    > ### Title: fetch.data.frame
    > ### Aliases: fetch.data.frame
    > ### Keywords: IO
    >
    > ### ** Examples
    >
    >
    > ## Don't show:
    > guest.session <-
    + list(loaded=TRUE, host="rest.sqlshare.escience.washington.edu", user="sqlshare2012@gmail.com",
    + key="4916f21df583c0e0bc5361c42d2e6b58")
    > ## End Don't show
    >
    > #get the periodic table of elements
    > sql <- "select * from [sqlshare@uw.edu].[periodic_table]"
    >
    > #execute the sqlshare statement. Note, the extra session argument
    > #isn't necessary if a config file is created
    >
    > elements <- fetch.data.frame(sql, session=guest.session)
    Error in function (type, msg, asError = TRUE) :
     error:1411809D:SSL routines:SSL_CHECK_SERVERHELLO_TLSEXT:tls invalid ecpointformat list
    Calls: fetch.data.frame ... getURL -> curlPerform -> .Call -> <Anonymous> -> fun
    Execution halted
Flavor: r-release-windows-ix86+x86_64