CRAN Package Check Results for Package sqlshare

Last updated on 2015-01-31 09:57:33.

Flavor Version Tinstall Tcheck Ttotal Status Flags
r-devel-linux-x86_64-debian-clang 1.0.3 0.93 15.56 16.49 NOTE
r-devel-linux-x86_64-debian-gcc 1.0.3 0.80 13.55 14.34 NOTE
r-devel-linux-x86_64-fedora-clang 1.0.3 31.85 NOTE
r-devel-linux-x86_64-fedora-gcc 1.0.3 30.06 NOTE
r-devel-osx-x86_64-clang 1.0.3 37.67 NOTE
r-devel-windows-ix86+x86_64 1.0.3 4.00 26.00 30.00 NOTE
r-patched-linux-x86_64 1.0.3 1.00 15.92 16.91 NOTE
r-patched-solaris-sparc 1.0.3 NOTE
r-patched-solaris-x86 1.0.3 NOTE
r-release-linux-ix86 1.0.3 1.26 22.34 23.60 NOTE
r-release-linux-x86_64 1.0.3 1.02 18.10 19.12 NOTE
r-release-osx-x86_64-mavericks 1.0.3 NOTE
r-release-osx-x86_64-snowleopard 1.0.3 OK
r-release-windows-ix86+x86_64 1.0.3 4.00 26.00 30.00 NOTE
r-oldrel-windows-ix86+x86_64 1.0.3 4.00 27.00 31.00 OK

Check Details

Version: 1.0.3
Check: R code for possible problems
Result: NOTE
    Please create a config file at /home/hornik/.sqlshare/config
    Following this format
    [sqlshare]
    host=rest.sqlshare.escience.washington.edu
    user=your_username
    password=your_api_key
Flavors: r-devel-linux-x86_64-debian-clang, r-devel-linux-x86_64-debian-gcc, r-patched-linux-x86_64, r-release-linux-ix86, r-release-linux-x86_64

Version: 1.0.3
Check: R code for possible problems
Result: NOTE
    Please create a config file at /data/gannet/ripley/.sqlshare/config
    Following this format
    [sqlshare]
    host=rest.sqlshare.escience.washington.edu
    user=your_username
    password=your_api_key
Flavors: r-devel-linux-x86_64-fedora-clang, r-devel-linux-x86_64-fedora-gcc

Version: 1.0.3
Check: R code for possible problems
Result: NOTE
    Please create a config file at /Users/ripley/.sqlshare/config
    Following this format
    [sqlshare]
    host=rest.sqlshare.escience.washington.edu
    user=your_username
    password=your_api_key
Flavor: r-devel-osx-x86_64-clang

Version: 1.0.3
Check: R code for possible problems
Result: NOTE
    Please create a config file at C:\Users\CRAN\Documents/.sqlshare/config
    Following this format
    [sqlshare]
    host=rest.sqlshare.escience.washington.edu
    user=your_username
    password=your_api_key
Flavors: r-devel-windows-ix86+x86_64, r-release-windows-ix86+x86_64

Version: 1.0.3
Check: R code for possible problems
Result: NOTE
    Please create a config file at /home/ripley/.sqlshare/config
    Following this format
    [sqlshare]
    host=rest.sqlshare.escience.washington.edu
    user=your_username
    password=your_api_key
Flavors: r-patched-solaris-sparc, r-patched-solaris-x86

Version: 1.0.3
Check: R code for possible problems
Result: NOTE
    Please create a config file at /Users/urbanek/.sqlshare/config
    Following this format
    [sqlshare]
    host=rest.sqlshare.escience.washington.edu
    user=your_username
    password=your_api_key
Flavor: r-release-osx-x86_64-mavericks