CRAN Package Check Results for Package sqlshare

Last updated on 2014-04-23 07:55:10.

Flavor Version Tinstall Tcheck Ttotal Status Flags
r-devel-linux-x86_64-debian-clang 1.0.2 1.06 16.62 17.68 NOTE
r-devel-linux-x86_64-debian-gcc 1.0.3 1.07 16.54 17.60 OK
r-devel-linux-x86_64-fedora-clang 1.0.3 17.57 OK
r-devel-linux-x86_64-fedora-gcc 1.0.3 17.07 OK
r-devel-osx-x86_64-clang 1.0.3 31.09 OK
r-devel-osx-x86_64-gcc 1.0.2 NOTE
r-devel-windows-ix86+x86_64 1.0.2 3.00 25.00 28.00 OK
r-patched-linux-x86_64 1.0.2 1.08 16.35 17.43 NOTE
r-patched-solaris-sparc 1.0.3 OK
r-patched-solaris-x86 1.0.3 OK
r-release-linux-ix86 1.0.2 2.00 30.00 32.00 NOTE
r-release-linux-x86_64 1.0.2 1.04 16.34 17.38 NOTE
r-release-osx-x86_64-mavericks 1.0.2 WARN
r-release-osx-x86_64-snowleopard 1.0.2 NOTE
r-release-windows-ix86+x86_64 1.0.3 3.00 24.00 27.00 OK
r-oldrel-windows-ix86+x86_64 1.0.2 4.00 26.00 30.00 OK

Check Details

Version: 1.0.2
Check: DESCRIPTION meta-information
Result: NOTE
    License components which are templates and need '+ file LICENSE':
     MIT
Flavors: r-devel-linux-x86_64-debian-clang, r-devel-osx-x86_64-gcc, r-patched-linux-x86_64, r-release-linux-ix86, r-release-linux-x86_64, r-release-osx-x86_64-mavericks

Version: 1.0.2
Check: PDF version of manual
Result: WARNING
    LaTeX errors when creating PDF version.
    This typically indicates Rd problems.
    LaTeX errors found:
    ! LaTeX Error: File `upquote.sty' not found.
    
    Type X to quit or <RETURN> to proceed,
    or enter new name. (Default extension: sty)
    
    c0684dd/Rd2.tex:8: ==> Fatal error occurred, no output PDF file produced!
Flavor: r-release-osx-x86_64-mavericks

Version: 1.0.2
Check: DESCRIPTION meta-information
Result: NOTE
    Licenses which are templates and need '+ file LICENSE':
     MIT
Flavor: r-release-osx-x86_64-snowleopard