CRAN Package Check Results for Package sqlshare

Last updated on 2014-12-22 13:48:07.

Flavor Version Tinstall Tcheck Ttotal Status Flags
r-devel-linux-x86_64-debian-clang 1.0.3 0.97 16.71 17.68 NOTE
r-devel-linux-x86_64-debian-gcc 1.0.3 0.90 17.65 18.55 NOTE
r-devel-linux-x86_64-fedora-clang 1.0.3 33.08 NOTE
r-devel-linux-x86_64-fedora-gcc 1.0.3 31.15 NOTE
r-devel-osx-x86_64-clang 1.0.3 37.63 NOTE
r-devel-windows-ix86+x86_64 1.0.3 4.00 33.00 37.00 NOTE
r-patched-linux-x86_64 1.0.3 1.12 17.91 19.03 NOTE
r-patched-solaris-sparc 1.0.3 NOTE
r-patched-solaris-x86 1.0.3 NOTE
r-release-linux-ix86 1.0.3 1.20 21.78 22.99 NOTE
r-release-linux-x86_64 1.0.3 0.98 16.61 17.59 NOTE
r-release-osx-x86_64-mavericks 1.0.3 OK
r-release-osx-x86_64-snowleopard 1.0.3 OK
r-release-windows-ix86+x86_64 1.0.3 4.00 26.00 30.00 NOTE
r-oldrel-windows-ix86+x86_64 1.0.3 4.00 27.00 31.00 OK

Check Details

Version: 1.0.3
Check: R code for possible problems
Result: NOTE
    Please create a config file at /home/hornik/.sqlshare/config
    Following this format
    [sqlshare]
    host=rest.sqlshare.escience.washington.edu
    user=your_username
    password=your_api_key
Flavors: r-devel-linux-x86_64-debian-clang, r-devel-linux-x86_64-debian-gcc, r-patched-linux-x86_64, r-release-linux-ix86, r-release-linux-x86_64

Version: 1.0.3
Check: R code for possible problems
Result: NOTE
    Please create a config file at /data/gannet/ripley/.sqlshare/config
    Following this format
    [sqlshare]
    host=rest.sqlshare.escience.washington.edu
    user=your_username
    password=your_api_key
Flavors: r-devel-linux-x86_64-fedora-clang, r-devel-linux-x86_64-fedora-gcc

Version: 1.0.3
Check: R code for possible problems
Result: NOTE
    Please create a config file at /Users/ripley/.sqlshare/config
    Following this format
    [sqlshare]
    host=rest.sqlshare.escience.washington.edu
    user=your_username
    password=your_api_key
Flavor: r-devel-osx-x86_64-clang

Version: 1.0.3
Check: R code for possible problems
Result: NOTE
    Please create a config file at C:\Users\CRAN\Documents/.sqlshare/config
    Following this format
    [sqlshare]
    host=rest.sqlshare.escience.washington.edu
    user=your_username
    password=your_api_key
Flavors: r-devel-windows-ix86+x86_64, r-release-windows-ix86+x86_64

Version: 1.0.3
Check: R code for possible problems
Result: NOTE
    Please create a config file at /home/ripley/.sqlshare/config
    Following this format
    [sqlshare]
    host=rest.sqlshare.escience.washington.edu
    user=your_username
    password=your_api_key
Flavors: r-patched-solaris-sparc, r-patched-solaris-x86