CRAN Package Check Results for Package sqlshare

Last updated on 2014-10-30 18:47:58.

Flavor Version Tinstall Tcheck Ttotal Status Flags
r-devel-linux-x86_64-debian-clang 1.0.3 0.95 16.59 17.54 NOTE
r-devel-linux-x86_64-debian-gcc 1.0.3 0.93 15.40 16.33 NOTE
r-devel-linux-x86_64-fedora-clang 1.0.3 31.89 NOTE
r-devel-linux-x86_64-fedora-gcc 1.0.3 29.42 NOTE
r-devel-osx-x86_64-clang 1.0.3 35.49 NOTE
r-devel-windows-ix86+x86_64 1.0.3 3.00 19.00 22.00 ERROR
r-patched-linux-x86_64 1.0.3 1.01 15.72 16.73 NOTE
r-patched-solaris-sparc 1.0.3 NOTE
r-patched-solaris-x86 1.0.3 NOTE
r-release-linux-ix86 1.0.3 1.37 21.71 23.08 OK
r-release-linux-x86_64 1.0.3 1.03 15.90 16.93 OK
r-release-osx-x86_64-mavericks 1.0.3 OK
r-release-osx-x86_64-snowleopard 1.0.3 OK
r-release-windows-ix86+x86_64 1.0.3 4.00 33.00 37.00 OK
r-oldrel-windows-ix86+x86_64 1.0.3 6.00 36.00 42.00 OK

Check Details

Version: 1.0.3
Check: R code for possible problems
Result: NOTE
    Please create a config file at /home/hornik/.sqlshare/config
    Following this format
    [sqlshare]
    host=rest.sqlshare.escience.washington.edu
    user=your_username
    password=your_api_key
Flavors: r-devel-linux-x86_64-debian-clang, r-devel-linux-x86_64-debian-gcc, r-patched-linux-x86_64

Version: 1.0.3
Check: R code for possible problems
Result: NOTE
    Please create a config file at /data/gannet/ripley/.sqlshare/config
    Following this format
    [sqlshare]
    host=rest.sqlshare.escience.washington.edu
    user=your_username
    password=your_api_key
Flavors: r-devel-linux-x86_64-fedora-clang, r-devel-linux-x86_64-fedora-gcc

Version: 1.0.3
Check: R code for possible problems
Result: NOTE
    Please create a config file at /Users/ripley/.sqlshare/config
    Following this format
    [sqlshare]
    host=rest.sqlshare.escience.washington.edu
    user=your_username
    password=your_api_key
Flavor: r-devel-osx-x86_64-clang

Version: 1.0.3
Check: R code for possible problems
Result: NOTE
    Please create a config file at C:\Users\CRAN\Documents/.sqlshare/config
    Following this format
    [sqlshare]
    host=rest.sqlshare.escience.washington.edu
    user=your_username
    password=your_api_key
Flavor: r-devel-windows-ix86+x86_64

Version: 1.0.3
Check: examples
Result: ERROR
    Running examples in 'sqlshare-Ex.R' failed
    The error most likely occurred in:
    
    > ### Name: fetch.data.frame
    > ### Title: fetch.data.frame
    > ### Aliases: fetch.data.frame
    > ### Keywords: IO
    >
    > ### ** Examples
    >
    >
    > ## Don't show:
    > guest.session <-
    + list(loaded=TRUE, host="rest.sqlshare.escience.washington.edu", user="sqlshare2012@gmail.com",
    + key="4916f21df583c0e0bc5361c42d2e6b58")
    > ## End Don't show
    >
    > #get the periodic table of elements
    > sql <- "select * from [sqlshare@uw.edu].[periodic_table]"
    >
    > #execute the sqlshare statement. Note, the extra session argument
    > #isn't necessary if a config file is created
    >
    > elements <- fetch.data.frame(sql, session=guest.session)
    Error in function (type, msg, asError = TRUE) :
     error:1411809D:SSL routines:SSL_CHECK_SERVERHELLO_TLSEXT:tls invalid ecpointformat list
    Calls: fetch.data.frame ... getURL -> curlPerform -> .Call -> <Anonymous> -> fun
    Execution halted
Flavor: r-devel-windows-ix86+x86_64

Version: 1.0.3
Check: R code for possible problems
Result: NOTE
    Please create a config file at /home/ripley/.sqlshare/config
    Following this format
    [sqlshare]
    host=rest.sqlshare.escience.washington.edu
    user=your_username
    password=your_api_key
Flavors: r-patched-solaris-sparc, r-patched-solaris-x86