CRAN Package Check Results for Package sqlshare

Last updated on 2014-08-22 23:47:51.

Flavor Version Tinstall Tcheck Ttotal Status Flags
r-devel-linux-x86_64-debian-clang 1.0.3 1.03 16.15 17.18 NOTE
r-devel-linux-x86_64-debian-gcc 1.0.3 0.96 14.82 15.78 OK
r-devel-linux-x86_64-fedora-clang 1.0.3 31.64 NOTE
r-devel-linux-x86_64-fedora-gcc 1.0.3 29.81 NOTE
r-devel-osx-x86_64-clang 1.0.3 32.32 NOTE
r-devel-windows-ix86+x86_64 1.0.3 4.00 26.00 30.00 OK
r-patched-linux-x86_64 1.0.3 0.98 16.40 17.38 OK
r-patched-solaris-sparc 1.0.3 OK
r-patched-solaris-x86 1.0.3 OK
r-release-linux-ix86 1.0.3 1.35 21.57 22.92 OK
r-release-linux-x86_64 1.0.3 1.03 16.34 17.37 OK
r-release-osx-x86_64-mavericks 1.0.3 OK
r-release-osx-x86_64-snowleopard 1.0.3 OK
r-release-windows-ix86+x86_64 1.0.3 4.00 33.00 37.00 OK
r-oldrel-windows-ix86+x86_64 1.0.3 6.00 36.00 42.00 OK

Check Details

Version: 1.0.3
Check: R code for possible problems
Result: NOTE
    Please create a config file at /home/hornik/.sqlshare/config
    Following this format
    [sqlshare]
    host=rest.sqlshare.escience.washington.edu
    user=your_username
    password=your_api_key
Flavor: r-devel-linux-x86_64-debian-clang

Version: 1.0.3
Check: R code for possible problems
Result: NOTE
    Please create a config file at /data/gannet/ripley/.sqlshare/config
    Following this format
    [sqlshare]
    host=rest.sqlshare.escience.washington.edu
    user=your_username
    password=your_api_key
Flavors: r-devel-linux-x86_64-fedora-clang, r-devel-linux-x86_64-fedora-gcc

Version: 1.0.3
Check: R code for possible problems
Result: NOTE
    Please create a config file at /Users/ripley/.sqlshare/config
    Following this format
    [sqlshare]
    host=rest.sqlshare.escience.washington.edu
    user=your_username
    password=your_api_key
Flavor: r-devel-osx-x86_64-clang