CRAN Package Check Results for Package sqlshare

Last updated on 2015-04-26 23:47:02.

Flavor Version Tinstall Tcheck Ttotal Status Flags
r-devel-linux-x86_64-debian-clang 1.0.3 0.93 15.10 16.04 NOTE
r-devel-linux-x86_64-debian-gcc 1.0.3 0.80 14.76 15.56 NOTE
r-devel-linux-x86_64-fedora-clang 1.0.3 26.46 NOTE
r-devel-linux-x86_64-fedora-gcc 1.0.3 24.22 NOTE
r-devel-osx-x86_64-clang 1.0.3 33.01 NOTE
r-devel-windows-ix86+x86_64 1.0.3 3.00 24.00 27.00 NOTE
r-patched-linux-x86_64 1.0.3 0.78 14.71 15.48 NOTE
r-patched-solaris-sparc 1.0.3 NOTE
r-patched-solaris-x86 1.0.3 NOTE
r-release-linux-x86_64 1.0.3 0.78 14.68 15.45 NOTE
r-release-osx-x86_64-mavericks 1.0.3 NOTE
r-release-osx-x86_64-snowleopard 1.0.3 NOTE
r-release-windows-ix86+x86_64 1.0.3 3.00 23.00 26.00 NOTE
r-oldrel-windows-ix86+x86_64 1.0.3 4.00 25.00 29.00 NOTE

Check Details

Version: 1.0.3
Check: R code for possible problems
Result: NOTE
    Please create a config file at /home/hornik/.sqlshare/config
    Following this format
    [sqlshare]
    host=rest.sqlshare.escience.washington.edu
    user=your_username
    password=your_api_key
Flavor: r-devel-linux-x86_64-debian-clang

Version: 1.0.3
Check: R code for possible problems
Result: NOTE
    Please create a config file at /data/gannet/ripley/.sqlshare/config
    Following this format
    [sqlshare]
    host=rest.sqlshare.escience.washington.edu
    user=your_username
    password=your_api_key
Flavors: r-devel-linux-x86_64-fedora-clang, r-devel-linux-x86_64-fedora-gcc

Version: 1.0.3
Check: R code for possible problems
Result: NOTE
    Please create a config file at /Users/ripley/.sqlshare/config
    Following this format
    [sqlshare]
    host=rest.sqlshare.escience.washington.edu
    user=your_username
    password=your_api_key
Flavor: r-devel-osx-x86_64-clang

Version: 1.0.3
Check: R code for possible problems
Result: NOTE
    Please create a config file at C:\Users\CRAN\Documents/.sqlshare/config
    Following this format
    [sqlshare]
    host=rest.sqlshare.escience.washington.edu
    user=your_username
    password=your_api_key
Flavors: r-devel-windows-ix86+x86_64, r-release-windows-ix86+x86_64, r-oldrel-windows-ix86+x86_64

Version: 1.0.3
Check: R code for possible problems
Result: NOTE
    Please create a config file at /home/ripley/.sqlshare/config
    Following this format
    [sqlshare]
    host=rest.sqlshare.escience.washington.edu
    user=your_username
    password=your_api_key
Flavors: r-patched-solaris-sparc, r-patched-solaris-x86

Version: 1.0.3
Check: R code for possible problems
Result: NOTE
    Please create a config file at /Users/urbanek/.sqlshare/config
    Following this format
    [sqlshare]
    host=rest.sqlshare.escience.washington.edu
    user=your_username
    password=your_api_key
Flavors: r-release-osx-x86_64-mavericks, r-release-osx-x86_64-snowleopard