CRAN Package Check Results for Package sqlutils

Last updated on 2016-09-27 11:49:05.

Flavor Version Tinstall Tcheck Ttotal Status Flags
r-devel-linux-x86_64-debian-clang 1.2 1.14 17.17 18.32 NOTE
r-devel-linux-x86_64-debian-gcc 1.2 1.36 16.72 18.08 NOTE
r-devel-linux-x86_64-fedora-clang 1.2 34.53 NOTE
r-devel-linux-x86_64-fedora-gcc 1.2 33.23 NOTE
r-devel-macos-x86_64-clang 1.2 27.95 NOTE
r-devel-windows-ix86+x86_64 1.2 6.00 56.00 62.00 NOTE
r-patched-linux-x86_64 1.2 1.16 17.33 18.49 NOTE
r-patched-solaris-sparc 1.2 208.70 NOTE
r-patched-solaris-x86 1.2 52.80 NOTE
r-release-linux-x86_64 1.2 1.28 17.33 18.62 NOTE
r-release-osx-x86_64-mavericks 1.2 NOTE
r-release-windows-ix86+x86_64 1.2 8.00 54.00 62.00 NOTE
r-oldrel-windows-ix86+x86_64 1.2 8.00 50.00 58.00 NOTE

Check Details

Version: 1.2
Check: DESCRIPTION meta-information
Result: NOTE
    Malformed Title field: should not end in a period.
Flavors: r-devel-linux-x86_64-debian-clang, r-devel-linux-x86_64-debian-gcc, r-devel-linux-x86_64-fedora-clang, r-devel-linux-x86_64-fedora-gcc, r-devel-macos-x86_64-clang, r-devel-windows-ix86+x86_64, r-patched-linux-x86_64, r-patched-solaris-sparc, r-patched-solaris-x86, r-release-linux-x86_64, r-release-osx-x86_64-mavericks, r-release-windows-ix86+x86_64, r-oldrel-windows-ix86+x86_64

Version: 1.2
Check: dependencies in R code
Result: NOTE
    'library' or 'require' calls in package code:
     ‘RJDBC’ ‘RMySQL’ ‘RODBC’ ‘RPostgreSQL’ ‘RSQLite’ ‘tcltk’
     Please use :: or requireNamespace() instead.
     See section 'Suggested packages' in the 'Writing R Extensions' manual.
Flavors: r-devel-linux-x86_64-debian-clang, r-devel-linux-x86_64-debian-gcc, r-devel-linux-x86_64-fedora-clang, r-devel-linux-x86_64-fedora-gcc, r-devel-macos-x86_64-clang, r-devel-windows-ix86+x86_64, r-patched-linux-x86_64, r-patched-solaris-sparc, r-patched-solaris-x86, r-release-linux-x86_64, r-release-osx-x86_64-mavericks, r-release-windows-ix86+x86_64, r-oldrel-windows-ix86+x86_64

Version: 1.2
Check: R code for possible problems
Result: NOTE
    cacheQuery: no visible global function definition for ‘read.csv’
    cacheQuery: no visible global function definition for ‘write.csv’
    Undefined global functions or variables:
     read.csv write.csv
    Consider adding
     importFrom("utils", "read.csv", "write.csv")
    to your NAMESPACE file.
Flavors: r-devel-linux-x86_64-debian-clang, r-devel-linux-x86_64-debian-gcc, r-devel-linux-x86_64-fedora-clang, r-devel-linux-x86_64-fedora-gcc, r-devel-macos-x86_64-clang, r-devel-windows-ix86+x86_64, r-patched-linux-x86_64, r-patched-solaris-sparc, r-patched-solaris-x86, r-release-linux-x86_64, r-release-osx-x86_64-mavericks, r-release-windows-ix86+x86_64

Version: 1.2
Check: package dependencies
Result: NOTE
    Package which this enhances but not available for checking: ‘RMySQL’
Flavors: r-patched-solaris-sparc, r-patched-solaris-x86

Version: 1.2
Check: package dependencies
Result: NOTE
    Packages which this enhances but not available for checking:
     ‘RPostgreSQL’ ‘RODBC’
Flavor: r-release-osx-x86_64-mavericks