CRAN Package Check Results for Package sqlutils

Last updated on 2014-11-23 17:49:40.

Flavor Version Tinstall Tcheck Ttotal Status Flags
r-devel-linux-x86_64-debian-clang 1.2 1.43 21.30 22.73 OK
r-devel-linux-x86_64-debian-gcc 1.2 1.38 20.70 22.08 OK
r-devel-linux-x86_64-fedora-clang 1.2 25.98 OK
r-devel-linux-x86_64-fedora-gcc 1.2 46.07 OK
r-devel-osx-x86_64-clang 1.2 44.05 NOTE
r-devel-windows-ix86+x86_64 1.2 6.00 36.00 42.00 NOTE
r-patched-linux-x86_64 1.2 1.46 22.11 23.58 OK
r-patched-solaris-sparc 1.2 245.90 NOTE
r-patched-solaris-x86 1.2 51.70 NOTE
r-release-linux-ix86 1.2 1.84 28.55 30.38 OK
r-release-linux-x86_64 1.2 1.50 21.57 23.07 OK
r-release-osx-x86_64-mavericks 1.2 NOTE
r-release-osx-x86_64-snowleopard 1.2 OK
r-release-windows-ix86+x86_64 1.2 6.00 38.00 44.00 NOTE
r-oldrel-windows-ix86+x86_64 1.2 6.00 34.00 40.00 NOTE

Check Details

Version: 1.2
Check: package dependencies
Result: NOTE
    Package which this enhances but not available for checking: ‘RMySQL’
Flavors: r-devel-osx-x86_64-clang, r-devel-windows-ix86+x86_64, r-patched-solaris-sparc, r-patched-solaris-x86, r-release-windows-ix86+x86_64, r-oldrel-windows-ix86+x86_64

Version: 1.2
Check: package dependencies
Result: NOTE
    Packages which this enhances but not available for checking:
     ‘RPostgreSQL’ ‘RODBC’ ‘RMySQL’
Flavor: r-release-osx-x86_64-mavericks