CRAN Package Check Results for Package sqlutils

Last updated on 2014-04-19 18:47:50.

Flavor Version Tinstall Tcheck Ttotal Status Flags
r-devel-linux-x86_64-debian-clang 1.1.1 1.40 20.48 21.89 NOTE
r-devel-linux-x86_64-debian-gcc 1.1.1 1.48 20.66 22.14 NOTE
r-devel-linux-x86_64-fedora-clang 1.1.1 44.29 NOTE
r-devel-linux-x86_64-fedora-gcc 1.1.1 41.88 NOTE
r-devel-macosx-x86_64-clang 1.1.1 51.14 NOTE
r-devel-macosx-x86_64-gcc 1.1.1 NOTE
r-devel-windows-ix86+x86_64 1.1.1 5.00 48.00 53.00 NOTE
r-patched-linux-x86_64 1.1.1 1.41 20.45 21.86 NOTE
r-patched-solaris-sparc 1.1.1 240.00 NOTE
r-patched-solaris-x86 1.1.1 61.70 NOTE
r-release-linux-ix86 NOTE
r-release-linux-x86_64 1.1.1 1.41 19.99 21.40 NOTE
r-release-macosx-x86_64 1.1.1 OK
r-release-windows-ix86+x86_64 1.1.1 8.00 34.00 42.00 NOTE
r-oldrel-windows-ix86+x86_64 1.1.1 6.00 34.00 40.00 NOTE

Check Details

Version: 1.1.1
Check: dependencies in R code
Result: NOTE
    Packages in Depends field not imported from:
     ‘DBI’ ‘roxygen2’ ‘stringr’
     These packages need to be imported from (in the NAMESPACE file)
     for when this namespace is loaded but not attached.
    See the information on DESCRIPTION files in the chapter ‘Creating R
    packages’ of the ‘Writing R Extensions’ manual.
Flavors: r-devel-linux-x86_64-debian-clang, r-devel-linux-x86_64-debian-gcc, r-devel-linux-x86_64-fedora-clang, r-devel-linux-x86_64-fedora-gcc, r-devel-macosx-x86_64-clang, r-devel-macosx-x86_64-gcc, r-devel-windows-ix86+x86_64, r-patched-linux-x86_64, r-patched-solaris-sparc, r-patched-solaris-x86, r-release-linux-ix86, r-release-linux-x86_64, r-release-windows-ix86+x86_64, r-oldrel-windows-ix86+x86_64

Version: 1.1.1
Check: package dependencies
Result: NOTE
    Package suggested but not available for checking: ‘RMySQL’
Flavors: r-devel-macosx-x86_64-clang, r-devel-windows-ix86+x86_64, r-patched-solaris-sparc, r-patched-solaris-x86, r-release-windows-ix86+x86_64, r-oldrel-windows-ix86+x86_64