CRAN Package Check Results for Package sqlutils

Last updated on 2015-03-06 23:48:31.

Flavor Version Tinstall Tcheck Ttotal Status Flags
r-devel-linux-x86_64-debian-clang 1.2 1.28 17.20 18.48 NOTE
r-devel-linux-x86_64-debian-gcc 1.2 1.16 16.64 17.80 NOTE
r-devel-linux-x86_64-fedora-clang 1.2 37.11 NOTE
r-devel-linux-x86_64-fedora-gcc 1.2 35.85 NOTE
r-devel-osx-x86_64-clang 1.2 45.00 NOTE
r-devel-windows-ix86+x86_64 1.2 7.00 31.00 38.00 NOTE
r-patched-linux-x86_64 1.2 1.51 21.88 23.39 NOTE
r-patched-solaris-sparc 1.2 306.50 NOTE
r-patched-solaris-x86 1.2 66.00 NOTE
r-release-linux-ix86 1.2 2.08 29.95 32.03 OK
r-release-linux-x86_64 1.2 1.49 21.96 23.46 OK
r-release-osx-x86_64-mavericks 1.2 NOTE
r-release-osx-x86_64-snowleopard 1.2 OK
r-release-windows-ix86+x86_64 1.2 6.00 37.00 43.00 OK
r-oldrel-windows-ix86+x86_64 1.2 6.00 36.00 42.00 OK

Check Details

Version: 1.2
Check: DESCRIPTION meta-information
Result: NOTE
    Malformed Title field: should not end in a period.
Flavors: r-devel-linux-x86_64-debian-clang, r-devel-linux-x86_64-debian-gcc, r-devel-linux-x86_64-fedora-clang, r-devel-linux-x86_64-fedora-gcc, r-devel-osx-x86_64-clang, r-devel-windows-ix86+x86_64

Version: 1.2
Check: dependencies in R code
Result: NOTE
    'library' or 'require' calls in package code:
     ‘RJDBC’ ‘RMySQL’ ‘RODBC’ ‘RPostgreSQL’ ‘RSQLite’ ‘tcltk’
     Please use :: or requireNamespace() instead.
     See section 'Suggested packages' in the 'Writing R Extensions' manual.
Flavors: r-devel-linux-x86_64-debian-clang, r-devel-linux-x86_64-debian-gcc, r-devel-linux-x86_64-fedora-clang, r-devel-linux-x86_64-fedora-gcc, r-devel-osx-x86_64-clang, r-devel-windows-ix86+x86_64, r-patched-linux-x86_64, r-patched-solaris-sparc, r-patched-solaris-x86

Version: 1.2
Check: package dependencies
Result: NOTE
    Package which this enhances but not available for checking: ‘RMySQL’
Flavors: r-patched-solaris-sparc, r-patched-solaris-x86

Version: 1.2
Check: package dependencies
Result: NOTE
    Packages which this enhances but not available for checking:
     ‘RPostgreSQL’ ‘RODBC’
Flavor: r-release-osx-x86_64-mavericks