CRAN Package Check Results for Package sqlutils

Last updated on 2015-01-28 01:48:16.

Flavor Version Tinstall Tcheck Ttotal Status Flags
r-devel-linux-x86_64-debian-clang 1.2 1.37 19.06 20.43 NOTE
r-devel-linux-x86_64-debian-gcc 1.2 1.30 18.20 19.50 NOTE
r-devel-linux-x86_64-fedora-clang 1.2 49.96 NOTE
r-devel-linux-x86_64-fedora-gcc 1.2 46.73 NOTE
r-devel-osx-x86_64-clang 1.2 53.09 NOTE
r-devel-windows-ix86+x86_64 1.2 8.00 31.00 39.00 NOTE
r-patched-linux-x86_64 1.2 1.47 21.84 23.31 OK
r-patched-solaris-sparc 1.2 283.40 NOTE
r-patched-solaris-x86 1.2 63.60 NOTE
r-release-linux-ix86 1.2 1.83 28.66 30.50 OK
r-release-linux-x86_64 1.2 1.88 21.87 23.75 OK
r-release-osx-x86_64-mavericks 1.2 NOTE
r-release-osx-x86_64-snowleopard 1.2 OK
r-release-windows-ix86+x86_64 1.2 6.00 37.00 43.00 OK
r-oldrel-windows-ix86+x86_64 1.2 6.00 38.00 44.00 OK

Check Details

Version: 1.2
Check: dependencies in R code
Result: NOTE
    'library' or 'require' calls in package code:
     ‘RJDBC’ ‘RMySQL’ ‘RODBC’ ‘RPostgreSQL’ ‘RSQLite’ ‘tcltk’
     Please use :: or requireNamespace() instead.
     See section 'Suggested packages' in the 'Writing R Extensions' manual.
Flavors: r-devel-linux-x86_64-debian-clang, r-devel-linux-x86_64-debian-gcc, r-devel-linux-x86_64-fedora-clang, r-devel-linux-x86_64-fedora-gcc, r-devel-osx-x86_64-clang, r-devel-windows-ix86+x86_64

Version: 1.2
Check: package dependencies
Result: NOTE
    Package which this enhances but not available for checking: ‘RMySQL’
Flavors: r-patched-solaris-sparc, r-patched-solaris-x86

Version: 1.2
Check: package dependencies
Result: NOTE
    Packages which this enhances but not available for checking:
     ‘RPostgreSQL’ ‘RODBC’
Flavor: r-release-osx-x86_64-mavericks