CRAN Package Check Results for Package sqlutils

Last updated on 2015-05-05 09:46:48.

Flavor Version Tinstall Tcheck Ttotal Status Flags
r-devel-linux-x86_64-debian-clang 1.2 1.21 18.18 19.38 NOTE
r-devel-linux-x86_64-debian-gcc 1.2 1.18 17.70 18.88 NOTE
r-devel-linux-x86_64-fedora-clang 1.2 37.39 NOTE
r-devel-linux-x86_64-fedora-gcc 1.2 34.64 NOTE
r-devel-osx-x86_64-clang 1.2 42.72 NOTE
r-devel-windows-ix86+x86_64 1.2 5.00 32.00 37.00 NOTE
r-patched-linux-x86_64 1.2 1.19 17.53 18.72 NOTE
r-patched-solaris-sparc 1.2 235.90 NOTE
r-patched-solaris-x86 1.2 52.10 NOTE
r-release-linux-x86_64 1.2 1.22 17.86 19.07 NOTE
r-release-osx-x86_64-mavericks 1.2 NOTE
r-release-osx-x86_64-snowleopard 1.2 NOTE
r-release-windows-ix86+x86_64 1.2 5.00 31.00 36.00 NOTE
r-oldrel-windows-ix86+x86_64 1.2 5.00 34.00 39.00 NOTE

Check Details

Version: 1.2
Check: DESCRIPTION meta-information
Result: NOTE
    Malformed Title field: should not end in a period.
Flavors: r-devel-linux-x86_64-debian-clang, r-devel-linux-x86_64-debian-gcc, r-devel-linux-x86_64-fedora-clang, r-devel-linux-x86_64-fedora-gcc, r-devel-osx-x86_64-clang, r-devel-windows-ix86+x86_64, r-patched-linux-x86_64, r-patched-solaris-sparc, r-patched-solaris-x86, r-release-linux-x86_64, r-release-osx-x86_64-mavericks, r-release-osx-x86_64-snowleopard, r-release-windows-ix86+x86_64

Version: 1.2
Check: dependencies in R code
Result: NOTE
    'library' or 'require' calls in package code:
     ‘RJDBC’ ‘RMySQL’ ‘RODBC’ ‘RPostgreSQL’ ‘RSQLite’ ‘tcltk’
     Please use :: or requireNamespace() instead.
     See section 'Suggested packages' in the 'Writing R Extensions' manual.
Flavors: r-devel-linux-x86_64-debian-clang, r-devel-linux-x86_64-debian-gcc, r-devel-linux-x86_64-fedora-clang, r-devel-linux-x86_64-fedora-gcc, r-devel-osx-x86_64-clang, r-devel-windows-ix86+x86_64, r-patched-linux-x86_64, r-patched-solaris-sparc, r-patched-solaris-x86, r-release-linux-x86_64, r-release-osx-x86_64-mavericks, r-release-osx-x86_64-snowleopard, r-release-windows-ix86+x86_64, r-oldrel-windows-ix86+x86_64

Version: 1.2
Check: package dependencies
Result: NOTE
    Package which this enhances but not available for checking: ‘RMySQL’
Flavors: r-patched-solaris-sparc, r-patched-solaris-x86

Version: 1.2
Check: package dependencies
Result: NOTE
    Packages which this enhances but not available for checking:
     ‘RPostgreSQL’ ‘RODBC’
Flavor: r-release-osx-x86_64-mavericks