CRAN Package Check Results for Package sqlutils

Last updated on 2015-07-04 06:47:51.

Flavor Version Tinstall Tcheck Ttotal Status Flags
r-devel-linux-x86_64-debian-clang 1.2 1.21 16.15 17.36 NOTE
r-devel-linux-x86_64-debian-gcc 1.2 1.16 17.49 18.66 NOTE
r-devel-linux-x86_64-fedora-clang 1.2 37.13 NOTE
r-devel-linux-x86_64-fedora-gcc 1.2 35.26 NOTE
r-devel-osx-x86_64-clang 1.2 37.01 NOTE
r-devel-windows-ix86+x86_64 1.2 7.00 31.00 38.00 NOTE
r-patched-linux-x86_64 1.2 1.18 18.41 19.60 NOTE
r-patched-solaris-sparc 1.2 248.60 NOTE
r-patched-solaris-x86 1.2 56.90 NOTE
r-release-linux-x86_64 1.2 1.26 17.82 19.09 NOTE
r-release-osx-x86_64-mavericks 1.2 NOTE
r-release-windows-ix86+x86_64 1.2 7.00 28.00 35.00 NOTE
r-oldrel-windows-ix86+x86_64 1.2 7.00 45.00 52.00 NOTE

Check Details

Version: 1.2
Check: DESCRIPTION meta-information
Result: NOTE
    Malformed Title field: should not end in a period.
Flavors: r-devel-linux-x86_64-debian-clang, r-devel-linux-x86_64-debian-gcc, r-devel-linux-x86_64-fedora-clang, r-devel-linux-x86_64-fedora-gcc, r-devel-osx-x86_64-clang, r-devel-windows-ix86+x86_64, r-patched-linux-x86_64, r-patched-solaris-sparc, r-patched-solaris-x86, r-release-linux-x86_64, r-release-osx-x86_64-mavericks, r-release-windows-ix86+x86_64

Version: 1.2
Check: dependencies in R code
Result: NOTE
    'library' or 'require' calls in package code:
     ‘RJDBC’ ‘RMySQL’ ‘RODBC’ ‘RPostgreSQL’ ‘RSQLite’ ‘tcltk’
     Please use :: or requireNamespace() instead.
     See section 'Suggested packages' in the 'Writing R Extensions' manual.
Flavors: r-devel-linux-x86_64-debian-clang, r-devel-linux-x86_64-debian-gcc, r-devel-linux-x86_64-fedora-clang, r-devel-linux-x86_64-fedora-gcc, r-devel-osx-x86_64-clang, r-devel-windows-ix86+x86_64, r-patched-linux-x86_64, r-patched-solaris-sparc, r-patched-solaris-x86, r-release-linux-x86_64, r-release-osx-x86_64-mavericks, r-release-windows-ix86+x86_64, r-oldrel-windows-ix86+x86_64

Version: 1.2
Check: R code for possible problems
Result: NOTE
    cacheQuery: no visible global function definition for ‘read.csv’
    cacheQuery: no visible global function definition for ‘write.csv’
    Undefined global functions or variables:
     read.csv write.csv
Flavors: r-devel-linux-x86_64-debian-clang, r-devel-linux-x86_64-debian-gcc, r-devel-linux-x86_64-fedora-clang, r-devel-linux-x86_64-fedora-gcc, r-devel-windows-ix86+x86_64

Version: 1.2
Check: package dependencies
Result: NOTE
    Package which this enhances but not available for checking: ‘RMySQL’
Flavors: r-patched-solaris-sparc, r-patched-solaris-x86

Version: 1.2
Check: package dependencies
Result: NOTE
    Packages which this enhances but not available for checking:
     ‘RPostgreSQL’ ‘RODBC’
Flavor: r-release-osx-x86_64-mavericks