CRAN Package Check Results for Package sqlutils

Last updated on 2014-07-24 16:48:06.

Flavor Version Tinstall Tcheck Ttotal Status Flags
r-devel-linux-x86_64-debian-clang 1.1.2 1.32 19.07 20.39 OK
r-devel-linux-x86_64-debian-gcc 1.1.2 1.29 18.60 19.90 OK
r-devel-linux-x86_64-fedora-clang 1.1.2 45.55 OK
r-devel-linux-x86_64-fedora-gcc 1.1.2 42.82 OK
r-devel-osx-x86_64-clang 1.1.2 50.14 NOTE
r-devel-windows-ix86+x86_64 1.1.2 5.00 33.00 38.00 NOTE
r-patched-linux-x86_64 1.1.2 1.28 18.79 20.07 OK
r-patched-solaris-sparc 1.1.2 239.50 NOTE
r-patched-solaris-x86 1.1.2 60.70 NOTE
r-release-linux-ix86 1.1.2 1.74 27.11 28.86 OK
r-release-linux-x86_64 1.1.2 1.53 19.32 20.84 OK
r-release-osx-x86_64-mavericks 1.1.2 NOTE
r-release-osx-x86_64-snowleopard 1.1.2 OK
r-release-windows-ix86+x86_64 1.1.2 5.00 34.00 39.00 NOTE
r-oldrel-windows-ix86+x86_64 1.1.2 6.00 34.00 40.00 NOTE

Check Details

Version: 1.1.2
Check: package dependencies
Result: NOTE
    Package suggested but not available for checking: ‘RMySQL’
Flavors: r-devel-osx-x86_64-clang, r-devel-windows-ix86+x86_64, r-patched-solaris-sparc, r-patched-solaris-x86, r-release-windows-ix86+x86_64, r-oldrel-windows-ix86+x86_64

Version: 1.1.2
Check: package dependencies
Result: NOTE
    Packages suggested but not available for checking:
     ‘RPostgreSQL’ ‘RODBC’ ‘RMySQL’
Flavor: r-release-osx-x86_64-mavericks

Version: 1.1.2
Check: R code for possible problems
Result: NOTE
    sqlexec.RODBC: no visible global function definition for ‘sqlQuery’
Flavor: r-release-osx-x86_64-mavericks