CRAN Package Check Results for Package sqlutils

Last updated on 2014-12-21 17:49:13.

Flavor Version Tinstall Tcheck Ttotal Status Flags
r-devel-linux-x86_64-debian-clang 1.2 1.45 21.70 23.15 OK
r-devel-linux-x86_64-debian-gcc 1.2 1.38 20.80 22.18 OK
r-devel-linux-x86_64-fedora-clang 1.2 50.90 OK
r-devel-linux-x86_64-fedora-gcc 1.2 45.09 OK
r-devel-osx-x86_64-clang 1.2 51.23 NOTE
r-devel-windows-ix86+x86_64 1.2 6.00 33.00 39.00 NOTE
r-patched-linux-x86_64 1.2 1.47 21.79 23.26 OK
r-patched-solaris-sparc 1.2 245.90 NOTE
r-patched-solaris-x86 1.2 61.70 NOTE
r-release-linux-ix86 1.2 1.86 28.53 30.38 OK
r-release-linux-x86_64 1.2 1.44 21.28 22.72 OK
r-release-osx-x86_64-mavericks 1.2 NOTE
r-release-osx-x86_64-snowleopard 1.2 OK
r-release-windows-ix86+x86_64 1.2 6.00 37.00 43.00 NOTE
r-oldrel-windows-ix86+x86_64 1.2 6.00 37.00 43.00 NOTE

Check Details

Version: 1.2
Check: package dependencies
Result: NOTE
    Package which this enhances but not available for checking: ‘RMySQL’
Flavors: r-devel-osx-x86_64-clang, r-devel-windows-ix86+x86_64, r-patched-solaris-sparc, r-patched-solaris-x86, r-release-windows-ix86+x86_64, r-oldrel-windows-ix86+x86_64

Version: 1.2
Check: package dependencies
Result: NOTE
    Packages which this enhances but not available for checking:
     ‘RPostgreSQL’ ‘RODBC’ ‘RMySQL’
Flavor: r-release-osx-x86_64-mavericks