CRAN Package Check Results for Package srvyr

Last updated on 2019-03-22 11:53:19 CET.

Flavor Version Tinstall Tcheck Ttotal Status Flags
r-devel-linux-x86_64-debian-clang 0.3.4 9.35 102.16 111.51 OK
r-devel-linux-x86_64-debian-gcc 0.3.4 8.34 78.84 87.18 OK
r-devel-linux-x86_64-fedora-clang 0.3.4 134.51 OK
r-devel-linux-x86_64-fedora-gcc 0.3.4 127.27 OK
r-devel-windows-ix86+x86_64 0.3.4 26.00 163.00 189.00 OK
r-patched-linux-x86_64 0.3.4 6.54 91.52 98.06 OK
r-patched-solaris-x86 0.3.4 173.00 NOTE
r-release-linux-x86_64 0.3.4 6.53 92.60 99.13 OK
r-release-windows-ix86+x86_64 0.3.4 11.00 108.00 119.00 OK
r-release-osx-x86_64 0.3.4 OK
r-oldrel-windows-ix86+x86_64 0.3.4 15.00 183.00 198.00 OK
r-oldrel-osx-x86_64 0.3.4 OK

Check Details

Version: 0.3.4
Check: package dependencies
Result: NOTE
    Package suggested but not available for checking: ‘MonetDBLite’
Flavor: r-patched-solaris-x86