CRAN Package Check Results for Package srvyr

Last updated on 2019-05-21 04:49:09 CEST.

Flavor Version Tinstall Tcheck Ttotal Status Flags
r-devel-linux-x86_64-debian-clang 0.3.4 10.10 103.74 113.84 NOTE
r-devel-linux-x86_64-debian-gcc 0.3.4 8.02 79.95 87.97 NOTE
r-devel-linux-x86_64-fedora-clang 0.3.4 133.27 NOTE
r-devel-linux-x86_64-fedora-gcc 0.3.4 127.99 NOTE
r-devel-windows-ix86+x86_64 0.3.4 31.00 185.00 216.00 OK
r-patched-linux-x86_64 0.3.4 10.22 99.86 110.08 NOTE
r-patched-solaris-x86 0.3.4 199.30 NOTE
r-release-linux-x86_64 0.3.4 9.30 102.73 112.03 NOTE
r-release-windows-ix86+x86_64 0.3.4 26.00 187.00 213.00 OK
r-release-osx-x86_64 0.3.4 OK
r-oldrel-windows-ix86+x86_64 0.3.4 13.00 117.00 130.00 OK
r-oldrel-osx-x86_64 0.3.4 OK

Check Details

Version: 0.3.4
Check: package dependencies
Result: NOTE
    Package suggested but not available for checking: 'MonetDBLite'
Flavors: r-devel-linux-x86_64-debian-clang, r-devel-linux-x86_64-debian-gcc, r-devel-linux-x86_64-fedora-clang, r-devel-linux-x86_64-fedora-gcc, r-patched-linux-x86_64, r-patched-solaris-x86, r-release-linux-x86_64