CRAN Package Check Results for Package ss3sim

Last updated on 2018-06-24 02:46:49 CEST.

Flavor Version Tinstall Tcheck Ttotal Status Flags
r-devel-linux-x86_64-debian-clang 0.9.5 9.52 100.90 110.42 OK
r-devel-linux-x86_64-debian-gcc 0.9.5 8.52 78.65 87.17 OK
r-devel-linux-x86_64-fedora-clang 0.9.5 129.70 OK
r-devel-linux-x86_64-fedora-gcc 0.9.5 123.94 OK
r-devel-windows-ix86+x86_64 0.9.5 21.00 115.00 136.00 OK
r-patched-linux-x86_64 0.9.5 10.97 96.97 107.94 NOTE
r-patched-solaris-x86 0.9.5 181.40 OK
r-release-linux-x86_64 0.9.5 11.46 95.30 106.76 NOTE
r-release-windows-ix86+x86_64 0.9.5 30.00 165.00 195.00 OK
r-release-osx-x86_64 0.9.5 OK
r-oldrel-windows-ix86+x86_64 0.9.5 21.00 182.00 203.00 OK
r-oldrel-osx-x86_64 0.9.5 OK

Check Details

Version: 0.9.5
Check: DESCRIPTION meta-information
Result: NOTE
    Dependence on R version ‘3.3.3’ not with patchlevel 0
Flavors: r-patched-linux-x86_64, r-release-linux-x86_64