CRAN Package Check Results for Package ss3sim

Last updated on 2018-02-23 13:47:55 CET.

Flavor Version Tinstall Tcheck Ttotal Status Flags
r-devel-linux-x86_64-debian-clang 0.9.5 10.41 98.03 108.44 NOTE
r-devel-linux-x86_64-debian-gcc 0.9.5 8.76 73.81 82.57 NOTE
r-devel-linux-x86_64-fedora-clang 0.9.5 131.63 NOTE
r-devel-linux-x86_64-fedora-gcc 0.9.5 122.16 NOTE
r-devel-windows-ix86+x86_64 0.9.5 22.00 147.00 169.00 OK
r-patched-linux-x86_64 0.9.5 5.32 114.52 119.84 OK
r-patched-solaris-x86 0.9.5 180.00 OK
r-release-linux-x86_64 0.9.5 3.72 115.31 119.03 OK
r-release-windows-ix86+x86_64 0.9.5 24.00 163.00 187.00 OK
r-release-osx-x86_64 0.9.5 OK
r-oldrel-windows-ix86+x86_64 0.9.5 13.00 113.00 126.00 OK
r-oldrel-osx-x86_64 0.9.5 ERROR

Check Details

Version: 0.9.5
Check: DESCRIPTION meta-information
Result: NOTE
    Dependence on R version ‘3.3.3’ not with patchlevel 0
Flavors: r-devel-linux-x86_64-debian-clang, r-devel-linux-x86_64-debian-gcc, r-devel-linux-x86_64-fedora-clang, r-devel-linux-x86_64-fedora-gcc

Version: 0.9.5
Check: whether package can be installed
Result: ERROR
    Installation failed.
Flavor: r-oldrel-osx-x86_64