CRAN Package Check Results for Package ss3sim

Last updated on 2019-02-18 07:49:59 CET.

Flavor Version Tinstall Tcheck Ttotal Status Flags
r-devel-linux-x86_64-debian-clang 0.9.5 12.83 111.11 123.94 OK
r-devel-linux-x86_64-debian-gcc 0.9.5 9.56 84.25 93.81 OK
r-devel-linux-x86_64-fedora-clang 0.9.5 149.55 OK
r-devel-linux-x86_64-fedora-gcc 0.9.5 143.17 OK
r-devel-windows-ix86+x86_64 0.9.5 25.00 114.00 139.00 OK
r-patched-linux-x86_64 0.9.5 11.08 96.04 107.12 NOTE
r-patched-solaris-x86 0.9.5 179.60 OK
r-release-linux-x86_64 0.9.5 NOTE
r-release-windows-ix86+x86_64 0.9.5 16.00 152.00 168.00 OK
r-release-osx-x86_64 0.9.5 OK
r-oldrel-windows-ix86+x86_64 0.9.5 12.00 138.00 150.00 OK
r-oldrel-osx-x86_64 0.9.5 OK

Check Details

Version: 0.9.5
Check: DESCRIPTION meta-information
Result: NOTE
    Dependence on R version ‘3.3.3’ not with patchlevel 0
Flavors: r-patched-linux-x86_64, r-release-linux-x86_64