CRAN Package Check Results for Package ss3sim

Last updated on 2017-04-26 09:48:03.

Flavor Version Tinstall Tcheck Ttotal Status Flags
r-devel-linux-x86_64-debian-clang 0.9.5 3.66 74.64 78.30 OK
r-devel-linux-x86_64-debian-gcc 0.9.5 3.82 75.45 79.26 OK
r-devel-linux-x86_64-fedora-clang 0.9.5 144.22 OK --no-stop-on-test-error
r-devel-linux-x86_64-fedora-gcc 0.9.5 135.02 OK --no-stop-on-test-error
r-devel-windows-ix86+x86_64 0.9.5 16.00 127.00 143.00 OK
r-patched-linux-x86_64 0.9.5 3.56 73.70 77.26 OK
r-patched-solaris-sparc 0.9.5 766.20 OK
r-patched-solaris-x86 0.9.5 173.90 OK
r-release-linux-x86_64 0.9.5 3.60 72.21 75.81 OK
r-release-windows-ix86+x86_64 0.9.5 12.00 123.00 135.00 OK
r-release-osx-x86_64 0.9.5 OK
r-oldrel-windows-ix86+x86_64 0.9.5 11.00 113.00 124.00 OK
r-oldrel-osx-x86_64 0.9.5 ERROR

Check Details

Version: 0.9.5
Check: whether package can be installed
Result: ERROR
    Installation failed.
Flavor: r-oldrel-osx-x86_64