CRAN Package Check Results for Package ss3sim

Last updated on 2018-09-20 04:46:49 CEST.

Flavor Version Tinstall Tcheck Ttotal Status Flags
r-devel-linux-x86_64-debian-clang 0.9.5 10.92 102.78 113.70 OK
r-devel-linux-x86_64-debian-gcc 0.9.5 8.19 80.28 88.47 OK
r-devel-linux-x86_64-fedora-clang 0.9.5 141.84 OK
r-devel-linux-x86_64-fedora-gcc 0.9.5 128.28 OK
r-devel-windows-ix86+x86_64 0.9.5 18.00 117.00 135.00 OK
r-patched-linux-x86_64 0.9.5 10.91 95.16 106.07 NOTE
r-patched-solaris-x86 0.9.5 182.50 OK
r-release-linux-x86_64 0.9.5 8.29 95.71 104.00 NOTE
r-release-windows-ix86+x86_64 0.9.5 16.00 116.00 132.00 OK
r-release-osx-x86_64 0.9.5 OK
r-oldrel-windows-ix86+x86_64 0.9.5 10.00 210.00 220.00 OK
r-oldrel-osx-x86_64 0.9.5 OK

Check Details

Version: 0.9.5
Check: DESCRIPTION meta-information
Result: NOTE
    Dependence on R version ‘3.3.3’ not with patchlevel 0
Flavors: r-patched-linux-x86_64, r-release-linux-x86_64