CRAN Package Check Results for Package ss3sim

Last updated on 2017-07-26 02:48:17.

Flavor Version Tinstall Tcheck Ttotal Status Flags
r-devel-linux-x86_64-debian-clang 0.9.5 3.43 84.18 87.61 OK
r-devel-linux-x86_64-debian-gcc 0.9.5 3.71 85.16 88.87 OK
r-devel-linux-x86_64-fedora-clang 0.9.5 139.61 OK
r-devel-linux-x86_64-fedora-gcc 0.9.5 136.84 OK
r-devel-windows-ix86+x86_64 0.9.5 17.00 164.00 181.00 OK
r-patched-linux-x86_64 0.9.5 3.62 85.82 89.44 OK
r-patched-solaris-x86 0.9.5 179.30 OK
r-release-linux-x86_64 0.9.5 3.39 87.75 91.14 OK
r-release-windows-ix86+x86_64 0.9.5 12.00 159.00 171.00 OK
r-release-osx-x86_64 0.9.5 OK
r-oldrel-windows-ix86+x86_64 0.9.5 11.00 111.00 122.00 OK
r-oldrel-osx-x86_64 0.9.5 ERROR

Check Details

Version: 0.9.5
Check: whether package can be installed
Result: ERROR
    Installation failed.
Flavor: r-oldrel-osx-x86_64