CRAN Package Check Results for Package ss3sim

Last updated on 2018-11-20 16:51:23 CET.

Flavor Version Tinstall Tcheck Ttotal Status Flags
r-devel-linux-x86_64-debian-clang 0.9.5 11.12 98.60 109.72 OK
r-devel-linux-x86_64-debian-gcc 0.9.5 9.53 78.39 87.92 OK
r-devel-linux-x86_64-fedora-clang 0.9.5 127.93 OK
r-devel-linux-x86_64-fedora-gcc 0.9.5 123.73 OK
r-devel-windows-ix86+x86_64 0.9.5 28.00 161.00 189.00 OK
r-patched-linux-x86_64 0.9.5 10.06 96.31 106.37 NOTE
r-patched-solaris-x86 0.9.5 186.90 OK
r-release-linux-x86_64 0.9.5 10.84 96.34 107.18 NOTE
r-release-windows-ix86+x86_64 0.9.5 16.00 152.00 168.00 OK
r-release-osx-x86_64 0.9.5 OK
r-oldrel-windows-ix86+x86_64 0.9.5 14.00 169.00 183.00 OK
r-oldrel-osx-x86_64 0.9.5 OK

Check Details

Version: 0.9.5
Check: DESCRIPTION meta-information
Result: NOTE
    Dependence on R version ‘3.3.3’ not with patchlevel 0
Flavors: r-patched-linux-x86_64, r-release-linux-x86_64