CRAN Package Check Results for Package ss3sim

Last updated on 2017-11-24 09:48:23 CET.

Flavor Version Tinstall Tcheck Ttotal Status Flags
r-devel-linux-x86_64-debian-clang 0.9.5 3.26 109.83 113.09 OK
r-devel-linux-x86_64-debian-gcc 0.9.5 3.53 149.73 153.25 OK
r-devel-linux-x86_64-fedora-clang 0.9.5 131.14 OK
r-devel-linux-x86_64-fedora-gcc 0.9.5 126.94 OK
r-devel-windows-ix86+x86_64 0.9.5 13.00 115.00 128.00 OK
r-patched-linux-x86_64 0.9.5 5.60 157.69 163.29 OK
r-patched-solaris-x86 0.9.5 185.70 OK
r-release-linux-x86_64 0.9.5 4.68 162.48 167.16 OK
r-release-windows-ix86+x86_64 0.9.5 14.00 189.00 203.00 OK
r-release-osx-x86_64 0.9.5 OK
r-oldrel-windows-ix86+x86_64 0.9.5 10.00 113.00 123.00 OK
r-oldrel-osx-x86_64 0.9.5 ERROR

Check Details

Version: 0.9.5
Check: whether package can be installed
Result: ERROR
    Installation failed.
Flavor: r-oldrel-osx-x86_64