CRAN Package Check Results for Package ss3sim

Last updated on 2017-05-25 10:47:32.

Flavor Version Tinstall Tcheck Ttotal Status Flags
r-devel-linux-x86_64-debian-clang 0.9.5 3.84 76.29 80.12 OK
r-devel-linux-x86_64-debian-gcc 0.9.5 3.76 73.17 76.93 OK
r-devel-linux-x86_64-fedora-clang 0.9.5 143.14 OK --no-stop-on-test-error
r-devel-linux-x86_64-fedora-gcc 0.9.5 133.22 OK --no-stop-on-test-error
r-devel-windows-ix86+x86_64 0.9.5 12.00 119.00 131.00 OK
r-patched-linux-x86_64 0.9.5 3.70 72.21 75.92 OK
r-patched-solaris-sparc 0.9.5 766.20 OK
r-patched-solaris-x86 0.9.5 174.40 OK
r-release-linux-x86_64 0.9.5 3.42 72.66 76.08 OK
r-release-windows-ix86+x86_64 0.9.5 17.00 185.00 202.00 OK
r-release-osx-x86_64 0.9.5 OK
r-oldrel-windows-ix86+x86_64 0.9.5 18.00 145.00 163.00 OK
r-oldrel-osx-x86_64 0.9.5 ERROR

Check Details

Version: 0.9.5
Check: whether package can be installed
Result: ERROR
    Installation failed.
Flavor: r-oldrel-osx-x86_64