CRAN Package Check Results for Package ssMousetrack

Last updated on 2022-10-05 07:51:48 CEST.

Flavor Version Tinstall Tcheck Ttotal Status Flags
r-devel-linux-x86_64-debian-clang 1.1.5 537.96 121.37 659.33 NOTE
r-devel-linux-x86_64-debian-gcc 1.1.5 444.52 110.16 554.68 NOTE
r-devel-linux-x86_64-fedora-clang 1.1.5 791.34 NOTE
r-devel-linux-x86_64-fedora-gcc 1.1.5 920.95 NOTE
r-devel-windows-x86_64 1.1.5 338.00 205.00 543.00 NOTE
r-patched-linux-x86_64 1.1.5 442.87 138.10 580.97 NOTE
r-release-linux-x86_64 1.1.5 391.97 136.55 528.52 NOTE
r-release-macos-arm64 1.1.5 226.00 NOTE
r-release-macos-x86_64 1.1.5 346.00 NOTE
r-release-windows-x86_64 1.1.5 322.00 195.00 517.00 NOTE
r-oldrel-macos-arm64 1.1.5 251.00 NOTE
r-oldrel-macos-x86_64 1.1.5 434.00 NOTE
r-oldrel-windows-ix86+x86_64 1.1.5 1072.00 230.00 1302.00 NOTE

Check Details

Version: 1.1.5
Check: for GNU extensions in Makefiles
Result: NOTE
    GNU make is a SystemRequirements.
Flavors: r-devel-linux-x86_64-debian-clang, r-devel-linux-x86_64-debian-gcc, r-devel-linux-x86_64-fedora-clang, r-devel-linux-x86_64-fedora-gcc, r-devel-windows-x86_64, r-patched-linux-x86_64, r-release-linux-x86_64, r-release-macos-arm64, r-release-macos-x86_64, r-release-windows-x86_64, r-oldrel-macos-arm64, r-oldrel-macos-x86_64, r-oldrel-windows-ix86+x86_64

Version: 1.1.5
Check: installed package size
Result: NOTE
     installed size is 6.1Mb
     sub-directories of 1Mb or more:
     libs 5.7Mb
Flavors: r-devel-linux-x86_64-fedora-clang, r-release-macos-arm64, r-release-macos-x86_64, r-oldrel-macos-arm64, r-oldrel-macos-x86_64, r-oldrel-windows-ix86+x86_64