CRAN Package Check Results for Package ssanv

Last updated on 2014-04-23 12:48:29.

Flavor Version Tinstall Tcheck Ttotal Status Flags
r-devel-linux-x86_64-debian-clang 1.0-2 0.68 11.03 11.72 OK
r-devel-linux-x86_64-debian-gcc 1.0-2 0.64 11.38 12.02 OK
r-devel-linux-x86_64-fedora-clang 1.0-2 22.92 OK
r-devel-linux-x86_64-fedora-gcc 1.0-2 22.84 OK
r-devel-osx-x86_64-clang 1.0-2 27.07 OK
r-devel-osx-x86_64-gcc 1.0-2 OK
r-devel-windows-ix86+x86_64 1.0-2 2.00 18.00 20.00 OK
r-patched-linux-x86_64 1.0-2 0.61 10.76 11.37 OK
r-patched-solaris-sparc 1.0-2 131.10 OK
r-patched-solaris-x86 1.0-2 34.70 OK
r-release-linux-ix86 1.0-2 1.00 25.00 26.00 OK
r-release-linux-x86_64 1.0-2 0.65 10.89 11.54 OK
r-release-osx-x86_64-mavericks 1.0-2 WARN
r-release-windows-ix86+x86_64 1.0-2 5.00 18.00 23.00 OK
r-oldrel-windows-ix86+x86_64 1.0-2 2.00 19.00 21.00 OK

Check Details

Version: 1.0-2
Check: PDF version of manual
Result: WARNING
    LaTeX errors when creating PDF version.
    This typically indicates Rd problems.
    LaTeX errors found:
    ! LaTeX Error: File `upquote.sty' not found.
    
    Type X to quit or <RETURN> to proceed,
    or enter new name. (Default extension: sty)
    
    fd7760b/Rd2.tex:8: ==> Fatal error occurred, no output PDF file produced!
Flavor: r-release-osx-x86_64-mavericks