CRAN Package Check Results for Package ssd

Last updated on 2022-01-19 23:49:13 CET.

Flavor Version Tinstall Tcheck Ttotal Status Flags
r-devel-linux-x86_64-debian-clang 0.3 NOTE
r-devel-linux-x86_64-debian-gcc 0.3 1.77 25.20 26.97 NOTE
r-devel-linux-x86_64-fedora-clang 0.3 43.64 NOTE
r-devel-linux-x86_64-fedora-gcc 0.3 32.70 NOTE
r-devel-windows-x86_64-new-UL 0.3 10.00 47.00 57.00 NOTE
r-devel-windows-x86_64-new-TK 0.3 NOTE
r-patched-linux-x86_64 0.3 1.83 30.40 32.23 NOTE
r-release-linux-x86_64 0.3 NOTE
r-release-macos-arm64 0.3 NOTE
r-release-macos-x86_64 0.3 NOTE
r-release-windows-ix86+x86_64 0.3 4.00 27.00 31.00 NOTE
r-oldrel-macos-x86_64 0.3 NOTE
r-oldrel-windows-ix86+x86_64 0.3 4.00 28.00 32.00 NOTE

Check Details

Version: 0.3
Check: R code for possible problems
Result: NOTE
    ssd : correction_method_D: no visible global function definition for
     'rnorm'
    ssd : generate_bootstrap: no visible global function definition for
     'rmultinom'
    ssd : bootstrap_method: no visible global function definition for
     'median'
    ssd : bootstrap_method: no visible global function definition for
     'quantile'
    ssd : unbalanced_generate_bootstrap: no visible global function
     definition for 'rmultinom'
    ssd : unbalanced_bootstrap_method: no visible global function
     definition for 'median'
    ssd : unbalanced_bootstrap_method: no visible global function
     definition for 'quantile'
    ssd: no visible global function definition for 'qchisq'
    Undefined global functions or variables:
     median qchisq quantile rmultinom rnorm
    Consider adding
     importFrom("stats", "median", "qchisq", "quantile", "rmultinom",
     "rnorm")
    to your NAMESPACE file.
Flavors: r-devel-linux-x86_64-debian-clang, r-devel-linux-x86_64-debian-gcc, r-devel-linux-x86_64-fedora-clang, r-devel-linux-x86_64-fedora-gcc, r-devel-windows-x86_64-new-UL, r-devel-windows-x86_64-new-TK, r-patched-linux-x86_64, r-release-linux-x86_64, r-release-macos-arm64, r-release-macos-x86_64, r-release-windows-ix86+x86_64, r-oldrel-macos-x86_64, r-oldrel-windows-ix86+x86_64