CRAN Package Check Results for Package ssdtools

Last updated on 2020-03-31 18:47:53 CEST.

Flavor Version Tinstall Tcheck Ttotal Status Flags
r-devel-linux-x86_64-debian-clang 0.1.1 7.08 137.80 144.88 OK
r-devel-linux-x86_64-debian-gcc 0.1.1 6.36 105.36 111.72 ERROR
r-devel-linux-x86_64-fedora-clang 0.1.1 178.87 ERROR
r-devel-linux-x86_64-fedora-gcc 0.1.1 176.89 ERROR
r-devel-windows-ix86+x86_64 0.1.1 24.00 164.00 188.00 OK
r-devel-windows-ix86+x86_64-gcc8 0.1.1 19.00 170.00 189.00 OK
r-patched-linux-x86_64 0.1.1 6.77 129.80 136.57 OK
r-patched-solaris-x86 0.1.1 257.60 ERROR
r-release-linux-x86_64 0.1.1 6.49 125.53 132.02 ERROR
r-release-windows-ix86+x86_64 0.1.1 29.00 241.00 270.00 OK
r-release-osx-x86_64 0.1.1 OK
r-oldrel-windows-ix86+x86_64 0.1.1 23.00 200.00 223.00 OK
r-oldrel-osx-x86_64 0.1.1 OK

Check Details

Version: 0.1.1
Check: tests
Result: ERROR
     Running ‘testthat.R’ [17s/27s]
    Running the tests in ‘tests/testthat.R’ failed.
    Complete output:
     > # Copyright 2015 Province of British Columbia
     > #
     > # Licensed under the Apache License, Version 2.0 (the "License");
     > # you may not use this file except in compliance with the License.
     > # You may obtain a copy of the License at
     > #
     > # http://www.apache.org/licenses/LICENSE-2.0
     > #
     > # Unless required by applicable law or agreed to in writing, software
     > # distributed under the License is distributed on an "AS IS" BASIS,
     > # WITHOUT WARRANTIES OR CONDITIONS OF ANY KIND, either express or implied.
     > # See the License for the specific language governing permissions and
     > # limitations under the License.
     >
     > library(testthat)
     > library(ssdtools)
    
     Attaching package: 'ssdtools'
    
     The following objects are masked from 'package:stats':
    
     dgamma, dweibull, pgamma, pweibull, qgamma, qweibull, rgamma,
     rweibull
    
     >
     > test_check("ssdtools")
     ── 1. Failure: ssd_gof fitdistscens (@test-gof.R#46) ──────────────────────────
     as.data.frame(ssd_gof(fluazinam_dists)) not equal to structure(...).
     Attributes: < Component "row.names": Modes: numeric, character >
     Attributes: < Component "row.names": target is numeric, current is character >
    
     ── 2. Failure: manual (@test-schwarz-tillmans.R#24) ───────────────────────────
     as.data.frame(ssd_gof(dists)) not equal to structure(...).
     Attributes: < Component "row.names": Modes: numeric, character >
     Attributes: < Component "row.names": target is numeric, current is character >
    
     ══ testthat results ═══════════════════════════════════════════════════════════
     [ OK: 269 | SKIPPED: 0 | WARNINGS: 12 | FAILED: 2 ]
     1. Failure: ssd_gof fitdistscens (@test-gof.R#46)
     2. Failure: manual (@test-schwarz-tillmans.R#24)
    
     Error: testthat unit tests failed
     Execution halted
Flavor: r-devel-linux-x86_64-debian-gcc

Version: 0.1.1
Check: tests
Result: ERROR
     Running ‘testthat.R’ [31s/50s]
    Running the tests in ‘tests/testthat.R’ failed.
    Complete output:
     > # Copyright 2015 Province of British Columbia
     > #
     > # Licensed under the Apache License, Version 2.0 (the "License");
     > # you may not use this file except in compliance with the License.
     > # You may obtain a copy of the License at
     > #
     > # http://www.apache.org/licenses/LICENSE-2.0
     > #
     > # Unless required by applicable law or agreed to in writing, software
     > # distributed under the License is distributed on an "AS IS" BASIS,
     > # WITHOUT WARRANTIES OR CONDITIONS OF ANY KIND, either express or implied.
     > # See the License for the specific language governing permissions and
     > # limitations under the License.
     >
     > library(testthat)
     > library(ssdtools)
    
     Attaching package: 'ssdtools'
    
     The following objects are masked from 'package:stats':
    
     dgamma, dweibull, pgamma, pweibull, qgamma, qweibull, rgamma,
     rweibull
    
     >
     > test_check("ssdtools")
     ── 1. Failure: ssd_gof fitdistscens (@test-gof.R#46) ──────────────────────────
     as.data.frame(ssd_gof(fluazinam_dists)) not equal to structure(...).
     Attributes: < Component "row.names": Modes: numeric, character >
     Attributes: < Component "row.names": target is numeric, current is character >
    
     ── 2. Failure: manual (@test-schwarz-tillmans.R#24) ───────────────────────────
     as.data.frame(ssd_gof(dists)) not equal to structure(...).
     Attributes: < Component "row.names": Modes: numeric, character >
     Attributes: < Component "row.names": target is numeric, current is character >
    
     ══ testthat results ═══════════════════════════════════════════════════════════
     [ OK: 269 | SKIPPED: 0 | WARNINGS: 12 | FAILED: 2 ]
     1. Failure: ssd_gof fitdistscens (@test-gof.R#46)
     2. Failure: manual (@test-schwarz-tillmans.R#24)
    
     Error: testthat unit tests failed
     Execution halted
Flavor: r-devel-linux-x86_64-fedora-clang

Version: 0.1.1
Check: tests
Result: ERROR
     Running ‘testthat.R’ [29s/59s]
    Running the tests in ‘tests/testthat.R’ failed.
    Complete output:
     > # Copyright 2015 Province of British Columbia
     > #
     > # Licensed under the Apache License, Version 2.0 (the "License");
     > # you may not use this file except in compliance with the License.
     > # You may obtain a copy of the License at
     > #
     > # http://www.apache.org/licenses/LICENSE-2.0
     > #
     > # Unless required by applicable law or agreed to in writing, software
     > # distributed under the License is distributed on an "AS IS" BASIS,
     > # WITHOUT WARRANTIES OR CONDITIONS OF ANY KIND, either express or implied.
     > # See the License for the specific language governing permissions and
     > # limitations under the License.
     >
     > library(testthat)
     > library(ssdtools)
    
     Attaching package: 'ssdtools'
    
     The following objects are masked from 'package:stats':
    
     dgamma, dweibull, pgamma, pweibull, qgamma, qweibull, rgamma,
     rweibull
    
     >
     > test_check("ssdtools")
     ── 1. Failure: ssd_gof fitdistscens (@test-gof.R#46) ──────────────────────────
     as.data.frame(ssd_gof(fluazinam_dists)) not equal to structure(...).
     Attributes: < Component "row.names": Modes: numeric, character >
     Attributes: < Component "row.names": target is numeric, current is character >
    
     ── 2. Failure: manual (@test-schwarz-tillmans.R#24) ───────────────────────────
     as.data.frame(ssd_gof(dists)) not equal to structure(...).
     Attributes: < Component "row.names": Modes: numeric, character >
     Attributes: < Component "row.names": target is numeric, current is character >
    
     ══ testthat results ═══════════════════════════════════════════════════════════
     [ OK: 269 | SKIPPED: 0 | WARNINGS: 12 | FAILED: 2 ]
     1. Failure: ssd_gof fitdistscens (@test-gof.R#46)
     2. Failure: manual (@test-schwarz-tillmans.R#24)
    
     Error: testthat unit tests failed
     Execution halted
Flavor: r-devel-linux-x86_64-fedora-gcc

Version: 0.1.1
Check: tests
Result: ERROR
     Running ‘testthat.R’ [47s/47s]
    Running the tests in ‘tests/testthat.R’ failed.
    Complete output:
     > # Copyright 2015 Province of British Columbia
     > #
     > # Licensed under the Apache License, Version 2.0 (the "License");
     > # you may not use this file except in compliance with the License.
     > # You may obtain a copy of the License at
     > #
     > # http://www.apache.org/licenses/LICENSE-2.0
     > #
     > # Unless required by applicable law or agreed to in writing, software
     > # distributed under the License is distributed on an "AS IS" BASIS,
     > # WITHOUT WARRANTIES OR CONDITIONS OF ANY KIND, either express or implied.
     > # See the License for the specific language governing permissions and
     > # limitations under the License.
     >
     > library(testthat)
     > library(ssdtools)
    
     Attaching package: 'ssdtools'
    
     The following objects are masked from 'package:stats':
    
     dgamma, dweibull, pgamma, pweibull, qgamma, qweibull, rgamma,
     rweibull
    
     >
     > test_check("ssdtools")
     ── 1. Failure: ssd_gof fitdistscens (@test-gof.R#46) ──────────────────────────
     as.data.frame(ssd_gof(fluazinam_dists)) not equal to structure(...).
     Attributes: < Component "row.names": Modes: numeric, character >
     Attributes: < Component "row.names": target is numeric, current is character >
    
     ── 2. Failure: manual (@test-schwarz-tillmans.R#24) ───────────────────────────
     as.data.frame(ssd_gof(dists)) not equal to structure(...).
     Attributes: < Component "row.names": Modes: numeric, character >
     Attributes: < Component "row.names": target is numeric, current is character >
    
     ══ testthat results ═══════════════════════════════════════════════════════════
     [ OK: 269 | SKIPPED: 0 | WARNINGS: 12 | FAILED: 2 ]
     1. Failure: ssd_gof fitdistscens (@test-gof.R#46)
     2. Failure: manual (@test-schwarz-tillmans.R#24)
    
     Error: testthat unit tests failed
     Execution halted
Flavor: r-patched-solaris-x86

Version: 0.1.1
Check: tests
Result: ERROR
     Running ‘testthat.R’ [22s/24s]
    Running the tests in ‘tests/testthat.R’ failed.
    Complete output:
     > # Copyright 2015 Province of British Columbia
     > #
     > # Licensed under the Apache License, Version 2.0 (the "License");
     > # you may not use this file except in compliance with the License.
     > # You may obtain a copy of the License at
     > #
     > # http://www.apache.org/licenses/LICENSE-2.0
     > #
     > # Unless required by applicable law or agreed to in writing, software
     > # distributed under the License is distributed on an "AS IS" BASIS,
     > # WITHOUT WARRANTIES OR CONDITIONS OF ANY KIND, either express or implied.
     > # See the License for the specific language governing permissions and
     > # limitations under the License.
     >
     > library(testthat)
     > library(ssdtools)
    
     Attaching package: 'ssdtools'
    
     The following objects are masked from 'package:stats':
    
     dgamma, dweibull, pgamma, pweibull, qgamma, qweibull, rgamma,
     rweibull
    
     >
     > test_check("ssdtools")
     ── 1. Failure: ssd_gof fitdistscens (@test-gof.R#46) ──────────────────────────
     as.data.frame(ssd_gof(fluazinam_dists)) not equal to structure(...).
     Attributes: < Component "row.names": Modes: numeric, character >
     Attributes: < Component "row.names": target is numeric, current is character >
    
     ── 2. Failure: manual (@test-schwarz-tillmans.R#24) ───────────────────────────
     as.data.frame(ssd_gof(dists)) not equal to structure(...).
     Attributes: < Component "row.names": Modes: numeric, character >
     Attributes: < Component "row.names": target is numeric, current is character >
    
     ══ testthat results ═══════════════════════════════════════════════════════════
     [ OK: 269 | SKIPPED: 0 | WARNINGS: 12 | FAILED: 2 ]
     1. Failure: ssd_gof fitdistscens (@test-gof.R#46)
     2. Failure: manual (@test-schwarz-tillmans.R#24)
    
     Error: testthat unit tests failed
     Execution halted
Flavor: r-release-linux-x86_64