CRAN Package Check Results for Package ssfit

Last updated on 2022-01-17 04:48:51 CET.

Flavor Version Tinstall Tcheck Ttotal Status Flags
r-devel-linux-x86_64-debian-clang 1.1 6.97 66.27 73.24 NOTE
r-devel-linux-x86_64-debian-gcc 1.1 6.88 52.35 59.23 NOTE
r-devel-linux-x86_64-fedora-clang 1.1 91.17 NOTE
r-devel-linux-x86_64-fedora-gcc 1.1 79.61 NOTE
r-devel-windows-x86_64-new-UL 1.1 16.00 82.00 98.00 NOTE
r-devel-windows-x86_64-new-TK 1.1 NOTE
r-patched-linux-x86_64 1.1 5.71 64.66 70.37 NOTE
r-release-linux-x86_64 1.1 NOTE
r-release-macos-arm64 1.1 NOTE
r-release-macos-x86_64 1.1 NOTE
r-release-windows-ix86+x86_64 1.1 17.00 76.00 93.00 NOTE
r-oldrel-macos-x86_64 1.1 NOTE
r-oldrel-windows-ix86+x86_64 1.1 18.00 77.00 95.00 NOTE

Check Details

Version: 1.1
Check: dependencies in R code
Result: NOTE
    Package in Depends field not imported from: 'survey'
     These packages need to be imported from (in the NAMESPACE file)
     for when this namespace is loaded but not attached.
Flavors: r-devel-linux-x86_64-debian-clang, r-devel-linux-x86_64-debian-gcc, r-devel-linux-x86_64-fedora-clang, r-devel-linux-x86_64-fedora-gcc, r-devel-windows-x86_64-new-UL, r-devel-windows-x86_64-new-TK, r-patched-linux-x86_64, r-release-linux-x86_64, r-release-macos-arm64, r-release-macos-x86_64, r-release-windows-ix86+x86_64, r-oldrel-macos-x86_64, r-oldrel-windows-ix86+x86_64

Version: 1.1
Check: R code for possible problems
Result: NOTE
    fit.model: no visible global function definition for 'hadamard'
    Undefined global functions or variables:
     hadamard
Flavors: r-devel-linux-x86_64-debian-clang, r-devel-linux-x86_64-debian-gcc, r-devel-linux-x86_64-fedora-clang, r-devel-linux-x86_64-fedora-gcc, r-devel-windows-x86_64-new-UL, r-devel-windows-x86_64-new-TK, r-patched-linux-x86_64, r-release-linux-x86_64, r-release-macos-arm64, r-release-macos-x86_64, r-release-windows-ix86+x86_64, r-oldrel-macos-x86_64, r-oldrel-windows-ix86+x86_64