CRAN Package Check Results for Package ssgraph

Last updated on 2019-03-24 01:51:16 CET.

Flavor Version Tinstall Tcheck Ttotal Status Flags
r-devel-linux-x86_64-debian-clang 1.8 8.42 22.86 31.28 OK
r-devel-linux-x86_64-debian-gcc 1.8 6.95 19.29 26.24 OK
r-devel-linux-x86_64-fedora-clang 1.8 45.83 OK
r-devel-linux-x86_64-fedora-gcc 1.8 37.79 OK
r-devel-windows-ix86+x86_64 1.8 35.00 66.00 101.00 OK
r-patched-linux-x86_64 1.8 7.82 28.65 36.47 OK
r-patched-solaris-x86 1.8 62.40 OK
r-release-linux-x86_64 1.8 0.34 1.84 2.18 ERROR
r-release-windows-ix86+x86_64 1.8 24.00 51.00 75.00 OK
r-release-osx-x86_64 1.7 OK
r-oldrel-windows-ix86+x86_64 1.8 27.00 53.00 80.00 OK
r-oldrel-osx-x86_64 1.7 OK

Check Details

Version: 1.8
Check: whether package can be installed
Result: ERROR
    Installation failed.
Flavor: r-release-linux-x86_64