CRAN Package Check Results for Package ssmrob

Last updated on 2015-07-30 09:47:46.

Flavor Version Tinstall Tcheck Ttotal Status Flags
r-devel-linux-x86_64-debian-clang 0.4 4.11 46.03 50.14 NOTE
r-devel-linux-x86_64-debian-gcc 0.4 3.96 43.88 47.84 NOTE
r-devel-linux-x86_64-fedora-clang 0.4 102.99 NOTE
r-devel-linux-x86_64-fedora-gcc 0.4 98.63 NOTE
r-devel-osx-x86_64-clang 0.4 79.58 NOTE
r-devel-windows-ix86+x86_64 0.4 14.00 104.00 118.00 NOTE
r-patched-linux-x86_64 0.4 4.68 45.54 50.22 NOTE
r-patched-solaris-sparc 0.4 636.70 NOTE
r-patched-solaris-x86 0.4 142.70 NOTE
r-release-linux-x86_64 0.4 5.04 45.12 50.16 NOTE
r-release-osx-x86_64-mavericks 0.4 OK
r-release-windows-ix86+x86_64 0.4 15.00 70.00 85.00 OK
r-oldrel-windows-ix86+x86_64 0.4 22.00 119.00 141.00 OK

Check Details

Version: 0.4
Check: S3 generic/method consistency
Result: NOTE
    Found the following apparent S3 methods exported but not registered:
     coef.heckit5rob coef.heckitrob fitted.heckit5rob fitted.heckitrob
     print.heckit5rob print.heckitrob print.summary.heckit5rob
     print.summary.heckitrob residuals.heckit5rob residuals.heckitrob
     summary.heckit5rob summary.heckitrob vcov.heckit5rob vcov.heckitrob
    See section ‘Registering S3 methods’ in the ‘Writing R Extensions’
    manual.
Flavors: r-devel-linux-x86_64-debian-clang, r-devel-linux-x86_64-debian-gcc, r-devel-linux-x86_64-fedora-clang, r-devel-linux-x86_64-fedora-gcc, r-devel-osx-x86_64-clang, r-patched-linux-x86_64, r-patched-solaris-sparc, r-patched-solaris-x86, r-release-linux-x86_64

Version: 0.4
Check: R code for possible problems
Result: NOTE
    coef.heckit5rob: no visible global function definition for ‘coef’
    coef.heckitrob: no visible global function definition for ‘coef’
    dLambdadSM: no visible global function definition for ‘pnorm’
    dLambdadSM: no visible global function definition for ‘dnorm’
    dLambdadSM5: no visible global function definition for ‘pnorm’
    dLambdadSM5: no visible global function definition for ‘dnorm’
    fitted.heckit5rob: no visible global function definition for ‘fitted’
    fitted.heckitrob: no visible global function definition for ‘fitted’
    heck2steprobVcov: no visible global function definition for ‘vcov’
    heck5twosteprobVcov: no visible global function definition for ‘vcov’
    heckit5rob: no visible binding for global variable ‘na.pass’
    heckit5rob: no visible global function definition for ‘model.matrix’
    heckit5rob: no visible global function definition for ‘model.response’
    heckit5rob: no visible global function definition for ‘binomial’
    heckit5rob: no visible global function definition for ‘hat’
    heckitrob: no visible binding for global variable ‘na.pass’
    heckitrob: no visible global function definition for ‘model.matrix’
    heckitrob: no visible global function definition for ‘model.response’
    heckitrob: no visible global function definition for ‘binomial’
    heckitrob: no visible global function definition for ‘hat’
    residuals.heckit5rob: no visible global function definition for ‘resid’
    residuals.heckitrob: no visible global function definition for ‘resid’
    summary.heckit5rob: no visible global function definition for ‘vcov’
    summary.heckit5rob: no visible global function definition for ‘coef’
    summary.heckit5rob: no visible global function definition for ‘pnorm’
    summary.heckit5rob: no visible global function definition for ‘symnum’
    summary.heckitrob: no visible global function definition for ‘vcov’
    summary.heckitrob: no visible global function definition for ‘coef’
    summary.heckitrob: no visible global function definition for ‘pnorm’
    summary.heckitrob: no visible global function definition for ‘symnum’
    x2weight.covMcd: no visible global function definition for ‘qchisq’
    x2weight.covMcd: no visible global function definition for
     ‘mahalanobis’
    x2weight.robCov: no visible global function definition for ‘qchisq’
    x2weight.robCov: no visible global function definition for
     ‘mahalanobis’
    Undefined global functions or variables:
     binomial coef dnorm fitted hat mahalanobis model.matrix
     model.response na.pass pnorm qchisq resid symnum vcov
    Consider adding
     importFrom("stats", "binomial", "coef", "dnorm", "fitted", "hat",
     "mahalanobis", "model.matrix", "model.response", "na.pass",
     "pnorm", "qchisq", "resid", "symnum", "vcov")
    to your NAMESPACE.
Flavors: r-devel-linux-x86_64-debian-clang, r-devel-linux-x86_64-debian-gcc, r-devel-linux-x86_64-fedora-clang, r-devel-linux-x86_64-fedora-gcc, r-devel-windows-ix86+x86_64