CRAN Package Check Results for Package ssmrob

Last updated on 2015-05-23 14:47:11.

Flavor Version Tinstall Tcheck Ttotal Status Flags
r-devel-linux-x86_64-debian-clang 0.4 4.48 44.82 49.30 NOTE
r-devel-linux-x86_64-debian-gcc 0.4 4.06 45.30 49.36 NOTE
r-devel-linux-x86_64-fedora-clang 0.4 102.05 NOTE
r-devel-linux-x86_64-fedora-gcc 0.4 103.80 NOTE
r-devel-osx-x86_64-clang 0.4 89.58 NOTE
r-devel-windows-ix86+x86_64 0.4 10.00 68.00 78.00 OK
r-patched-linux-x86_64 0.4 4.14 44.56 48.70 NOTE
r-patched-solaris-sparc 0.4 620.10 NOTE
r-patched-solaris-x86 0.4 142.10 NOTE
r-release-linux-x86_64 0.4 4.06 46.05 50.10 NOTE
r-release-osx-x86_64-mavericks 0.4 OK
r-release-osx-x86_64-snowleopard 0.4 ERROR
r-release-windows-ix86+x86_64 0.4 15.00 66.00 81.00 OK
r-oldrel-windows-ix86+x86_64 0.4 22.00 112.00 134.00 OK

Check Details

Version: 0.4
Check: S3 generic/method consistency
Result: NOTE
    Found the following apparent S3 methods exported but not registered:
     coef.heckit5rob coef.heckitrob fitted.heckit5rob fitted.heckitrob
     print.heckit5rob print.heckitrob print.summary.heckit5rob
     print.summary.heckitrob residuals.heckit5rob residuals.heckitrob
     summary.heckit5rob summary.heckitrob vcov.heckit5rob vcov.heckitrob
    See section ‘Registering S3 methods’ in the ‘Writing R Extensions’
    manual.
Flavors: r-devel-linux-x86_64-debian-clang, r-devel-linux-x86_64-debian-gcc, r-devel-linux-x86_64-fedora-clang, r-devel-linux-x86_64-fedora-gcc, r-devel-osx-x86_64-clang, r-patched-linux-x86_64, r-patched-solaris-sparc, r-patched-solaris-x86, r-release-linux-x86_64

Version: 0.4
Check: package dependencies
Result: ERROR
    Package required but not available: ‘sampleSelection’
    
    See section ‘The DESCRIPTION file’ in the ‘Writing R Extensions’
    manual.
Flavor: r-release-osx-x86_64-snowleopard