CRAN Package Check Results for Package ssmrob

Last updated on 2014-04-23 12:48:29.

Flavor Version Tinstall Tcheck Ttotal Status Flags
r-devel-linux-x86_64-debian-clang 0.4 4.46 51.54 56.00 OK
r-devel-linux-x86_64-debian-gcc 0.4 4.42 49.84 54.26 OK
r-devel-linux-x86_64-fedora-clang 0.4 127.08 OK
r-devel-linux-x86_64-fedora-gcc 0.4 119.90 OK
r-devel-osx-x86_64-clang 0.4 108.98 OK
r-devel-osx-x86_64-gcc 0.4 ERROR
r-devel-windows-ix86+x86_64 0.4 11.00 69.00 80.00 OK
r-patched-linux-x86_64 0.4 4.30 49.43 53.74 OK
r-patched-solaris-sparc 0.4 620.30 OK
r-patched-solaris-x86 0.4 156.80 OK
r-release-linux-ix86 0.4 6.00 84.00 90.00 OK
r-release-linux-x86_64 0.4 4.39 50.19 54.58 OK
r-release-osx-x86_64-mavericks 0.4 WARN
r-release-osx-x86_64-snowleopard 0.4 OK
r-release-windows-ix86+x86_64 0.4 12.00 72.00 84.00 OK
r-oldrel-windows-ix86+x86_64 0.4 14.00 81.00 95.00 OK

Check Details

Version: 0.4
Check: package dependencies
Result: ERROR
    Packages required but not available: ‘sampleSelection’ ‘robustbase’
    
    See the information on DESCRIPTION files in the chapter ‘Creating R
    packages’ of the ‘Writing R Extensions’ manual.
Flavor: r-devel-osx-x86_64-gcc

Version: 0.4
Check: PDF version of manual
Result: WARNING
    LaTeX errors when creating PDF version.
    This typically indicates Rd problems.
    LaTeX errors found:
    ! LaTeX Error: File `upquote.sty' not found.
    
    Type X to quit or <RETURN> to proceed,
    or enter new name. (Default extension: sty)
    
    d324ea0/Rd2.tex:8: ==> Fatal error occurred, no output PDF file produced!
Flavor: r-release-osx-x86_64-mavericks