CRAN Package Check Results for Package ssmrob

Last updated on 2015-03-01 08:49:05.

Flavor Version Tinstall Tcheck Ttotal Status Flags
r-devel-linux-x86_64-debian-clang 0.4 4.17 46.45 50.62 NOTE
r-devel-linux-x86_64-debian-gcc 0.4 4.29 43.16 47.45 NOTE
r-devel-linux-x86_64-fedora-clang 0.4 103.82 NOTE
r-devel-linux-x86_64-fedora-gcc 0.4 96.96 NOTE
r-devel-osx-x86_64-clang 0.4 89.28 NOTE
r-devel-windows-ix86+x86_64 0.4 12.00 72.00 84.00 OK
r-patched-linux-x86_64 0.4 7.39 68.71 76.10 OK
r-patched-solaris-sparc 0.4 689.60 OK
r-patched-solaris-x86 0.4 213.00 OK
r-release-linux-ix86 0.4 6.42 78.10 84.52 OK
r-release-linux-x86_64 0.4 6.89 67.13 74.02 OK
r-release-osx-x86_64-mavericks 0.4 OK
r-release-osx-x86_64-snowleopard 0.4 OK
r-release-windows-ix86+x86_64 0.4 22.00 118.00 140.00 OK
r-oldrel-windows-ix86+x86_64 0.4 20.00 108.00 128.00 OK

Check Details

Version: 0.4
Check: S3 generic/method consistency
Result: NOTE
    Found the following apparent S3 methods exported but not registered:
     coef.heckit5rob coef.heckitrob fitted.heckit5rob fitted.heckitrob
     print.heckit5rob print.heckitrob print.summary.heckit5rob
     print.summary.heckitrob residuals.heckit5rob residuals.heckitrob
     summary.heckit5rob summary.heckitrob vcov.heckit5rob vcov.heckitrob
    See section ‘Registering S3 methods’ in the ‘Writing R Extensions’
    manual.
Flavors: r-devel-linux-x86_64-debian-clang, r-devel-linux-x86_64-debian-gcc, r-devel-linux-x86_64-fedora-clang, r-devel-linux-x86_64-fedora-gcc, r-devel-osx-x86_64-clang