CRAN Package Check Results for Package ssmrob

Last updated on 2015-01-26 10:47:20.

Flavor Version Tinstall Tcheck Ttotal Status Flags
r-devel-linux-x86_64-debian-clang 0.4 4.08 41.55 45.63 OK
r-devel-linux-x86_64-debian-gcc 0.4 3.64 40.50 44.14 OK
r-devel-linux-x86_64-fedora-clang 0.4 126.27 NOTE
r-devel-linux-x86_64-fedora-gcc 0.4 121.53 NOTE
r-devel-osx-x86_64-clang 0.4 104.04 NOTE
r-devel-windows-ix86+x86_64 0.4 15.00 86.00 101.00 OK
r-patched-linux-x86_64 0.4 4.02 52.22 56.24 OK
r-patched-solaris-sparc 0.4 689.60 OK
r-patched-solaris-x86 0.4 162.90 OK
r-release-linux-ix86 0.4 4.80 60.74 65.54 OK
r-release-linux-x86_64 0.4 4.21 50.92 55.14 OK
r-release-osx-x86_64-mavericks 0.4 OK
r-release-osx-x86_64-snowleopard 0.4 OK
r-release-windows-ix86+x86_64 0.4 15.00 82.00 97.00 OK
r-oldrel-windows-ix86+x86_64 0.4 19.00 81.00 100.00 OK

Check Details

Version: 0.4
Check: S3 generic/method consistency
Result: NOTE
    Found the following apparent S3 methods exported but not registered:
     print.heckit5rob print.heckitrob print.summary.heckit5rob
     print.summary.heckitrob summary.heckit5rob summary.heckitrob
     coef.heckit5rob coef.heckitrob fitted.heckit5rob fitted.heckitrob
     residuals.heckit5rob residuals.heckitrob vcov.heckit5rob
     vcov.heckitrob
    See section ‘Registering S3 methods’ in the ‘Writing R Extensions’
    manual.
Flavors: r-devel-linux-x86_64-fedora-clang, r-devel-linux-x86_64-fedora-gcc, r-devel-osx-x86_64-clang