CRAN Package Check Results for Package ssrn

Last updated on 2022-08-15 13:52:12 CEST.

Flavor Version Tinstall Tcheck Ttotal Status Flags
r-devel-linux-x86_64-debian-clang 0.1.0 3.60 34.05 37.65 NOTE
r-devel-linux-x86_64-debian-gcc 0.1.0 2.16 26.68 28.84 NOTE
r-devel-linux-x86_64-fedora-clang 0.1.0 58.76 NOTE
r-devel-linux-x86_64-fedora-gcc 0.1.0 55.71 NOTE
r-devel-windows-x86_64 0.1.0 8.00 57.00 65.00 NOTE
r-patched-linux-x86_64 0.1.0 3.00 32.99 35.99 NOTE
r-release-linux-x86_64 0.1.0 1.99 33.35 35.34 NOTE
r-release-macos-arm64 0.1.0 19.00 NOTE
r-release-macos-x86_64 0.1.0 33.00 NOTE
r-release-windows-x86_64 0.1.0 7.00 61.00 68.00 NOTE
r-oldrel-macos-arm64 0.1.0 23.00 NOTE
r-oldrel-macos-x86_64 0.1.0 31.00 NOTE
r-oldrel-windows-ix86+x86_64 0.1.0 7.00 62.00 69.00 OK

Check Details

Version: 0.1.0
Check: package dependencies
Result: NOTE
    Package suggested but not available for checking: 'scanstatistics'
Flavors: r-devel-linux-x86_64-debian-clang, r-devel-linux-x86_64-debian-gcc, r-devel-linux-x86_64-fedora-clang, r-devel-linux-x86_64-fedora-gcc, r-devel-windows-x86_64, r-patched-linux-x86_64, r-release-linux-x86_64, r-release-macos-arm64, r-release-macos-x86_64, r-release-windows-x86_64, r-oldrel-macos-arm64, r-oldrel-macos-x86_64