CRAN Package Check Results for Package sss

Last updated on 2016-04-29 19:50:03.

Flavor Version Tinstall Tcheck Ttotal Status Flags
r-devel-linux-x86_64-debian-gcc 0.0-14 1.07 15.85 16.93 OK
r-devel-linux-x86_64-fedora-clang 0.0-14 29.70 OK
r-devel-linux-x86_64-fedora-gcc 0.0-14 28.49 OK
r-devel-osx-x86_64-clang 0.0-14 38.27 OK
r-devel-windows-ix86+x86_64 0.0-14 3.00 37.00 40.00 OK
r-patched-linux-x86_64 0.0-14 1.02 15.79 16.80 OK
r-patched-solaris-sparc 0.0-14 179.20 OK
r-patched-solaris-x86 0.0-14 42.00 OK
r-release-linux-x86_64 0.0-14 1.21 17.84 19.05 OK
r-release-osx-x86_64-mavericks 0.0-14 OK
r-release-windows-ix86+x86_64 0.0-14 3.00 36.00 39.00 OK
r-oldrel-windows-ix86+x86_64 0.0-14 5.00 34.00 39.00 ERROR

Check Details

Version: 0.0-14
Check: R code for possible problems
Result: NOTE
    fast.read.fwf: no visible global function definition for 'file.size'
Flavor: r-oldrel-windows-ix86+x86_64

Version: 0.0-14
Check: tests
Result: ERROR
    Running the tests in 'tests/testthat.R' failed.
    Last 13 lines of output:
     2: fast.read.fwf(file = ascFilename, widths = ascWidth, colClasses = ascType, col.names = ascNames)
    
     testthat results ================================================================
     OK: 5 SKIPPED: 0 FAILED: 6
     1. Error: widths work (@test-2-read-fwf.R#29)
     2. Error: colclasses work (@test-2-read-fwf.R#40)
     3. Error: parsing of .sss and .asc works (@test-3-sss.R#25)
     4. Error: question text is assigned to variable.labels attribute (@test-3-sss.R#89)
     5. Error: separator parameter works (@test-3-sss.R#113)
     6. Error: parsing of .sss and .asc works (@test-5-sample-2.R#24)
    
     Error: testthat unit tests failed
     Execution halted
Flavor: r-oldrel-windows-ix86+x86_64