CRAN Package Check Results for Package sss

Last updated on 2014-04-23 17:47:55.

Flavor Version Tinstall Tcheck Ttotal Status Flags
r-devel-linux-x86_64-debian-clang 0.0-11 1.60 21.34 22.94 OK
r-devel-linux-x86_64-debian-gcc 0.0-11 1.60 21.30 22.90 OK
r-devel-linux-x86_64-fedora-clang 0.0-11 47.86 OK
r-devel-linux-x86_64-fedora-gcc 0.0-11 45.68 OK
r-devel-osx-x86_64-clang 0.0-11 47.92 OK
r-devel-osx-x86_64-gcc 0.0-11 ERROR
r-devel-windows-ix86+x86_64 0.0-11 5.00 34.00 39.00 OK
r-patched-linux-x86_64 0.0-11 1.58 21.09 22.67 OK
r-patched-solaris-sparc 0.0-11 295.40 OK
r-patched-solaris-x86 0.0-11 64.10 OK
r-release-linux-ix86 0.0-11 2.00 40.00 42.00 OK
r-release-linux-x86_64 0.0-11 1.58 21.24 22.82 OK
r-release-osx-x86_64-mavericks 0.0-11 WARN
r-release-osx-x86_64-snowleopard 0.0-11 OK
r-release-windows-ix86+x86_64 0.0-11 4.00 34.00 38.00 OK
r-oldrel-windows-ix86+x86_64 0.0-11 5.00 33.00 38.00 OK

Check Details

Version: 0.0-11
Check: package dependencies
Result: ERROR
    Package required but not available: ‘XML’
    
    See the information on DESCRIPTION files in the chapter ‘Creating R
    packages’ of the ‘Writing R Extensions’ manual.
Flavor: r-devel-osx-x86_64-gcc

Version: 0.0-11
Check: PDF version of manual
Result: WARNING
    LaTeX errors when creating PDF version.
    This typically indicates Rd problems.
    LaTeX errors found:
    ! LaTeX Error: File `upquote.sty' not found.
    
    Type X to quit or <RETURN> to proceed,
    or enter new name. (Default extension: sty)
    
    7805341/Rd2.tex:8: ==> Fatal error occurred, no output PDF file produced!
Flavor: r-release-osx-x86_64-mavericks