CRAN Package Check Results for Package sss

Last updated on 2015-05-27 05:47:54.

Flavor Version Tinstall Tcheck Ttotal Status Flags
r-devel-linux-x86_64-debian-clang 0.0-11 1.50 17.25 18.75 OK
r-devel-linux-x86_64-debian-gcc 0.0-11 1.09 16.98 18.07 OK
r-devel-linux-x86_64-fedora-clang 0.0-11 37.39 OK
r-devel-linux-x86_64-fedora-gcc 0.0-11 39.28 OK
r-devel-osx-x86_64-clang 0.0-11 39.97 OK
r-devel-windows-ix86+x86_64 0.0-11 4.00 30.00 34.00 OK
r-patched-linux-x86_64 0.0-11 1.14 17.06 18.19 OK
r-patched-solaris-sparc 0.0-11 245.80 OK
r-patched-solaris-x86 0.0-11 51.80 OK
r-release-linux-x86_64 0.0-11 1.10 17.38 18.48 OK
r-release-osx-x86_64-mavericks 0.0-11 OK
r-release-osx-x86_64-snowleopard 0.0-11 ERROR
r-release-windows-ix86+x86_64 0.0-11 4.00 32.00 36.00 OK
r-oldrel-windows-ix86+x86_64 0.0-11 6.00 33.00 39.00 OK

Check Details

Version: 0.0-11
Check: package dependencies
Result: ERROR
    Package required but not available: ‘XML’
    
    See section ‘The DESCRIPTION file’ in the ‘Writing R Extensions’
    manual.
Flavor: r-release-osx-x86_64-snowleopard