CRAN Package Check Results for Package sss

Last updated on 2015-09-05 12:49:42.

Flavor Version Tinstall Tcheck Ttotal Status Flags
r-devel-linux-x86_64-debian-clang 0.0-11 1.01 16.43 17.44 NOTE
r-devel-linux-x86_64-debian-gcc 0.0-11 1.00 16.14 17.14 NOTE
r-devel-linux-x86_64-fedora-clang 0.0-11 35.51 NOTE
r-devel-linux-x86_64-fedora-gcc 0.0-11 33.88 NOTE
r-devel-osx-x86_64-clang 0.0-11 31.87 OK
r-devel-windows-ix86+x86_64 0.0-11 6.00 32.00 38.00 NOTE
r-patched-linux-x86_64 0.0-11 1.13 17.47 18.60 OK
r-patched-solaris-sparc 0.0-11 237.80 OK
r-patched-solaris-x86 0.0-11 52.60 OK
r-release-linux-x86_64 0.0-11 1.10 17.13 18.22 OK
r-release-osx-x86_64-mavericks 0.0-11 OK
r-release-windows-ix86+x86_64 0.0-11 6.00 47.00 53.00 OK
r-oldrel-windows-ix86+x86_64 0.0-11 5.00 39.00 44.00 OK

Check Details

Version: 0.0-11
Check: R code for possible problems
Result: NOTE
    fast.read.fwf : modColClass: no visible global function definition for
     ‘type.convert’
    Undefined global functions or variables:
     type.convert
    Consider adding
     importFrom("utils", "type.convert")
    to your NAMESPACE.
Flavors: r-devel-linux-x86_64-debian-clang, r-devel-linux-x86_64-debian-gcc, r-devel-linux-x86_64-fedora-clang, r-devel-linux-x86_64-fedora-gcc, r-devel-windows-ix86+x86_64