CRAN Package Check Results for Package sstModel

Last updated on 2019-04-20 22:50:36 CEST.

Flavor Version Tinstall Tcheck Ttotal Status Flags
r-devel-linux-x86_64-debian-clang 1.0.0 14.69 97.46 112.15 OK
r-devel-linux-x86_64-debian-gcc 1.0.0 13.49 77.32 90.81 OK
r-devel-linux-x86_64-fedora-clang 1.0.0 126.58 NOTE
r-devel-linux-x86_64-fedora-gcc 1.0.0 121.31 NOTE
r-devel-windows-ix86+x86_64 1.0.0 36.00 144.00 180.00 OK
r-patched-linux-x86_64 1.0.0 12.51 93.92 106.43 OK
r-patched-solaris-x86 1.0.0 158.50 NOTE
r-release-linux-x86_64 1.0.0 10.86 91.45 102.31 OK
r-release-windows-ix86+x86_64 1.0.0 21.00 105.00 126.00 OK
r-release-osx-x86_64 1.0.0 NOTE
r-oldrel-windows-ix86+x86_64 1.0.0 18.00 155.00 173.00 OK
r-oldrel-osx-x86_64 1.0.0 NOTE

Check Details

Version: 1.0.0
Check: dependencies in R code
Result: NOTE
    Namespace in Imports field not imported from: ‘shinydashboard’
     All declared Imports should be used.
Flavors: r-devel-linux-x86_64-fedora-clang, r-devel-linux-x86_64-fedora-gcc, r-patched-solaris-x86, r-release-osx-x86_64, r-oldrel-osx-x86_64