CRAN Package Check Results for Package sstModel

Last updated on 2019-06-25 09:51:06 CEST.

Flavor Version Tinstall Tcheck Ttotal Status Flags
r-devel-linux-x86_64-debian-clang 1.0.0 13.72 96.41 110.13 OK
r-devel-linux-x86_64-debian-gcc 1.0.0 12.23 74.80 87.03 OK
r-devel-linux-x86_64-fedora-clang 1.0.0 125.52 NOTE
r-devel-linux-x86_64-fedora-gcc 1.0.0 121.76 NOTE
r-devel-windows-ix86+x86_64 1.0.0 31.00 108.00 139.00 OK
r-patched-linux-x86_64 1.0.0 11.57 93.35 104.92 OK
r-patched-solaris-x86 1.0.0 166.10 NOTE
r-release-linux-x86_64 1.0.0 13.31 94.47 107.78 OK
r-release-windows-ix86+x86_64 1.0.0 23.00 135.00 158.00 OK
r-release-osx-x86_64 1.0.0 NOTE
r-oldrel-windows-ix86+x86_64 1.0.0 19.00 103.00 122.00 OK
r-oldrel-osx-x86_64 1.0.0 NOTE

Check Details

Version: 1.0.0
Check: dependencies in R code
Result: NOTE
    Namespace in Imports field not imported from: ‘shinydashboard’
     All declared Imports should be used.
Flavors: r-devel-linux-x86_64-fedora-clang, r-devel-linux-x86_64-fedora-gcc, r-patched-solaris-x86, r-release-osx-x86_64, r-oldrel-osx-x86_64