CRAN Package Check Results for Package ssvd

Last updated on 2015-04-18 11:25:45.

Flavor Version Tinstall Tcheck Ttotal Status Flags
r-devel-linux-x86_64-debian-clang 1.0 0.54 9.19 9.72 NOTE
r-devel-linux-x86_64-debian-gcc 1.0 0.60 9.01 9.61 NOTE
r-devel-linux-x86_64-fedora-clang 1.0 18.56 NOTE
r-devel-linux-x86_64-fedora-gcc 1.0 17.73 NOTE
r-devel-osx-x86_64-clang 1.0 21.47 NOTE
r-patched-linux-x86_64 1.0 0.57 9.27 9.84 NOTE
r-patched-solaris-sparc 1.0 124.50 NOTE
r-patched-solaris-x86 1.0 26.00 NOTE
r-release-linux-x86_64 1.0 0.51 8.01 8.52 NOTE
r-release-osx-x86_64-mavericks 1.0 OK
r-release-windows-ix86+x86_64 1.0 4.00 16.00 20.00 OK
r-oldrel-windows-ix86+x86_64 1.0 2.00 16.00 18.00 OK

Check Details

Version: 1.0
Check: DESCRIPTION meta-information
Result: NOTE
    Malformed Description field: should contain one or more complete sentences.
Flavors: r-devel-linux-x86_64-debian-clang, r-devel-linux-x86_64-debian-gcc, r-devel-linux-x86_64-fedora-clang, r-devel-linux-x86_64-fedora-gcc, r-devel-osx-x86_64-clang, r-patched-linux-x86_64, r-patched-solaris-sparc, r-patched-solaris-x86, r-release-linux-x86_64