CRAN Package Check Results for Package ssvd

Last updated on 2015-05-28 07:49:08.

Flavor Version Tinstall Tcheck Ttotal Status Flags
r-devel-linux-x86_64-debian-clang 1.0 0.52 9.36 9.88 NOTE
r-devel-linux-x86_64-debian-gcc 1.0 0.51 8.84 9.35 NOTE
r-devel-linux-x86_64-fedora-clang 1.0 17.70 NOTE
r-devel-linux-x86_64-fedora-gcc 1.0 18.70 NOTE
r-devel-osx-x86_64-clang 1.0 22.10 NOTE
r-devel-windows-ix86+x86_64 1.0 3.00 15.00 18.00 NOTE
r-patched-linux-x86_64 1.0 0.51 8.88 9.39 NOTE
r-patched-solaris-sparc 1.0 156.50 NOTE
r-patched-solaris-x86 1.0 26.50 NOTE
r-release-linux-x86_64 1.0 0.52 9.22 9.74 NOTE
r-release-osx-x86_64-mavericks 1.0 NOTE
r-release-osx-x86_64-snowleopard 1.0 NOTE
r-release-windows-ix86+x86_64 1.0 2.00 17.00 19.00 NOTE
r-oldrel-windows-ix86+x86_64 1.0 4.00 16.00 20.00 OK

Check Details

Version: 1.0
Check: DESCRIPTION meta-information
Result: NOTE
    Malformed Description field: should contain one or more complete sentences.
Flavors: r-devel-linux-x86_64-debian-clang, r-devel-linux-x86_64-debian-gcc, r-devel-linux-x86_64-fedora-clang, r-devel-linux-x86_64-fedora-gcc, r-devel-osx-x86_64-clang, r-devel-windows-ix86+x86_64, r-patched-linux-x86_64, r-patched-solaris-sparc, r-patched-solaris-x86, r-release-linux-x86_64, r-release-osx-x86_64-mavericks, r-release-osx-x86_64-snowleopard, r-release-windows-ix86+x86_64