CRAN Package Check Results for Package ssvd

Last updated on 2016-04-29 06:47:40.

Flavor Version Tinstall Tcheck Ttotal Status Flags
r-devel-linux-x86_64-debian-gcc 1.0 0.56 9.27 9.83 NOTE
r-devel-linux-x86_64-fedora-clang 1.0 15.58 NOTE
r-devel-linux-x86_64-fedora-gcc 1.0 14.72 NOTE
r-devel-osx-x86_64-clang 1.0 19.90 NOTE
r-devel-windows-ix86+x86_64 1.0 2.00 23.00 25.00 NOTE
r-patched-linux-x86_64 1.0 0.50 8.65 9.15 NOTE
r-patched-solaris-sparc 1.0 94.10 NOTE
r-patched-solaris-x86 1.0 22.00 NOTE
r-release-linux-x86_64 1.0 0.56 9.69 10.26 NOTE
r-release-osx-x86_64-mavericks 1.0 NOTE
r-release-windows-ix86+x86_64 1.0 2.00 29.00 31.00 NOTE
r-oldrel-windows-ix86+x86_64 1.0 4.00 16.00 20.00 OK

Check Details

Version: 1.0
Check: DESCRIPTION meta-information
Result: NOTE
    Malformed Description field: should contain one or more complete sentences.
Flavors: r-devel-linux-x86_64-debian-gcc, r-devel-linux-x86_64-fedora-clang, r-devel-linux-x86_64-fedora-gcc, r-devel-osx-x86_64-clang, r-devel-windows-ix86+x86_64, r-patched-linux-x86_64, r-patched-solaris-sparc, r-patched-solaris-x86, r-release-linux-x86_64, r-release-osx-x86_64-mavericks, r-release-windows-ix86+x86_64

Version: 1.0
Check: R code for possible problems
Result: NOTE
    error.est : <anonymous>: no visible global function definition for
     ‘median’
    holm.robust: no visible global function definition for ‘pnorm’
    holm.robust: no visible global function definition for ‘median’
    holm.robust: no visible global function definition for ‘mad’
    huberize: no visible global function definition for ‘quantile’
    ssvd.initial: no visible global function definition for ‘mad’
    ssvd.iter.thresh: no visible global function definition for ‘mad’
    Undefined global functions or variables:
     mad median pnorm quantile
    Consider adding
     importFrom("stats", "mad", "median", "pnorm", "quantile")
    to your NAMESPACE file.
Flavors: r-devel-linux-x86_64-debian-gcc, r-devel-linux-x86_64-fedora-clang, r-devel-linux-x86_64-fedora-gcc, r-devel-osx-x86_64-clang, r-devel-windows-ix86+x86_64, r-patched-linux-x86_64, r-patched-solaris-sparc, r-patched-solaris-x86