CRAN Package Check Results for Package ssvd

Last updated on 2016-08-30 23:47:49.

Flavor Version Tinstall Tcheck Ttotal Status Flags
r-devel-linux-x86_64-debian-clang 1.0 0.52 9.34 9.85 NOTE
r-devel-linux-x86_64-debian-gcc 1.0 0.59 9.07 9.65 NOTE
r-devel-linux-x86_64-fedora-clang 1.0 16.39 NOTE
r-devel-linux-x86_64-fedora-gcc 1.0 15.14 NOTE
r-devel-osx-x86_64-clang 1.0 14.88 NOTE
r-devel-windows-ix86+x86_64 1.0 5.00 52.00 57.00 NOTE
r-patched-linux-x86_64 1.0 0.54 9.35 9.89 NOTE
r-patched-solaris-sparc 1.0 93.70 NOTE
r-patched-solaris-x86 1.0 21.90 NOTE
r-release-linux-x86_64 1.0 0.58 9.17 9.75 NOTE
r-release-osx-x86_64-mavericks 1.0 NOTE
r-release-windows-ix86+x86_64 1.0 3.00 31.00 34.00 NOTE
r-oldrel-windows-ix86+x86_64 1.0 2.00 29.00 31.00 NOTE

Check Details

Version: 1.0
Check: DESCRIPTION meta-information
Result: NOTE
    Malformed Description field: should contain one or more complete sentences.
Flavors: r-devel-linux-x86_64-debian-clang, r-devel-linux-x86_64-debian-gcc, r-devel-linux-x86_64-fedora-clang, r-devel-linux-x86_64-fedora-gcc, r-devel-osx-x86_64-clang, r-devel-windows-ix86+x86_64, r-patched-linux-x86_64, r-patched-solaris-sparc, r-patched-solaris-x86, r-release-linux-x86_64, r-release-osx-x86_64-mavericks, r-release-windows-ix86+x86_64, r-oldrel-windows-ix86+x86_64

Version: 1.0
Check: R code for possible problems
Result: NOTE
    error.est : <anonymous>: no visible global function definition for
     ‘median’
    holm.robust: no visible global function definition for ‘pnorm’
    holm.robust: no visible global function definition for ‘median’
    holm.robust: no visible global function definition for ‘mad’
    huberize: no visible global function definition for ‘quantile’
    ssvd.initial: no visible global function definition for ‘mad’
    ssvd.iter.thresh: no visible global function definition for ‘mad’
    Undefined global functions or variables:
     mad median pnorm quantile
    Consider adding
     importFrom("stats", "mad", "median", "pnorm", "quantile")
    to your NAMESPACE file.
Flavors: r-devel-linux-x86_64-debian-clang, r-devel-linux-x86_64-debian-gcc, r-devel-linux-x86_64-fedora-clang, r-devel-linux-x86_64-fedora-gcc, r-devel-osx-x86_64-clang, r-devel-windows-ix86+x86_64, r-patched-linux-x86_64, r-patched-solaris-sparc, r-patched-solaris-x86, r-release-linux-x86_64, r-release-osx-x86_64-mavericks, r-release-windows-ix86+x86_64