CRAN Package Check Results for Package ssvd

Last updated on 2015-09-01 12:48:32.

Flavor Version Tinstall Tcheck Ttotal Status Flags
r-devel-linux-x86_64-debian-clang 1.0 0.55 8.35 8.90 NOTE
r-devel-linux-x86_64-debian-gcc 1.0 0.47 8.56 9.03 NOTE
r-devel-linux-x86_64-fedora-clang 1.0 17.04 NOTE
r-devel-linux-x86_64-fedora-gcc 1.0 16.00 NOTE
r-devel-osx-x86_64-clang 1.0 17.23 NOTE
r-devel-windows-ix86+x86_64 1.0 3.00 18.00 21.00 NOTE
r-patched-linux-x86_64 1.0 0.55 9.47 10.02 NOTE
r-patched-solaris-sparc 1.0 125.50 NOTE
r-patched-solaris-x86 1.0 27.80 NOTE
r-release-linux-x86_64 1.0 0.52 9.10 9.62 NOTE
r-release-osx-x86_64-mavericks 1.0 NOTE
r-release-windows-ix86+x86_64 1.0 5.00 16.00 21.00 NOTE
r-oldrel-windows-ix86+x86_64 1.0 4.00 16.00 20.00 OK

Check Details

Version: 1.0
Check: DESCRIPTION meta-information
Result: NOTE
    Malformed Description field: should contain one or more complete sentences.
Flavors: r-devel-linux-x86_64-debian-clang, r-devel-linux-x86_64-debian-gcc, r-devel-linux-x86_64-fedora-clang, r-devel-linux-x86_64-fedora-gcc, r-devel-osx-x86_64-clang, r-devel-windows-ix86+x86_64, r-patched-linux-x86_64, r-patched-solaris-sparc, r-patched-solaris-x86, r-release-linux-x86_64, r-release-osx-x86_64-mavericks, r-release-windows-ix86+x86_64

Version: 1.0
Check: R code for possible problems
Result: NOTE
    error.est : <anonymous>: no visible global function definition for
     ‘median’
    holm.robust: no visible global function definition for ‘pnorm’
    holm.robust: no visible global function definition for ‘median’
    holm.robust: no visible global function definition for ‘mad’
    huberize: no visible global function definition for ‘quantile’
    ssvd.initial: no visible global function definition for ‘mad’
    ssvd.iter.thresh: no visible global function definition for ‘mad’
    Undefined global functions or variables:
     mad median pnorm quantile
    Consider adding
     importFrom("stats", "mad", "median", "pnorm", "quantile")
    to your NAMESPACE.
Flavors: r-devel-linux-x86_64-debian-clang, r-devel-linux-x86_64-debian-gcc, r-devel-linux-x86_64-fedora-clang, r-devel-linux-x86_64-fedora-gcc, r-devel-windows-ix86+x86_64