CRAN Package Check Results for Package ssvd

Last updated on 2014-04-23 12:48:29.

Flavor Version Tinstall Tcheck Ttotal Status Flags
r-devel-linux-x86_64-debian-clang 1.0 0.54 9.70 10.24 OK
r-devel-linux-x86_64-debian-gcc 1.0 0.54 9.28 9.82 OK
r-devel-linux-x86_64-fedora-clang 1.0 19.83 OK
r-devel-linux-x86_64-fedora-gcc 1.0 19.34 OK
r-devel-osx-x86_64-clang 1.0 22.67 OK
r-devel-osx-x86_64-gcc 1.0 OK
r-devel-windows-ix86+x86_64 1.0 2.00 16.00 18.00 OK
r-patched-linux-x86_64 1.0 0.58 9.26 9.83 OK
r-patched-solaris-sparc 1.0 112.80 OK
r-patched-solaris-x86 1.0 28.90 OK
r-release-linux-ix86 1.0 1.00 21.00 22.00 OK
r-release-linux-x86_64 1.0 0.54 9.45 9.99 OK
r-release-osx-x86_64-mavericks 1.0 WARN
r-release-windows-ix86+x86_64 1.0 4.00 15.00 19.00 OK
r-oldrel-windows-ix86+x86_64 1.0 2.00 16.00 18.00 OK

Check Details

Version: 1.0
Check: PDF version of manual
Result: WARNING
    LaTeX errors when creating PDF version.
    This typically indicates Rd problems.
    LaTeX errors found:
    ! LaTeX Error: File `upquote.sty' not found.
    
    Type X to quit or <RETURN> to proceed,
    or enter new name. (Default extension: sty)
    
    3846e4c/Rd2.tex:8: ==> Fatal error occurred, no output PDF file produced!
Flavor: r-release-osx-x86_64-mavericks